000
CDUS45 KVEF 260826
CLIBIH


CLIMATE REPORT
NATIONAL WEATHER SERVICE LAS VEGAS, NV
1226 AM PST MON JAN 26 2015


...................................

...THE BISHOP CA CLIMATE SUMMARY FOR JANUARY 25 2015...

CLIMATE NORMAL PERIOD 1981 TO 2010
CLIMATE RECORD PERIOD 1943 TO 2015


WEATHER ITEM   OBSERVED TIME   RECORD YEAR NORMAL DEPARTURE LAST
                VALUE   (LST)  VALUE       VALUE  FROM      YEAR
                                                  NORMAL
..................................................................
TEMPERATURE (F)
 YESTERDAY
  MAXIMUM         76R   324 PM  71    1984  55     21       65
  MINIMUM         29    731 AM   0    1949  24      5       29
  AVERAGE         53                        39     14       47

PRECIPITATION (IN)
  YESTERDAY        0.00          2.33 1969   0.02  -0.02     0.00
  MONTH TO DATE    0.00                      0.90  -0.90     0.00
  SINCE OCT 1      0.46                      2.52  -2.06     0.22
  SINCE JAN 1      0.00                      0.90  -0.90     0.00

SNOWFALL (IN)
  YESTERDAY        0.0          10.5  1969   0.2   -0.2      0.0
  MONTH TO DATE    0.0                       3.5   -3.5      0.0
  SINCE DEC 1      0.0                       4.8   -4.8      0.5
  SINCE JUL 1      0.0                       5.2   -5.2      0.5
  SNOW DEPTH       0

DEGREE DAYS
 HEATING
  YESTERDAY       12                        26    -14       18
  MONTH TO DATE  532                       668   -136      509
  SINCE DEC 1   1293                      1514   -221     1314
  SINCE JUL 1   1944                      2415   -471     2317

 COOLING
  YESTERDAY        0                         0      0        0
  MONTH TO DATE    0                         0      0        0
  SINCE DEC 1      0                         0      0        0
  SINCE JAN 1      0                         0      0        0
..................................................................


WIND (MPH)
  RESULTANT WIND SPEED   2   RESULTANT WIND DIRECTION  NW (300)
  HIGHEST WIND SPEED    15   HIGHEST WIND DIRECTION     S (180)
  HIGHEST GUST SPEED    20   HIGHEST GUST DIRECTION     S (180)
  AVERAGE WIND SPEED     6.1


SKY COVER
  POSSIBLE SUNSHINE  MM
  AVERAGE SKY COVER 0.0


WEATHER CONDITIONS
 THE FOLLOWING WEATHER WAS RECORDED YESTERDAY.
  NO SIGNIFICANT WEATHER WAS OBSERVED.


RELATIVE HUMIDITY (PERCENT)
 HIGHEST    47           600 AM
 LOWEST     11           300 PM
 AVERAGE    29

..........................................................


THE BISHOP CA CLIMATE NORMALS FOR TODAY
                         NORMAL    RECORD    YEAR
 MAXIMUM TEMPERATURE (F)   55        72      1951
 MINIMUM TEMPERATURE (F)   24         4      1949


SUNRISE AND SUNSET
JANUARY 26 2015.......SUNRISE   701 AM PST   SUNSET   511 PM PST
JANUARY 27 2015.......SUNRISE   701 AM PST   SUNSET   512 PM PST


-  INDICATES NEGATIVE NUMBERS.
R  INDICATES RECORD WAS SET OR TIED.
MM INDICATES DATA IS MISSING.
T  INDICATES TRACE AMOUNT.




$$
