000
CDUS45 KVEF 190025
CLIBIH


CLIMATE REPORT
NATIONAL WEATHER SERVICE LAS VEGAS, NV
525 PM PDT FRI APR 18 2014


...................................

...THE BISHOP CA CLIMATE SUMMARY FOR APRIL 18 2014...
VALID TODAY AS OF 0500 PM LOCAL TIME.

CLIMATE NORMAL PERIOD 1981 TO 2010
CLIMATE RECORD PERIOD 1943 TO 2014


WEATHER ITEM   OBSERVED RECORD YEAR NORMAL DEPARTURE LAST
                VALUE   VALUE       VALUE  FROM      YEAR
                                           NORMAL
...........................................................
TEMPERATURE (F)
 TODAY
  MAXIMUM         83     91    1989  73     10       71
  MINIMUM         50     22    2002  37     13       27
  AVERAGE         67

PRECIPITATION (IN)
  TODAY            0.00   0.57 1956   0.00   0.00     0.00
  MONTH TO DATE    0.07               0.18  -0.11      T
  SINCE OCT 1      2.24               4.23  -1.99     1.23
  SINCE JAN 1      2.02               2.61  -0.59      T

SNOWFALL (IN)
  TODAY            0.0    T    1957   0.0    0.0      0.0
  MONTH TO DATE    0.1                0.0    0.1      0.0
  SINCE MAR 1      0.1                0.9   -0.8      0.0
  SINCE JUL 1      0.6                6.8   -6.2      2.8
  SNOW DEPTH       0

DEGREE DAYS
 HEATING
  TODAY            0                 10    -10       16
  MONTH TO DATE  132                218    -86      176
  SINCE MAR 1    567                734   -167      542
  SINCE JUL 1   3517               3941   -424     3749

 COOLING
  TODAY            2                  0      2        0
  MONTH TO DATE    4                  0      4        1
  SINCE MAR 1      4                  0      4        1
  SINCE JAN 1      4                  0      4        1
...........................................................


WIND (MPH)
  RESULTANT WIND SPEED   0   RESULTANT WIND DIRECTION  SW (210)
  HIGHEST WIND SPEED    21   HIGHEST WIND DIRECTION     S (170)
  HIGHEST GUST SPEED    31   HIGHEST GUST DIRECTION     S (160)
  AVERAGE WIND SPEED     6.5


SKY COVER
  POSSIBLE SUNSHINE  MM
  AVERAGE SKY COVER 0.0


WEATHER CONDITIONS
 THE FOLLOWING WEATHER WAS RECORDED TODAY.
  NO SIGNIFICANT WEATHER WAS OBSERVED.


RELATIVE HUMIDITY (PERCENT)
 HIGHEST    44           300 AM
 LOWEST     13           200 PM
 AVERAGE    29

..........................................................


THE BISHOP CA CLIMATE NORMALS FOR TOMORROW
                         NORMAL    RECORD    YEAR
 MAXIMUM TEMPERATURE (F)   74        89      1989
 MINIMUM TEMPERATURE (F)   37        19      2007


SUNRISE AND SUNSET
APRIL 18 2014.........SUNRISE   615 AM PDT   SUNSET   731 PM PDT
APRIL 19 2014.........SUNRISE   613 AM PDT   SUNSET   732 PM PDT


-  INDICATES NEGATIVE NUMBERS.
R  INDICATES RECORD WAS SET OR TIED.
MM INDICATES DATA IS MISSING.
T  INDICATES TRACE AMOUNT.




$$
