000
CDUS45 KVEF 240827
CLIBIH


CLIMATE REPORT
NATIONAL WEATHER SERVICE LAS VEGAS, NV
127 AM PDT SAT JUN 24 2017


...................................

...THE BISHOP CA CLIMATE SUMMARY FOR JUNE 23 2017...

CLIMATE NORMAL PERIOD 1981 TO 2010
CLIMATE RECORD PERIOD 1943 TO 2017


WEATHER ITEM   OBSERVED TIME   RECORD YEAR NORMAL DEPARTURE LAST
                VALUE   (LST)  VALUE       VALUE  FROM      YEAR
                                                  NORMAL
..................................................................
TEMPERATURE (F)
 YESTERDAY
  MAXIMUM        103    428 PM 104    1961  94      9      103
                                      1954
  MINIMUM         67    508 AM  43    2005  53     14       54
                                      1966
  AVERAGE         85                        74     11       79

PRECIPITATION (IN)
  YESTERDAY        0.00          0.04 1977   0.00   0.00     0.00
  MONTH TO DATE    0.00                      0.15  -0.15     0.50
  SINCE OCT 1      9.16                      4.65   4.51     3.88
  SINCE JAN 1      8.80                      3.03   5.77     3.07

SNOWFALL (IN)
  YESTERDAY        0.0          MM      MM   0.0    0.0      0.0
  MONTH TO DATE    0.0                       0.0    0.0      0.0
  SINCE JUN 1      0.0                       0.0    0.0      0.0
  SINCE JUL 1      8.6                       8.0    0.6      2.0
  SNOW DEPTH       0

DEGREE DAYS
 HEATING
  YESTERDAY        0                         0      0        0
  MONTH TO DATE   14                        17     -3        3
  SINCE JUN 1     14                        17     -3        3
  SINCE JUL 1   3797                      4175   -378     3757

 COOLING
  YESTERDAY       20                         9     11       14
  MONTH TO DATE  234                       145     89      243
  SINCE JUN 1    234                       145     89      243
  SINCE JAN 1    291                       213     78      290
..................................................................


WIND (MPH)
  RESULTANT WIND SPEED   4   RESULTANT WIND DIRECTION  NW (330)
  HIGHEST WIND SPEED    16   HIGHEST WIND DIRECTION     W (260)
  HIGHEST GUST SPEED    19   HIGHEST GUST DIRECTION     W (260)
  AVERAGE WIND SPEED     6.1


SKY COVER
  POSSIBLE SUNSHINE  MM
  AVERAGE SKY COVER 0.0


WEATHER CONDITIONS
 THE FOLLOWING WEATHER WAS RECORDED YESTERDAY.
  NO SIGNIFICANT WEATHER WAS OBSERVED.


RELATIVE HUMIDITY (PERCENT)
 HIGHEST    35           500 AM
 LOWEST      7           200 PM
 AVERAGE    21

..........................................................


THE BISHOP CA CLIMATE NORMALS FOR TODAY
                         NORMAL    RECORD    YEAR
 MAXIMUM TEMPERATURE (F)   95       105      1961
                                             1954
 MINIMUM TEMPERATURE (F)   53        42      1944


SUNRISE AND SUNSET
JUNE 24 2017..........SUNRISE   534 AM PDT   SUNSET   818 PM PDT
JUNE 25 2017..........SUNRISE   534 AM PDT   SUNSET   818 PM PDT


-  INDICATES NEGATIVE NUMBERS.
R  INDICATES RECORD WAS SET OR TIED.
MM INDICATES DATA IS MISSING.
T  INDICATES TRACE AMOUNT.




$$
