000
CDUS45 KVEF 270027
CLIBIH


CLIMATE REPORT
NATIONAL WEATHER SERVICE LAS VEGAS, NV
527 PM PDT WED APR 26 2017


...................................

...THE BISHOP CA CLIMATE SUMMARY FOR APRIL 26 2017...
VALID TODAY AS OF 0500 PM LOCAL TIME.

CLIMATE NORMAL PERIOD 1981 TO 2010
CLIMATE RECORD PERIOD 1943 TO 2017


WEATHER ITEM   OBSERVED RECORD YEAR NORMAL DEPARTURE LAST
                VALUE   VALUE       VALUE  FROM      YEAR
                                           NORMAL
...........................................................
TEMPERATURE (F)
 TODAY
  MAXIMUM         81     90    2000  76      5       72
                               1996
  MINIMUM         45     21    1984  39      6       43
  AVERAGE         63

PRECIPITATION (IN)
  TODAY            0.00   0.06 1951   0.01  -0.01     0.00
                               1947
  MONTH TO DATE    0.92               0.24   0.68     1.03
  SINCE OCT 1      8.81               4.29   4.52     3.03
  SINCE JAN 1      8.45               2.67   5.78     2.22

SNOWFALL (IN)
  TODAY            0.0    T    1994   0.0    0.0      0.0
  MONTH TO DATE    0.0                0.1   -0.1      0.0
  SINCE MAR 1      T                  0.6   -0.6       T
  SINCE JUL 1      8.6                8.0    0.6      2.0
  SNOW DEPTH       0

DEGREE DAYS
 HEATING
  TODAY            2                  8     -6        7
  MONTH TO DATE  243                290    -47      172
  SINCE MAR 1    652                806   -154      567
  SINCE JUL 1   3652               4013   -361     3623

 COOLING
  TODAY            0                  0      0        0
  MONTH TO DATE    0                  0      0        0
  SINCE MAR 1      0                  0      0        0
  SINCE JAN 1      0                  0      0        0
...........................................................


WIND (MPH)
  RESULTANT WIND SPEED   5   RESULTANT WIND DIRECTION   N (10)
  HIGHEST WIND SPEED    30   HIGHEST WIND DIRECTION     N (350)
  HIGHEST GUST SPEED    36   HIGHEST GUST DIRECTION     N (360)
  AVERAGE WIND SPEED     8.5


SKY COVER
  POSSIBLE SUNSHINE  MM
  AVERAGE SKY COVER 0.4


WEATHER CONDITIONS
 THE FOLLOWING WEATHER WAS RECORDED TODAY.
  NO SIGNIFICANT WEATHER WAS OBSERVED.


RELATIVE HUMIDITY (PERCENT)
 HIGHEST    71           600 AM
 LOWEST     17           300 PM
 AVERAGE    44

..........................................................


THE BISHOP CA CLIMATE NORMALS FOR TOMORROW
                         NORMAL    RECORD    YEAR
 MAXIMUM TEMPERATURE (F)   76        90      1949
 MINIMUM TEMPERATURE (F)   39        23      1955


SUNRISE AND SUNSET
APRIL 26 2017.........SUNRISE   604 AM PDT   SUNSET   739 PM PDT
APRIL 27 2017.........SUNRISE   603 AM PDT   SUNSET   740 PM PDT


-  INDICATES NEGATIVE NUMBERS.
R  INDICATES RECORD WAS SET OR TIED.
MM INDICATES DATA IS MISSING.
T  INDICATES TRACE AMOUNT.




$$
