000
CDUS45 KVEF 160826
CLIBIH


CLIMATE REPORT
NATIONAL WEATHER SERVICE LAS VEGAS, NV
126 AM PDT WED AUG 16 2017


...................................

...THE BISHOP CA CLIMATE SUMMARY FOR AUGUST 15 2017...

CLIMATE NORMAL PERIOD 1981 TO 2010
CLIMATE RECORD PERIOD 1943 TO 2017


WEATHER ITEM   OBSERVED TIME   RECORD YEAR NORMAL DEPARTURE LAST
                VALUE   (LST)  VALUE       VALUE  FROM      YEAR
                                                  NORMAL
..................................................................
TEMPERATURE (F)
 YESTERDAY
  MAXIMUM         95    337 PM 105    2002  97     -2      101
                                      1994
  MINIMUM         56    558 AM  40    1954  54      2       57
  AVERAGE         76                        75      1       79

PRECIPITATION (IN)
  YESTERDAY        0.00          0.26 2005   0.00   0.00     0.00
  MONTH TO DATE    0.02                      0.06  -0.04     0.00
  SINCE OCT 1      9.18                      4.91   4.27     3.88
  SINCE JAN 1      8.82                      3.29   5.53     3.07

SNOWFALL (IN)
  YESTERDAY        0.0          MM      MM   0.0    0.0      0.0
  MONTH TO DATE    0.0                       0.0    0.0      0.0
  SINCE JUN 1      0.0                       0.0    0.0      0.0
  SINCE JUL 1      0.0                       0.0    0.0      0.0
  SNOW DEPTH       0

DEGREE DAYS
 HEATING
  YESTERDAY        0                         0      0        0
  MONTH TO DATE    0                         0      0        0
  SINCE JUN 1     14                        20     -6        3
  SINCE JUL 1      0                         1     -1        0

 COOLING
  YESTERDAY       11                        10      1       14
  MONTH TO DATE  192                       171     21      185
  SINCE JUN 1   1023                       767    256     1004
  SINCE JAN 1   1080                       835    245     1051
..................................................................


WIND (MPH)
  RESULTANT WIND SPEED   3   RESULTANT WIND DIRECTION   S (170)
  HIGHEST WIND SPEED    18   HIGHEST WIND DIRECTION     S (160)
  HIGHEST GUST SPEED    25   HIGHEST GUST DIRECTION    SE (150)
  AVERAGE WIND SPEED     7.6


SKY COVER
  POSSIBLE SUNSHINE  MM
  AVERAGE SKY COVER 0.0


WEATHER CONDITIONS
 THE FOLLOWING WEATHER WAS RECORDED YESTERDAY.
  NO SIGNIFICANT WEATHER WAS OBSERVED.


RELATIVE HUMIDITY (PERCENT)
 HIGHEST    61           600 AM
 LOWEST     12           300 PM
 AVERAGE    37

..........................................................


THE BISHOP CA CLIMATE NORMALS FOR TODAY
                         NORMAL    RECORD    YEAR
 MAXIMUM TEMPERATURE (F)   97       106      1994
 MINIMUM TEMPERATURE (F)   54        41      1976


SUNRISE AND SUNSET
AUGUST 16 2017........SUNRISE   611 AM PDT   SUNSET   744 PM PDT
AUGUST 17 2017........SUNRISE   612 AM PDT   SUNSET   743 PM PDT


-  INDICATES NEGATIVE NUMBERS.
R  INDICATES RECORD WAS SET OR TIED.
MM INDICATES DATA IS MISSING.
T  INDICATES TRACE AMOUNT.




$$
