000
CDUS45 KVEF 010027
CLIBIH


CLIMATE REPORT
NATIONAL WEATHER SERVICE LAS VEGAS, NV
527 PM PDT SUN AUG 31 2014


...................................

...THE BISHOP CA CLIMATE SUMMARY FOR AUGUST 31 2014...
VALID TODAY AS OF 0500 PM LOCAL TIME.

CLIMATE NORMAL PERIOD 1981 TO 2010
CLIMATE RECORD PERIOD 1943 TO 2014


WEATHER ITEM   OBSERVED RECORD YEAR NORMAL DEPARTURE LAST
                VALUE   VALUE       VALUE  FROM      YEAR
                                           NORMAL
...........................................................
TEMPERATURE (F)
 TODAY
  MAXIMUM         99    103    1976  93      6       95
                               1955
                               1950
  MINIMUM         54     40    1946  51      3       63
  AVERAGE         77

PRECIPITATION (IN)
  TODAY            0.00   0.02 1998   0.00   0.00      T
  MONTH TO DATE    0.20               0.13   0.07     0.16
  SINCE OCT 1      2.83               4.99  -2.16     2.34
  SINCE JAN 1      2.61               3.37  -0.76     1.11

SNOWFALL (IN)
  TODAY            0.0   MM      MM   0.0    0.0      0.0
  MONTH TO DATE    0.0                0.0    0.0      0.0
  SINCE JUN 1      0.0                0.0    0.0      0.0
  SINCE JUL 1      0.0                0.0    0.0      0.0
  SNOW DEPTH      MM

DEGREE DAYS
 HEATING
  TODAY            0                  0      0        0
  MONTH TO DATE    0                  0      0        0
  SINCE JUN 1      0                 21    -21        0
  SINCE JUL 1      0                  2     -2        0

 COOLING
  TODAY           12                  7      5       14
  MONTH TO DATE  302                313    -11      294
  SINCE JUN 1   1062                909    153     1079
  SINCE JAN 1   1147                977    170     1165
...........................................................


WIND (MPH)
  RESULTANT WIND SPEED   2   RESULTANT WIND DIRECTION  NW (330)
  HIGHEST WIND SPEED    15   HIGHEST WIND DIRECTION     S (160)
  HIGHEST GUST SPEED    19   HIGHEST GUST DIRECTION     S (180)
  AVERAGE WIND SPEED     6.6


SKY COVER
  POSSIBLE SUNSHINE  MM
  AVERAGE SKY COVER 0.0


WEATHER CONDITIONS
 THE FOLLOWING WEATHER WAS RECORDED TODAY.
  NO SIGNIFICANT WEATHER WAS OBSERVED.


RELATIVE HUMIDITY (PERCENT)
 HIGHEST    30           500 AM
 LOWEST      5           100 PM
 AVERAGE    18

..........................................................


THE BISHOP CA CLIMATE NORMALS FOR TOMORROW
                         NORMAL    RECORD    YEAR
 MAXIMUM TEMPERATURE (F)   93       104      1950
 MINIMUM TEMPERATURE (F)   51        39      1999


SUNRISE AND SUNSET
AUGUST 31 2014........SUNRISE   623 AM PDT   SUNSET   724 PM PDT
SEPTEMBER  1 2014.....SUNRISE   624 AM PDT   SUNSET   722 PM PDT


-  INDICATES NEGATIVE NUMBERS.
R  INDICATES RECORD WAS SET OR TIED.
MM INDICATES DATA IS MISSING.
T  INDICATES TRACE AMOUNT.




$$
