000
CDUS45 KBYZ 232223
CLIBIL


CLIMATE REPORT
NATIONAL WEATHER SERVICE BILLINGS MT
422 PM MDT WED APR 23 2014


...................................

...THE BILLINGS MT CLIMATE SUMMARY FOR APRIL 23 2014...
VALID TODAY AS OF 0400 PM LOCAL TIME.

CLIMATE NORMAL PERIOD 1981 TO 2010
CLIMATE RECORD PERIOD 1934 TO 2014


WEATHER ITEM   OBSERVED TIME   RECORD YEAR NORMAL DEPARTURE LAST
                VALUE   (LST)  VALUE       VALUE  FROM      YEAR
                                                  NORMAL
..................................................................
TEMPERATURE (F)
 TODAY
  MAXIMUM         56    259 PM  87    2012  60     -4       51
  MINIMUM         43    741 AM  20    2013  37      6       20
                                      1967
  AVERAGE         50                        48      2       36

PRECIPITATION (IN)
  TODAY            T             1.59 1957   0.05  -0.05     0.00
  MONTH TO DATE    0.26                      1.22  -0.96     1.02
  SINCE OCT 1      9.55                      5.55   4.00     4.21
  SINCE JAN 1      4.66                      3.24   1.42     2.16

SNOWFALL (IN)
  TODAY            0.0           4.5  1961   0.2   -0.2      0.0
  MONTH TO DATE    0.6                       6.9   -6.3      5.6
  SINCE MAR 1     11.2                      17.1   -5.9      8.3
  SINCE JUL 1    101.4                      51.6   49.8     40.4
  SNOW DEPTH       0

DEGREE DAYS
 HEATING
  TODAY           15                        17     -2       29
  MONTH TO DATE  428                       459    -31      609
  SINCE MAR 1   1395                      1304     91     1451
  SINCE JUL 1   6668                      6269    399     6012

 COOLING
  TODAY            0                         0      0        0
  MONTH TO DATE    0                         0      0        0
  SINCE MAR 1      0                         0      0        0
  SINCE JAN 1      0                         0      0        0
..................................................................


WIND (MPH)
  HIGHEST WIND SPEED    36   HIGHEST WIND DIRECTION     W (280)
  HIGHEST GUST SPEED    47   HIGHEST GUST DIRECTION     W (280)
  AVERAGE WIND SPEED    23.7


SKY COVER
  POSSIBLE SUNSHINE  MM
  AVERAGE SKY COVER 0.8


WEATHER CONDITIONS
 THE FOLLOWING WEATHER WAS RECORDED TODAY.
  LIGHT RAIN


RELATIVE HUMIDITY (PERCENT)
 HIGHEST    71           300 AM
 LOWEST     20           200 PM
 AVERAGE    46

..........................................................


THE BILLINGS MT CLIMATE NORMALS FOR TOMORROW
                         NORMAL    RECORD    YEAR
 MAXIMUM TEMPERATURE (F)   60        86      2012
 MINIMUM TEMPERATURE (F)   37        22      1967


SUNRISE AND SUNSET
APRIL 23 2014.........SUNRISE   614 AM MDT   SUNSET   811 PM MDT
APRIL 24 2014.........SUNRISE   613 AM MDT   SUNSET   813 PM MDT


-  INDICATES NEGATIVE NUMBERS.
R  INDICATES RECORD WAS SET OR TIED.
MM INDICATES DATA IS MISSING.
T  INDICATES TRACE AMOUNT.




$$
