000
CDUS45 KBYZ 231716
CLIBIL


CLIMATE REPORT
NATIONAL WEATHER SERVICE BILLINGS MT
1116 AM MDT THU MAR 23 2017


...................................

...THE BILLINGS MT CLIMATE SUMMARY FOR MARCH 23 2017...
VALID AS OF 1100 AM LOCAL TIME.

CLIMATE NORMAL PERIOD 1981 TO 2010
CLIMATE RECORD PERIOD 1934 TO 2017


WEATHER ITEM   OBSERVED RECORD YEAR NORMAL DEPARTURE LAST
                VALUE   VALUE       VALUE  FROM      YEAR
                                           NORMAL
...........................................................
TEMPERATURE (F)
 TODAY
  MAXIMUM         48     77    1993  51     -3
  MINIMUM         43     -9    1965  29     14
  AVERAGE         46

PRECIPITATION (IN)
  TODAY            T      0.38 1994   0.03  -0.03     0.03
  MONTH TO DATE    1.23               0.71   0.52     0.28
  SINCE OCT 1      8.25               3.98   4.27     3.66
  SINCE JAN 1      2.69               1.67   1.02     0.81

...........................................................










-  INDICATES NEGATIVE NUMBERS.
R  INDICATES RECORD WAS SET OR TIED.
MM INDICATES DATA IS MISSING.
T  INDICATES TRACE AMOUNT.




$$
