000
CDUS45 KBYZ 300932
CLIBIL


CLIMATE REPORT
NATIONAL WEATHER SERVICE BILLINGS MT
331 AM MDT TUE AUG 30 2016


...................................

...THE BILLINGS MT CLIMATE SUMMARY FOR AUGUST 29 2016...

CLIMATE NORMAL PERIOD 1981 TO 2010
CLIMATE RECORD PERIOD 1934 TO 2016


WEATHER ITEM   OBSERVED TIME   RECORD YEAR NORMAL DEPARTURE LAST
                VALUE   (LST)  VALUE       VALUE  FROM      YEAR
                                                  NORMAL
..................................................................
TEMPERATURE (F)
 YESTERDAY
  MAXIMUM         86    338 PM  97    2012  82      4       92
                                      2005
  MINIMUM         57    534 AM  44    1992  54      3       63
                                      1965
  AVERAGE         72                        68      4       78

PRECIPITATION (IN)
  YESTERDAY        0.00          0.80 1964   0.02  -0.02     0.00
  MONTH TO DATE    1.67                      0.69   0.98     0.91
  SINCE OCT 1     10.60                     12.30  -1.70    11.41
  SINCE JAN 1      7.75                      9.99  -2.24     9.84

SNOWFALL (IN)
  YESTERDAY        0.0           T    2010   0.0    0.0      0.0
  MONTH TO DATE    0.0                       0.0    0.0      0.0
  SINCE JUN 1      T                         0.0    0.0       T
  SINCE JUL 1      0.0                       0.0    0.0       T
  SNOW DEPTH       0

DEGREE DAYS
 HEATING
  YESTERDAY        0                         2     -2        0
  MONTH TO DATE   24                        16      8       42
  SINCE JUN 1     39                       127    -88       61
  SINCE JUL 1     28                        31     -3       43

 COOLING
  YESTERDAY        7                         5      2       13
  MONTH TO DATE  176                       214    -38      223
  SINCE JUN 1    647                       555     92      637
  SINCE JAN 1    658                       572     86      640
..................................................................


WIND (MPH)
  HIGHEST WIND SPEED    14   HIGHEST WIND DIRECTION     E (110)
  HIGHEST GUST SPEED    17   HIGHEST GUST DIRECTION     E (80)
  AVERAGE WIND SPEED     6.5


SKY COVER
  POSSIBLE SUNSHINE  MM
  AVERAGE SKY COVER 0.3


WEATHER CONDITIONS
 THE FOLLOWING WEATHER WAS RECORDED YESTERDAY.
  NO SIGNIFICANT WEATHER WAS OBSERVED.


RELATIVE HUMIDITY (PERCENT)
 HIGHEST    67           500 AM
 LOWEST     25           400 PM
 AVERAGE    46

..........................................................


THE BILLINGS MT CLIMATE NORMALS FOR TODAY
                         NORMAL    RECORD    YEAR
 MAXIMUM TEMPERATURE (F)   81       100      1954
 MINIMUM TEMPERATURE (F)   54        41      1993


SUNRISE AND SUNSET
AUGUST 30 2016........SUNRISE   633 AM MDT   SUNSET   755 PM MDT
AUGUST 31 2016........SUNRISE   635 AM MDT   SUNSET   753 PM MDT


-  INDICATES NEGATIVE NUMBERS.
R  INDICATES RECORD WAS SET OR TIED.
MM INDICATES DATA IS MISSING.
T  INDICATES TRACE AMOUNT.





&&

...THE CLIMATE SUMMARY FOR SOUTHWEST BILLINGS FOR 29 AUGUST 2016...

HIGH TEMPERATURE........................88
LOW TEMPERATURE.........................53

PRECIPITATION...........................0.00
MONTHLY PRECIPITATION TOTAL.............1.49
YEARLY PRECIPITATION TOTAL..............8.74

SNOWFALL................................0.0
MONTHLY SNOWFALL TOTAL..................0.0
TOTAL SNOWFALL SINCE JULY 1.............0.0

SNOW DEPTH AT MIDNIGHT..................0

$$
