634
CDUS45 KBYZ 181033
CLIBIL


CLIMATE REPORT
NATIONAL WEATHER SERVICE BILLINGS MT
332 AM MST WED JAN 18 2017


...................................

...THE BILLINGS MT CLIMATE SUMMARY FOR JANUARY 17 2017...

CLIMATE NORMAL PERIOD 1981 TO 2010
CLIMATE RECORD PERIOD 1934 TO 2017


WEATHER ITEM   OBSERVED TIME   RECORD YEAR NORMAL DEPARTURE LAST
                VALUE   (LST)  VALUE       VALUE  FROM      YEAR
                                                  NORMAL
..................................................................
TEMPERATURE (F)
 YESTERDAY
  MAXIMUM         37    405 PM  60    1958  37      0       15
  MINIMUM         23    156 AM -24    1943  18      5        7
  AVERAGE         30                        27      3       11

PRECIPITATION (IN)
  YESTERDAY        0.00          0.36 1963   0.01  -0.01     0.14
  MONTH TO DATE    0.30                      0.26   0.04     0.29
  SINCE OCT 1      5.86                      2.57   3.29     3.14
  SINCE JAN 1      0.30                      0.26   0.04     0.29

SNOWFALL (IN)
  YESTERDAY        0.0           4.6  1963   0.3   -0.3      2.4
  MONTH TO DATE    6.2                       4.8    1.4      6.1
  SINCE DEC 1     36.6                      13.0   23.6     19.8
  SINCE JUL 1     41.9                      24.7   17.2     23.9
  SNOW DEPTH       7

DEGREE DAYS
 HEATING
  YESTERDAY       35                        38     -3       54
  MONTH TO DATE  931                       653    278      687
  SINCE DEC 1   2358                      1846    512     1790
  SINCE JUL 1   3617                      3474    143     3178

 COOLING
  YESTERDAY        0                         0      0        0
  MONTH TO DATE    0                         0      0        0
  SINCE DEC 1      0                         0      0        0
  SINCE JAN 1      0                         0      0        0
..................................................................


WIND (MPH)
  HIGHEST WIND SPEED    36   HIGHEST WIND DIRECTION    SW (240)
  HIGHEST GUST SPEED    42   HIGHEST GUST DIRECTION    SW (230)
  AVERAGE WIND SPEED    25.6


SKY COVER
  POSSIBLE SUNSHINE  MM
  AVERAGE SKY COVER 0.3


WEATHER CONDITIONS
 THE FOLLOWING WEATHER WAS RECORDED YESTERDAY.
  NO SIGNIFICANT WEATHER WAS OBSERVED.


RELATIVE HUMIDITY (PERCENT)
 HIGHEST    60           500 AM
 LOWEST     40           400 PM
 AVERAGE    50

..........................................................


THE BILLINGS MT CLIMATE NORMALS FOR TODAY
                         NORMAL    RECORD    YEAR
 MAXIMUM TEMPERATURE (F)   37        62      2009
 MINIMUM TEMPERATURE (F)   18       -25      1943


SUNRISE AND SUNSET
JANUARY 18 2017.......SUNRISE   749 AM MST   SUNSET   501 PM MST
JANUARY 19 2017.......SUNRISE   748 AM MST   SUNSET   502 PM MST


-  INDICATES NEGATIVE NUMBERS.
R  INDICATES RECORD WAS SET OR TIED.
MM INDICATES DATA IS MISSING.
T  INDICATES TRACE AMOUNT.





&&

...THE CLIMATE SUMMARY FOR SOUTHWEST BILLINGS FOR 17 JANUARY 2017...

HIGH TEMPERATURE........................36
LOW TEMPERATURE.........................11

PRECIPITATION...........................0.00
MONTHLY PRECIPITATION TOTAL.............0.36
YEARLY PRECIPITATION TOTAL..............0.36

SNOWFALL................................0.0
MONTHLY SNOWFALL TOTAL..................6.1
TOTAL SNOWFALL SINCE JULY 1.............34.6

SNOW DEPTH AT MIDNIGHT..................9

$$
