000
CDUS45 KBYZ 030405
CLIBIL


CLIMATE REPORT
NATIONAL WEATHER SERVICE BILLINGS MT
904 PM MST FRI DEC 2 2016


...................................

...THE BILLINGS MT CLIMATE SUMMARY FOR DECEMBER 2 2016...
VALID AS OF 0900 PM LOCAL TIME.

CLIMATE NORMAL PERIOD 1981 TO 2010
CLIMATE RECORD PERIOD 1934 TO 2016


WEATHER ITEM   OBSERVED RECORD YEAR NORMAL DEPARTURE LAST
                VALUE   VALUE       VALUE  FROM      YEAR
                                           NORMAL
...........................................................
TEMPERATURE (F)
 TODAY
  MAXIMUM         41     63    1956  37      4
                               1939
  MINIMUM         27    -23    1985  20      7
  AVERAGE         34

PRECIPITATION (IN)
  TODAY            0.00   0.98 2013   0.02  -0.02     0.00
  MONTH TO DATE    T                  0.04  -0.04     0.00
  SINCE OCT 1      3.89               1.85   2.04     2.28
  SINCE JAN 1     13.22              13.20   0.02    12.39

...........................................................










-  INDICATES NEGATIVE NUMBERS.
R  INDICATES RECORD WAS SET OR TIED.
MM INDICATES DATA IS MISSING.
T  INDICATES TRACE AMOUNT.




$$
