000
CDUS45 KBYZ 200938
CLIBIL


CLIMATE REPORT
NATIONAL WEATHER SERVICE BILLINGS MT
337 AM MDT MON OCT 20 2014


...................................

...THE BILLINGS MT CLIMATE SUMMARY FOR OCTOBER 19 2014...

CLIMATE NORMAL PERIOD 1981 TO 2010
CLIMATE RECORD PERIOD 1934 TO 2014


WEATHER ITEM   OBSERVED TIME   RECORD YEAR NORMAL DEPARTURE LAST
                VALUE   (LST)  VALUE       VALUE  FROM      YEAR
                                                  NORMAL
..................................................................
TEMPERATURE (F)
 YESTERDAY
  MAXIMUM         74    306 PM  84    2003  58     16       61
  MINIMUM         41    738 AM  20    1949  36      5       39
  AVERAGE         58                        47     11       50

PRECIPITATION (IN)
  YESTERDAY        0.00          1.05 1957   0.04  -0.04      T
  MONTH TO DATE    0.16                      0.82  -0.66     2.29
  SINCE OCT 1      0.16                      0.82  -0.66     2.29
  SINCE JAN 1     12.62                     12.17   0.45    14.10

SNOWFALL (IN)
  YESTERDAY        0.0           3.8  1949   0.2   -0.2      0.0
  MONTH TO DATE    T                         2.4   -2.4      0.3
  SINCE SEP 1      T                         3.5   -3.5      0.3
  SINCE JUL 1      T                         3.5   -3.5      0.3
  SNOW DEPTH       0

DEGREE DAYS
 HEATING
  YESTERDAY        7                        18    -11       15
  MONTH TO DATE  176                       279   -103      378
  SINCE SEP 1    369                       471   -102      492
  SINCE JUL 1    417                       508    -91      492

 COOLING
  YESTERDAY        0                         0      0        0
  MONTH TO DATE    0                         0      0        0
  SINCE SEP 1     66                        51     15      103
  SINCE JAN 1    618                       633    -15      840
..................................................................


WIND (MPH)
  HIGHEST WIND SPEED    13   HIGHEST WIND DIRECTION    SW (230)
  HIGHEST GUST SPEED    16   HIGHEST GUST DIRECTION     W (270)
  AVERAGE WIND SPEED     6.1


SKY COVER
  POSSIBLE SUNSHINE  MM
  AVERAGE SKY COVER 0.0


WEATHER CONDITIONS
 THE FOLLOWING WEATHER WAS RECORDED YESTERDAY.
  NO SIGNIFICANT WEATHER WAS OBSERVED.


RELATIVE HUMIDITY (PERCENT)
 HIGHEST    70           600 AM
 LOWEST     22           400 PM
 AVERAGE    46

..........................................................


THE BILLINGS MT CLIMATE NORMALS FOR TODAY
                         NORMAL    RECORD    YEAR
 MAXIMUM TEMPERATURE (F)   58        82      1947
 MINIMUM TEMPERATURE (F)   36        20      1949


SUNRISE AND SUNSET
OCTOBER 20 2014.......SUNRISE   738 AM MDT   SUNSET   619 PM MDT
OCTOBER 21 2014.......SUNRISE   739 AM MDT   SUNSET   618 PM MDT


-  INDICATES NEGATIVE NUMBERS.
R  INDICATES RECORD WAS SET OR TIED.
MM INDICATES DATA IS MISSING.
T  INDICATES TRACE AMOUNT.





&&

...THE CLIMATE SUMMARY FOR SOUTHWEST BILLINGS FOR 19 OCTOBER 2014...

HIGH TEMPERATURE........................75
LOW TEMPERATURE.........................34

PRECIPITATION...........................0.00
MONTHLY PRECIPITATION TOTAL.............0.27
YEARLY PRECIPITATION TOTAL..............13.88

SNOWFALL................................0.0
MONTHLY SNOWFALL TOTAL..................0.0
TOTAL SNOWFALL SINCE JULY 1.............0.0

SNOW DEPTH AT MIDNIGHT..................0

$$
