000
CDUS45 KBYZ 280937
CLIBIL


CLIMATE REPORT
NATIONAL WEATHER SERVICE BILLINGS MT
333 AM MDT THU JUL 28 2016


...................................

...THE BILLINGS MT CLIMATE SUMMARY FOR JULY 27 2016...

CLIMATE NORMAL PERIOD 1981 TO 2010
CLIMATE RECORD PERIOD 1934 TO 2016


WEATHER ITEM   OBSERVED TIME   RECORD YEAR NORMAL DEPARTURE LAST
                VALUE   (LST)  VALUE       VALUE  FROM      YEAR
                                                  NORMAL
..................................................................
TEMPERATURE (F)
 YESTERDAY
  MAXIMUM         86    255 PM 103    1947  89     -3       78
                                      1935
  MINIMUM         60    446 AM  51    1981  60      0       53
                                      1963
  AVERAGE         73                        74     -1       66

PRECIPITATION (IN)
  YESTERDAY        T             0.81 1998   0.04  -0.04     0.74
  MONTH TO DATE    0.24                      1.18  -0.94     1.66
  SINCE OCT 1      8.72                     11.47  -2.75    10.50
  SINCE JAN 1      5.87                      9.16  -3.29     8.93

SNOWFALL (IN)
  YESTERDAY        0.0           T    2015   0.0    0.0       T
                                      1998
  MONTH TO DATE    0.0                       0.0    0.0       T
  SINCE JUN 1      T                         0.0    0.0       T
  SINCE JUL 1      0.0                       0.0    0.0       T
  SNOW DEPTH       0

DEGREE DAYS
 HEATING
  YESTERDAY        0                         0      0        0
  MONTH TO DATE    4                        12     -8        1
  SINCE JUN 1     15                       108    -93       19
  SINCE JUL 1      4                        12     -8        1

 COOLING
  YESTERDAY        8                        10     -2        1
  MONTH TO DATE  235                       218     17      216
  SINCE JUN 1    423                       303    120      389
  SINCE JAN 1    434                       320    114      392
..................................................................


WIND (MPH)
  HIGHEST WIND SPEED    36   HIGHEST WIND DIRECTION     N (20)
  HIGHEST GUST SPEED    52   HIGHEST GUST DIRECTION     N (20)
  AVERAGE WIND SPEED     8.5


SKY COVER
  POSSIBLE SUNSHINE  MM
  AVERAGE SKY COVER 0.5


WEATHER CONDITIONS
 THE FOLLOWING WEATHER WAS RECORDED YESTERDAY.
  THUNDERSTORM
  LIGHT RAIN


RELATIVE HUMIDITY (PERCENT)
 HIGHEST    90           500 AM
 LOWEST     30           300 PM
 AVERAGE    60

..........................................................


THE BILLINGS MT CLIMATE NORMALS FOR TODAY
                         NORMAL    RECORD    YEAR
 MAXIMUM TEMPERATURE (F)   89       103      2006
                                             1947
 MINIMUM TEMPERATURE (F)   60        48      1971
                                             1949


SUNRISE AND SUNSET
JULY 28 2016..........SUNRISE   553 AM MDT   SUNSET   847 PM MDT
JULY 29 2016..........SUNRISE   554 AM MDT   SUNSET   846 PM MDT


-  INDICATES NEGATIVE NUMBERS.
R  INDICATES RECORD WAS SET OR TIED.
MM INDICATES DATA IS MISSING.
T  INDICATES TRACE AMOUNT.





&&

...THE CLIMATE SUMMARY FOR SOUTHWEST BILLINGS FOR 27 JULY 2016...

HIGH TEMPERATURE........................91
LOW TEMPERATURE.........................60

PRECIPITATION...........................0.01
MONTHLY PRECIPITATION TOTAL.............0.59
YEARLY PRECIPITATION TOTAL..............6.92

SNOWFALL................................0.0
MONTHLY SNOWFALL TOTAL..................0.0
TOTAL SNOWFALL SINCE JULY 1.............0.0

SNOW DEPTH AT MIDNIGHT..................0

$$
