000
CDUS45 KBYZ 220100
CLIBIL


CLIMATE REPORT
NATIONAL WEATHER SERVICE BILLINGS MT
600 PM MST WED FEB 21 2018


...................................

...THE BILLINGS MT CLIMATE SUMMARY FOR FEBRUARY 21 2018...
VALID TODAY AS OF 0500 PM LOCAL TIME.

CLIMATE NORMAL PERIOD 1981 TO 2010
CLIMATE RECORD PERIOD 1934 TO 2018


WEATHER ITEM   OBSERVED TIME   RECORD YEAR NORMAL DEPARTURE LAST
                VALUE   (LST)  VALUE       VALUE  FROM      YEAR
                                                  NORMAL
..................................................................
TEMPERATURE (F)
 TODAY
  MAXIMUM         18    359 PM  71    1982  42    -24       62
  MINIMUM         -8    716 AM  -9    1957  21    -29       40
  AVERAGE          5                        32    -27       51

PRECIPITATION (IN)
  TODAY            0.00          0.30 1968   0.02  -0.02      T
  MONTH TO DATE    1.66                      0.34   1.32     0.55
  SINCE OCT 1      5.91                      3.13   2.78     6.74
  SINCE JAN 1      2.26                      0.82   1.44     1.18

DEGREE DAYS
 HEATING
  TODAY           60                        33     27       14
  MONTH TO DATE 1059                       742    317      726
  SINCE DEC 1   3485                      3110    375     3572
  SINCE JUL 1   5087                      4738    349     4831

 COOLING
  TODAY            0                         0      0        0
  MONTH TO DATE    0                         0      0        0
  SINCE DEC 1      0                         0      0        0
  SINCE JAN 1      0                         0      0        0
..................................................................


WIND (MPH)
  HIGHEST WIND SPEED    21   HIGHEST WIND DIRECTION    SW (240)
  HIGHEST GUST SPEED    23   HIGHEST GUST DIRECTION     W (250)
  AVERAGE WIND SPEED    11.0


SKY COVER
  POSSIBLE SUNSHINE  MM
  AVERAGE SKY COVER 0.3


WEATHER CONDITIONS
 THE FOLLOWING WEATHER WAS RECORDED TODAY.
  NO SIGNIFICANT WEATHER WAS OBSERVED.


RELATIVE HUMIDITY (PERCENT)
 HIGHEST    83           700 AM
 LOWEST     54           200 PM
 AVERAGE    69

..........................................................


THE BILLINGS MT CLIMATE NORMALS FOR TOMORROW
                         NORMAL    RECORD    YEAR
 MAXIMUM TEMPERATURE (F)   42        64      2002
                                             1958
 MINIMUM TEMPERATURE (F)   22       -13      1965


SUNRISE AND SUNSET
FEBRUARY 21 2018......SUNRISE   706 AM MST   SUNSET   550 PM MST
FEBRUARY 22 2018......SUNRISE   705 AM MST   SUNSET   551 PM MST


-  INDICATES NEGATIVE NUMBERS.
R  INDICATES RECORD WAS SET OR TIED.
MM INDICATES DATA IS MISSING.
T  INDICATES TRACE AMOUNT.




$$
