000
CDUS43 KBIS 250034
CLIBIS


CLIMATE REPORT
NATIONAL WEATHER SERVICE BISMARCK ND
633 PM CST SAT FEB 24 2018


...................................

...THE BISMARCK ND CLIMATE SUMMARY FOR FEBRUARY 24 2018...
VALID TODAY AS OF 0500 PM LOCAL TIME.

CLIMATE NORMAL PERIOD 1981 TO 2010
CLIMATE RECORD PERIOD 1875 TO 2018


WEATHER ITEM   OBSERVED TIME   RECORD YEAR NORMAL DEPARTURE LAST
                VALUE   (LST)  VALUE       VALUE  FROM      YEAR
                                                  NORMAL
..................................................................
TEMPERATURE (F)
 TODAY
  MAXIMUM         23    413 PM  55    1958  31     -8       32
  MINIMUM         -2    340 AM -28    1993  11    -13       15
  AVERAGE         11                        21    -10       24

PRECIPITATION (IN)
  TODAY            0.03          0.66 1930   0.02   0.01     0.00
  MONTH TO DATE    0.33                      0.41  -0.08     0.75
  SINCE DEC 1      1.17                      1.33  -0.16     3.44
  SINCE JAN 1      0.75                      0.84  -0.09     1.39

SNOWFALL (IN)
  TODAY            0.3           9.2  1930
  MONTH TO DATE    4.7
  SINCE DEC 1     16.5
  SINCE JUL 1     17.8

DEGREE DAYS
 HEATING
  TODAY           54                        44     10       41
  MONTH TO DATE 1409                      1143    266      996
  SINCE DEC 1   4412                      4275    137     4339
  SINCE JUL 1   6151                      6261   -110     5819

 COOLING
  TODAY            0                         0      0        0
  MONTH TO DATE    0                         0      0        0
  SINCE DEC 1      0                         0      0        0
  SINCE JAN 1      0                         0      0        0
..................................................................


WIND (MPH)
  RESULTANT WIND SPEED   4   RESULTANT WIND DIRECTION  SE (150)
  HIGHEST WIND SPEED    16   HIGHEST WIND DIRECTION     S (200)
  HIGHEST GUST SPEED    18   HIGHEST GUST DIRECTION     S (190)
  AVERAGE WIND SPEED     5.4


SKY COVER
  POSSIBLE SUNSHINE  MM
  AVERAGE SKY COVER 0.5


WEATHER CONDITIONS
 THE FOLLOWING WEATHER WAS RECORDED TODAY.
  LIGHT SNOW
  FOG


RELATIVE HUMIDITY (PERCENT)
 HIGHEST    95          1200 AM
 LOWEST     71           500 PM
 AVERAGE    83

..........................................................


THE BISMARCK ND CLIMATE NORMALS FOR TOMORROW
                         NORMAL    RECORD    YEAR
 MAXIMUM TEMPERATURE (F)   31        68      1958
 MINIMUM TEMPERATURE (F)   12       -28      1962


SUNRISE AND SUNSET
FEBRUARY 24 2018......SUNRISE   732 AM CST   SUNSET   621 PM CST
FEBRUARY 25 2018......SUNRISE   730 AM CST   SUNSET   623 PM CST


-  INDICATES NEGATIVE NUMBERS.
R  INDICATES RECORD WAS SET OR TIED.
MM INDICATES DATA IS MISSING.
T  INDICATES TRACE AMOUNT.




$$
