769
CDUS43 KBIS 060751
CLIBIS


CLIMATE REPORT
NATIONAL WEATHER SERVICE BISMARCK ND
150 AM CST TUE DEC 6 2016


...................................

...THE BISMARCK ND CLIMATE SUMMARY FOR DECEMBER 5 2016...

CLIMATE NORMAL PERIOD 1981 TO 2010
CLIMATE RECORD PERIOD 1875 TO 2016


WEATHER ITEM   OBSERVED TIME   RECORD YEAR NORMAL DEPARTURE LAST
                VALUE   (LST)  VALUE       VALUE  FROM      YEAR
                                                  NORMAL
..................................................................
TEMPERATURE (F)
 YESTERDAY
  MAXIMUM         32   1203 PM  60    1988  29      3       49
                                      1881
  MINIMUM         14   1159 PM -25    1880  10      4       24
  AVERAGE         23                        19      4       37

PRECIPITATION (IN)
  YESTERDAY        0.28          0.57 1960   0.01   0.27     0.00
  MONTH TO DATE    0.31                      0.08   0.23     0.15
  SINCE DEC 1      0.31                      0.08   0.23     0.15
  SINCE JAN 1     21.73                     17.44   4.29    16.97

SNOWFALL (IN)
  YESTERDAY        5.5 R         4.8  1960   0.2    5.3      0.0
  MONTH TO DATE    5.9                       1.4    4.5      1.9
  SINCE DEC 1      5.9                       1.4    4.5      1.9
  SINCE JUL 1     24.9                      12.6   12.3      3.7
  SNOW DEPTH       5

DEGREE DAYS
 HEATING
  YESTERDAY       42                        46     -4       28
  MONTH TO DATE  204                       224    -20      176
  SINCE DEC 1    204                       224    -20      176
  SINCE JUL 1   1684                      2210   -526     1761

 COOLING
  YESTERDAY        0                         0      0        0
  MONTH TO DATE    0                         0      0        0
  SINCE DEC 1      0                         0      0        0
  SINCE JAN 1    548                       520     28      622
..................................................................


WIND (MPH)
  HIGHEST WIND SPEED    37   HIGHEST WIND DIRECTION     W (290)
  HIGHEST GUST SPEED    49   HIGHEST GUST DIRECTION     W (290)
  AVERAGE WIND SPEED    17.3


SKY COVER
  POSSIBLE SUNSHINE  MM
  AVERAGE SKY COVER 1.0


WEATHER CONDITIONS
 THE FOLLOWING WEATHER WAS RECORDED YESTERDAY.
  HEAVY SNOW
  SNOW
  LIGHT SNOW
  FOG
  FOG W/VISIBILITY <= 1/4 MILE
  BLOWING SNOW


RELATIVE HUMIDITY (PERCENT)
 HIGHEST   100           300 PM
 LOWEST     80           800 PM
 AVERAGE    90

..........................................................


THE BISMARCK ND CLIMATE NORMALS FOR TODAY
                         NORMAL    RECORD    YEAR
 MAXIMUM TEMPERATURE (F)   29        66      1939
 MINIMUM TEMPERATURE (F)    9       -28      1972
                                             1950


SUNRISE AND SUNSET
DECEMBER  6 2016......SUNRISE   813 AM CST   SUNSET   455 PM CST
DECEMBER  7 2016......SUNRISE   814 AM CST   SUNSET   455 PM CST


-  INDICATES NEGATIVE NUMBERS.
R  INDICATES RECORD WAS SET OR TIED.
MM INDICATES DATA IS MISSING.
T  INDICATES TRACE AMOUNT.




$$
