000
CDUS43 KBIS 250027
CLIBIS


CLIMATE REPORT
NATIONAL WEATHER SERVICE BISMARCK ND
727 PM CDT SAT SEP 24 2016


...................................

...THE BISMARCK ND CLIMATE SUMMARY FOR SEPTEMBER 24 2016...
VALID TODAY AS OF 0700 PM LOCAL TIME.

CLIMATE NORMAL PERIOD 1981 TO 2010
CLIMATE RECORD PERIOD 1875 TO 2016


WEATHER ITEM   OBSERVED TIME   RECORD YEAR NORMAL DEPARTURE LAST
                VALUE   (LST)  VALUE       VALUE  FROM      YEAR
                                                  NORMAL
..................................................................
TEMPERATURE (F)
 TODAY
  MAXIMUM         80    142 PM  95    1885  68     12       76
  MINIMUM         60    624 AM  23    1926  41     19       55
  AVERAGE         70                        55     15       66

PRECIPITATION (IN)
  TODAY            0.00          0.90 1900   0.05  -0.05     0.00
  MONTH TO DATE    1.16                      1.32  -0.16     0.37
  SINCE SEP 1      1.16                      1.32  -0.16     0.37
  SINCE JAN 1     19.70                     15.13   4.57    15.54

SNOWFALL (IN)
  TODAY            0.0           1.4  1984   0.0    0.0      0.0
  MONTH TO DATE    0.0                       0.1   -0.1      0.0
  SINCE SEP 1      0.0                       0.1   -0.1      0.0
  SINCE JUL 1      0.0                       0.1   -0.1      0.0
  SNOW DEPTH       0

DEGREE DAYS
 HEATING
  TODAY            0                        11    -11        0
  MONTH TO DATE  117                       158    -41       88
  SINCE SEP 1    117                       158    -41       88
  SINCE JUL 1    150                       213    -63      124

 COOLING
  TODAY            5                         0      5        1
  MONTH TO DATE   32                        37     -5       85
  SINCE SEP 1     32                        37     -5       85
  SINCE JAN 1    549                       518     31      606
..................................................................


WIND (MPH)
  RESULTANT WIND SPEED   7   RESULTANT WIND DIRECTION  SE (140)
  HIGHEST WIND SPEED    29   HIGHEST WIND DIRECTION     S (160)
  HIGHEST GUST SPEED    35   HIGHEST GUST DIRECTION    SE (150)
  AVERAGE WIND SPEED    13.0


SKY COVER
  POSSIBLE SUNSHINE  MM
  AVERAGE SKY COVER 0.3


WEATHER CONDITIONS
 THE FOLLOWING WEATHER WAS RECORDED TODAY.
  FOG


RELATIVE HUMIDITY (PERCENT)
 HIGHEST   100          1200 AM
 LOWEST     41           500 PM
 AVERAGE    71

..........................................................


THE BISMARCK ND CLIMATE NORMALS FOR TOMORROW
                         NORMAL    RECORD    YEAR
 MAXIMUM TEMPERATURE (F)   68        93      2014
 MINIMUM TEMPERATURE (F)   41        19      1926


SUNRISE AND SUNSET
SEPTEMBER 24 2016.....SUNRISE   733 AM CDT   SUNSET   736 PM CDT
SEPTEMBER 25 2016.....SUNRISE   734 AM CDT   SUNSET   734 PM CDT


-  INDICATES NEGATIVE NUMBERS.
R  INDICATES RECORD WAS SET OR TIED.
MM INDICATES DATA IS MISSING.
T  INDICATES TRACE AMOUNT.




$$
