000
CDUS43 KBIS 280815
CLIBIS


CLIMATE REPORT
NATIONAL WEATHER SERVICE BISMARCK ND
202 AM CST FRI NOV 28 2014


...................................

...THE BISMARCK ND CLIMATE SUMMARY FOR NOVEMBER 27 2014...

CLIMATE NORMAL PERIOD 1981 TO 2010
CLIMATE RECORD PERIOD 1875 TO 2014


WEATHER ITEM   OBSERVED TIME   RECORD YEAR NORMAL DEPARTURE LAST
                VALUE   (LST)  VALUE       VALUE  FROM      YEAR
                                                  NORMAL
..................................................................
TEMPERATURE (F)
 YESTERDAY
  MAXIMUM         12   1104 PM  68    1949  33    -21       38
  MINIMUM        -12   1238 AM -25    1887  13    -25       10
  AVERAGE          0                        23    -23       24

PRECIPITATION (IN)
  YESTERDAY        0.08          0.49 1994   0.02   0.06     0.00
  MONTH TO DATE    0.59                      0.66  -0.07     0.09
  SINCE SEP 1      1.11                      3.50  -2.39     9.18
  SINCE JAN 1     13.80                     17.31  -3.51    25.49

SNOWFALL (IN)
  YESTERDAY        0.8           7.7  1994   0.3    0.5      0.0
  MONTH TO DATE    7.9                       7.9    0.0      0.6
  SINCE SEP 1      7.9                      10.3   -2.4      1.6
  SINCE JUL 1      7.9                      10.3   -2.4      1.6
  SNOW DEPTH       3

DEGREE DAYS
 HEATING
  YESTERDAY       65                        42     23       41
  MONTH TO DATE 1133                       944    189      997
  SINCE SEP 1   1847                      1801     46     1807
  SINCE JUL 1   1909                      1856     53     1835

 COOLING
  YESTERDAY        0                         0      0        0
  MONTH TO DATE    0                         0      0        0
  SINCE SEP 1     51                        39     12       75
  SINCE JAN 1    457                       520    -63      555
..................................................................


WIND (MPH)
  HIGHEST WIND SPEED    21   HIGHEST WIND DIRECTION    SE (150)
  HIGHEST GUST SPEED    26   HIGHEST GUST DIRECTION    SE (130)
  AVERAGE WIND SPEED    10.9


SKY COVER
  POSSIBLE SUNSHINE  MM
  AVERAGE SKY COVER 0.8


WEATHER CONDITIONS
 THE FOLLOWING WEATHER WAS RECORDED YESTERDAY.
  SNOW
  LIGHT SNOW
  FOG


RELATIVE HUMIDITY (PERCENT)
 HIGHEST    95          1000 AM
 LOWEST     73           200 PM
 AVERAGE    84

..........................................................


THE BISMARCK ND CLIMATE NORMALS FOR TODAY
                         NORMAL    RECORD    YEAR
 MAXIMUM TEMPERATURE (F)   32        62      2002
 MINIMUM TEMPERATURE (F)   13       -25      1875


SUNRISE AND SUNSET
NOVEMBER 28 2014......SUNRISE   803 AM CST   SUNSET   458 PM CST
NOVEMBER 29 2014......SUNRISE   805 AM CST   SUNSET   458 PM CST


-  INDICATES NEGATIVE NUMBERS.
R  INDICATES RECORD WAS SET OR TIED.
MM INDICATES DATA IS MISSING.
T  INDICATES TRACE AMOUNT.




$$
