000
CDUS43 KGRR 062136
CLIBIV


CLIMATE REPORT
NATIONAL WEATHER SERVICE GRAND RAPIDS, MI
534 PM EDT FRI MAY 6 2016


...................................

...THE HOLLAND/TULIP CITY MI CLIMATE SUMMARY FOR MAY 6 2016...
VALID TODAY AS OF 0500 PM LOCAL TIME.

CLIMATE NORMAL PERIOD 1981 TO 2010
CLIMATE RECORD PERIOD 1996 TO 2016


WEATHER ITEM   OBSERVED TIME   NORMAL DEPARTURE LAST
                VALUE   (LST)  VALUE  FROM      YEAR
                                      NORMAL
......................................................
TEMPERATURE (F)
 TODAY
  MAXIMUM         70    400 PM  66      4       78
  MINIMUM         63   1100 AM  45     18       53
  AVERAGE         67            56     11       66

PRECIPITATION (IN)
  TODAY            0.00          0.11  -0.11     0.00
  MONTH TO DATE    1.07          0.69   0.38     0.42
  SINCE MAR 1      7.99          6.21   1.78     4.96
  SINCE JAN 1     11.85         10.10   1.75     6.44

DEGREE DAYS
 HEATING
  TODAY            0            10    -10        0
  MONTH TO DATE   45            64    -19       44
  SINCE MAR 1   1348          1443    -95     1514
  SINCE JUL 1   5338          5943   -605     6481

 COOLING
  TODAY            2             0      2        1
  MONTH TO DATE    2             0      2        2
  SINCE MAR 1      3             4     -1        2
  SINCE JAN 1      3             4     -1        2
......................................................


WIND (MPH)
  RESULTANT WIND SPEED   5   RESULTANT WIND DIRECTION  SW (240)
  HIGHEST WIND SPEED    10   HIGHEST WIND DIRECTION     W (250)
  HIGHEST GUST SPEED    MM   HIGHEST GUST DIRECTION    MM
  AVERAGE WIND SPEED     5.4


SKY COVER
  AVERAGE SKY COVER 0.0


WEATHER CONDITIONS
 THE FOLLOWING WEATHER WAS RECORDED TODAY.
  NO SIGNIFICANT WEATHER WAS OBSERVED.


RELATIVE HUMIDITY (PERCENT)
 HIGHEST     0          1200 AM
 LOWEST      0          1200 AM
 AVERAGE     0

..........................................................


THE HOLLAND/TULIP CITY MI CLIMATE NORMALS FOR TOMORROW
                         NORMAL
 MAXIMUM TEMPERATURE (F)   66
 MINIMUM TEMPERATURE (F)   46


SUNRISE AND SUNSET
MAY  6 2016...........SUNRISE   632 AM EDT   SUNSET   851 PM EDT
MAY  7 2016...........SUNRISE   630 AM EDT   SUNSET   853 PM EDT


-  INDICATES NEGATIVE NUMBERS.
R  INDICATES RECORD WAS SET OR TIED.
MM INDICATES DATA IS MISSING.
T  INDICATES TRACE AMOUNT.




$$

jam
