000
CDUS43 KGRR 180516
CLIBIV


CLIMATE REPORT
NATIONAL WEATHER SERVICE GRAND RAPIDS, MI
115 AM EDT WED OCT 18 2017


...................................

...THE HOLLAND/TULIP CITY MI CLIMATE SUMMARY FOR OCTOBER 17 2017...

CLIMATE NORMAL PERIOD 1981 TO 2010
CLIMATE RECORD PERIOD 1996 TO 2017


WEATHER ITEM   OBSERVED TIME   NORMAL DEPARTURE LAST
                VALUE   (LST)  VALUE  FROM      YEAR
                                      NORMAL
......................................................
TEMPERATURE (F)
 YESTERDAY
  MAXIMUM         66    441 PM  62      4       79
  MINIMUM         43    137 AM  43      0       64
  AVERAGE         55            52      3       72

PRECIPITATION (IN)
  YESTERDAY        0.00          0.12  -0.12     0.00
  MONTH TO DATE    5.76          1.85   3.91     2.20
  SINCE SEP 1      6.39          5.75   0.64     3.57
  SINCE JAN 1     31.21         28.96   2.25    25.45

DEGREE DAYS
 HEATING
  YESTERDAY       10            13     -3        0
  MONTH TO DATE   84           182    -98      105
  SINCE SEP 1    186           297   -111      133
  SINCE JUL 1    207           312   -105      140

 COOLING
  YESTERDAY        0             0      0        7
  MONTH TO DATE   13            10      3       13
  SINCE SEP 1    128            74     54      106
  SINCE JAN 1    613           692    -79      785
......................................................


WIND (MPH)
  RESULTANT WIND SPEED  15   RESULTANT WIND DIRECTION  SW (230)
  HIGHEST WIND SPEED    28   HIGHEST WIND DIRECTION    SW (220)
  HIGHEST GUST SPEED    36   HIGHEST GUST DIRECTION    SW (230)
  AVERAGE WIND SPEED    15.1


SKY COVER
  AVERAGE SKY COVER 0.0


WEATHER CONDITIONS
 THE FOLLOWING WEATHER WAS RECORDED YESTERDAY.
  NO SIGNIFICANT WEATHER WAS OBSERVED.


RELATIVE HUMIDITY (PERCENT)
 HIGHEST    93           400 AM
 LOWEST     44           500 PM
 AVERAGE    69

..........................................................


THE HOLLAND/TULIP CITY MI CLIMATE NORMALS FOR TODAY
                         NORMAL
 MAXIMUM TEMPERATURE (F)   61
 MINIMUM TEMPERATURE (F)   43


SUNRISE AND SUNSET
OCTOBER 18 2017.......SUNRISE   802 AM EDT   SUNSET   657 PM EDT
OCTOBER 19 2017.......SUNRISE   803 AM EDT   SUNSET   655 PM EDT


-  INDICATES NEGATIVE NUMBERS.
R  INDICATES RECORD WAS SET OR TIED.
MM INDICATES DATA IS MISSING.
T  INDICATES TRACE AMOUNT.




$$
