000
CDUS43 KGRR 290521
CLIBIV


CLIMATE REPORT
NATIONAL WEATHER SERVICE GRAND RAPIDS, MI
121 AM EDT FRI JUL 29 2016


...................................

...THE HOLLAND/TULIP CITY MI CLIMATE SUMMARY FOR JULY 28 2016...

CLIMATE NORMAL PERIOD 1981 TO 2010
CLIMATE RECORD PERIOD 1996 TO 2016


WEATHER ITEM   OBSERVED TIME   NORMAL DEPARTURE LAST
                VALUE   (LST)  VALUE  FROM      YEAR
                                      NORMAL
......................................................
TEMPERATURE (F)
 YESTERDAY
  MAXIMUM         87    303 PM  82      5       91
  MINIMUM         63    413 AM  63      0       63
  AVERAGE         75            72      3       77

PRECIPITATION (IN)
  YESTERDAY       MM             0.09  MM        0.00
  MONTH TO DATE    1.17          2.54  -1.37     2.29
  SINCE JUN 1      3.45          6.76  -3.31     3.73
  SINCE JAN 1     16.58         19.35  -2.77    14.54

DEGREE DAYS
 HEATING
  YESTERDAY        0             0      0        0
  MONTH TO DATE    7             0      7       10
  SINCE JUN 1     43            48     -5       34
  SINCE JUL 1      7             0      7       10

 COOLING
  YESTERDAY       10             8      2       12
  MONTH TO DATE  225           218      7      148
  SINCE JUN 1    357           364     -7      232
  SINCE JAN 1    416           406     10      281
......................................................


WIND (MPH)
  RESULTANT WIND SPEED   4   RESULTANT WIND DIRECTION   E (90)
  HIGHEST WIND SPEED    17   HIGHEST WIND DIRECTION    SE (130)
  HIGHEST GUST SPEED    20   HIGHEST GUST DIRECTION     N (360)
  AVERAGE WIND SPEED     4.9


SKY COVER
  AVERAGE SKY COVER 0.2


WEATHER CONDITIONS
 THE FOLLOWING WEATHER WAS RECORDED YESTERDAY.
  THUNDERSTORM
  HEAVY RAIN
  LIGHT RAIN
  FOG


RELATIVE HUMIDITY (PERCENT)
 HIGHEST    93           300 AM
 LOWEST     55           200 PM
 AVERAGE    74

..........................................................


THE HOLLAND/TULIP CITY MI CLIMATE NORMALS FOR TODAY
                         NORMAL
 MAXIMUM TEMPERATURE (F)   82
 MINIMUM TEMPERATURE (F)   63


SUNRISE AND SUNSET
JULY 29 2016..........SUNRISE   633 AM EDT   SUNSET   908 PM EDT
JULY 30 2016..........SUNRISE   634 AM EDT   SUNSET   907 PM EDT


-  INDICATES NEGATIVE NUMBERS.
R  INDICATES RECORD WAS SET OR TIED.
MM INDICATES DATA IS MISSING.
T  INDICATES TRACE AMOUNT.




$$
