000
CDUS43 KGRR 311342
CLIBIV


CLIMATE REPORT
NATIONAL WEATHER SERVICE GRAND RAPIDS, MI
934 AM EDT THU JUL 31 2014


...................................

...THE HOLLAND/TULIP CITY MI CLIMATE SUMMARY FOR JULY 31 2014...
VALID AS OF 0900 AM LOCAL TIME.

CLIMATE NORMAL PERIOD 1981 TO 2010
CLIMATE RECORD PERIOD 9999 TO 9999


WEATHER ITEM   OBSERVED TIME   RECORD YEAR NORMAL DEPARTURE LAST
                VALUE   (LST)  VALUE       VALUE  FROM      YEAR
                                                  NORMAL
..................................................................
TEMPERATURE (F)
 TODAY
  MAXIMUM         67    759 AM  MM      MM  82    -15       73
  MINIMUM         53   1212 AM  MM      MM  63    -10       64
  AVERAGE         60                        72    -12       69

PRECIPITATION (IN)
  TODAY            0.00         MM      MM   0.09  -0.09     0.19
  MONTH TO DATE    2.83                      2.83   0.00     3.03
  SINCE JUN 1      6.56                      7.05  -0.49     7.66
  SINCE JAN 1     16.09                     19.64  -3.55    26.19

DEGREE DAYS
 HEATING
  TODAY            5                         0      5        0
  MONTH TO DATE   27                         0     27        8
  SINCE JUN 1     50                        54     -4       42
  SINCE JUL 1     27                         6     21        8

 COOLING
  TODAY            0                         7     -7        4
  MONTH TO DATE  103                       235   -132      271
  SINCE JUN 1    286                       381    -95      435
  SINCE JAN 1    325                       423    -98      525
..................................................................


WIND (MPH)
  HIGHEST WIND SPEED    13   HIGHEST WIND DIRECTION    SW (240)
  HIGHEST GUST SPEED    16   HIGHEST GUST DIRECTION    SW (210)



WEATHER CONDITIONS
 THE FOLLOWING WEATHER WAS RECORDED TODAY.
  NO SIGNIFICANT WEATHER WAS OBSERVED.


..........................................................




SUNRISE AND SUNSET
JULY 31 2014..........SUNRISE   635 AM EDT   SUNSET   907 PM EDT
AUGUST  1 2014........SUNRISE   636 AM EDT   SUNSET   905 PM EDT


-  INDICATES NEGATIVE NUMBERS.
R  INDICATES RECORD WAS SET OR TIED.
MM INDICATES DATA IS MISSING.
T  INDICATES TRACE AMOUNT.




$$

63
