000
CDUS46 KBOI 220931
CLIBKE


CLIMATE REPORT
NATIONAL WEATHER SERVICE BOISE ID
331 AM MDT TUE APR 22 2014


...................................

...THE BAKER OR CLIMATE SUMMARY FOR APRIL 21 2014...

CLIMATE NORMAL PERIOD 1981 TO 2010
CLIMATE RECORD PERIOD 1948 TO 2014


WEATHER ITEM   OBSERVED TIME   RECORD YEAR NORMAL DEPARTURE LAST
                VALUE   (LST)  VALUE       VALUE  FROM      YEAR
                                                  NORMAL
..................................................................
TEMPERATURE (F)
 YESTERDAY
  MAXIMUM         65    419 PM  84    2009  59      6       57
  MINIMUM         27    229 AM  18    1951  30     -3       26
  AVERAGE         46                        44      2       42

PRECIPITATION (IN)
  YESTERDAY        0.00          0.42 2004   0.03  -0.03      T
  MONTH TO DATE    0.15                      0.55  -0.40     0.35
  SINCE OCT 1      4.05                      5.26  -1.21     4.11
  SINCE JAN 1      2.88                      2.75   0.13     1.93

DEGREE DAYS
 HEATING
  YESTERDAY       19                        21     -2       23
  MONTH TO DATE  430                       472    -42      494
  SINCE MAR 1   1185                      1320   -135     1323
  SINCE JUL 1   6711                      6840   -129     6715

 COOLING
  YESTERDAY        0                         0      0        0
  MONTH TO DATE    0                         0      0        0
  SINCE MAR 1      0                         0      0        0
  SINCE JAN 1      0                         0      0        0
..................................................................


WIND (MPH)
  RESULTANT WIND SPEED   6   RESULTANT WIND DIRECTION   E (100)
  HIGHEST WIND SPEED    20   HIGHEST WIND DIRECTION     E (100)
  HIGHEST GUST SPEED    23   HIGHEST GUST DIRECTION     E (110)
  AVERAGE WIND SPEED     7.7


SKY COVER
  AVERAGE SKY COVER 0.1


WEATHER CONDITIONS
 THE FOLLOWING WEATHER WAS RECORDED YESTERDAY.
  NO SIGNIFICANT WEATHER WAS OBSERVED.


RELATIVE HUMIDITY (PERCENT)
 HIGHEST    89           600 AM
 LOWEST     27           200 PM
 AVERAGE    58

..........................................................


THE BAKER OR CLIMATE NORMALS FOR TODAY
                         NORMAL    RECORD    YEAR
 MAXIMUM TEMPERATURE (F)   59        82      1977
 MINIMUM TEMPERATURE (F)   30        18      1968


SUNRISE AND SUNSET
APRIL 22 2014.........SUNRISE   555 AM PDT   SUNSET   745 PM PDT
APRIL 23 2014.........SUNRISE   553 AM PDT   SUNSET   747 PM PDT


-  INDICATES NEGATIVE NUMBERS.
R  INDICATES RECORD WAS SET OR TIED.
MM INDICATES DATA IS MISSING.
T  INDICATES TRACE AMOUNT.




$$
