000
CDUS46 KBOI 280932
CLIBKE


CLIMATE REPORT
NATIONAL WEATHER SERVICE BOISE ID
332 AM MDT FRI AUG 28 2015


...................................

...THE BAKER OR CLIMATE SUMMARY FOR AUGUST 27 2015...

CLIMATE NORMAL PERIOD 1981 TO 2010
CLIMATE RECORD PERIOD 1948 TO 2015


WEATHER ITEM   OBSERVED TIME   RECORD YEAR NORMAL DEPARTURE LAST
                VALUE   (LST)  VALUE       VALUE  FROM      YEAR
                                                  NORMAL
..................................................................
TEMPERATURE (F)
 YESTERDAY
  MAXIMUM         87    213 PM  96    1999  82      5       89
  MINIMUM         44    522 AM  33    1992  43      1       41
  AVERAGE         66                        62      4       65

PRECIPITATION (IN)
  YESTERDAY        0.00          0.31 1996   0.03  -0.03     0.00
  MONTH TO DATE    0.02                      0.61  -0.59     0.51
  SINCE OCT 1      9.48                      9.48   0.00     6.60
  SINCE JAN 1      7.28                      6.97   0.31     5.43

DEGREE DAYS
 HEATING
  YESTERDAY        0                         4     -4        0
  MONTH TO DATE   38                        62    -24       46
  SINCE JUN 1    162                       358   -196      292
  SINCE JUL 1     78                       132    -54       59

 COOLING
  YESTERDAY        1                         1      0        0
  MONTH TO DATE   68                        62      6       68
  SINCE JUN 1    219                       153     66      233
  SINCE JAN 1    220                       155     65      233
..................................................................


WIND (MPH)
  RESULTANT WIND SPEED   2   RESULTANT WIND DIRECTION  SW (240)
  HIGHEST WIND SPEED     9   HIGHEST WIND DIRECTION     W (270)
  HIGHEST GUST SPEED    12   HIGHEST GUST DIRECTION     W (270)
  AVERAGE WIND SPEED     3.5


SKY COVER
  AVERAGE SKY COVER 0.0


WEATHER CONDITIONS
 THE FOLLOWING WEATHER WAS RECORDED YESTERDAY.
  HAZE


RELATIVE HUMIDITY (PERCENT)
 HIGHEST    80           300 AM
 LOWEST     22           100 PM
 AVERAGE    51

..........................................................


THE BAKER OR CLIMATE NORMALS FOR TODAY
                         NORMAL    RECORD    YEAR
 MAXIMUM TEMPERATURE (F)   81        98      1998
 MINIMUM TEMPERATURE (F)   43        28      1960


SUNRISE AND SUNSET
AUGUST 28 2015........SUNRISE   608 AM PDT   SUNSET   736 PM PDT
AUGUST 29 2015........SUNRISE   610 AM PDT   SUNSET   734 PM PDT


-  INDICATES NEGATIVE NUMBERS.
R  INDICATES RECORD WAS SET OR TIED.
MM INDICATES DATA IS MISSING.
T  INDICATES TRACE AMOUNT.




$$
