000
CDUS46 KBOI 310930
CLIBKE


CLIMATE REPORT
NATIONAL WEATHER SERVICE BOISE ID
330 AM MDT FRI OCT 31 2014


...................................

...THE BAKER OR CLIMATE SUMMARY FOR OCTOBER 30 2014...

CLIMATE NORMAL PERIOD 1981 TO 2010
CLIMATE RECORD PERIOD 1948 TO 2014


WEATHER ITEM   OBSERVED TIME   RECORD YEAR NORMAL DEPARTURE LAST
                VALUE   (LST)  VALUE       VALUE  FROM      YEAR
                                                  NORMAL
..................................................................
TEMPERATURE (F)
 YESTERDAY
  MAXIMUM         63   1244 PM  70    1997  53     10       52
  MINIMUM         38    533 AM   9    2006  26     12       16
  AVERAGE         51                        39     12       34

PRECIPITATION (IN)
  YESTERDAY        0.00          0.39 1955   0.02  -0.02     0.00
  MONTH TO DATE    0.22                      0.60  -0.38     0.16
  SINCE OCT 1      0.22                      0.60  -0.38     0.16
  SINCE JAN 1      6.22                      8.22  -2.00     7.93

DEGREE DAYS
 HEATING
  YESTERDAY       14                        26    -12       31
  MONTH TO DATE  479                       611   -132      690
  SINCE SEP 1    689                       902   -213      929
  SINCE JUL 1    766                      1053   -287      961

 COOLING
  YESTERDAY        0                         0      0        0
  MONTH TO DATE    0                         0      0        0
  SINCE SEP 1     15                         9      6       28
  SINCE JAN 1    250                       169     81      258
..................................................................


WIND (MPH)
  RESULTANT WIND SPEED   7   RESULTANT WIND DIRECTION   E (90)
  HIGHEST WIND SPEED    23   HIGHEST WIND DIRECTION     E (100)
  HIGHEST GUST SPEED    28   HIGHEST GUST DIRECTION     E (100)
  AVERAGE WIND SPEED     6.9


SKY COVER
  AVERAGE SKY COVER 0.3


WEATHER CONDITIONS
 THE FOLLOWING WEATHER WAS RECORDED YESTERDAY.
  NO SIGNIFICANT WEATHER WAS OBSERVED.


RELATIVE HUMIDITY (PERCENT)
 HIGHEST    92           200 AM
 LOWEST     39           200 PM
 AVERAGE    66

..........................................................


THE BAKER OR CLIMATE NORMALS FOR TODAY
                         NORMAL    RECORD    YEAR
 MAXIMUM TEMPERATURE (F)   53        69      1965
 MINIMUM TEMPERATURE (F)   26         2      2006


SUNRISE AND SUNSET
OCTOBER 31 2014.......SUNRISE   728 AM PDT   SUNSET   541 PM PDT
NOVEMBER  1 2014......SUNRISE   729 AM PDT   SUNSET   540 PM PDT


-  INDICATES NEGATIVE NUMBERS.
R  INDICATES RECORD WAS SET OR TIED.
MM INDICATES DATA IS MISSING.
T  INDICATES TRACE AMOUNT.




$$
