000
CDUS46 KBOI 240932
CLIBKE


CLIMATE REPORT
NATIONAL WEATHER SERVICE BOISE ID
331 AM MDT SAT SEP 24 2016


...................................

...THE BAKER OR CLIMATE SUMMARY FOR SEPTEMBER 23 2016...

CLIMATE NORMAL PERIOD 1981 TO 2010
CLIMATE RECORD PERIOD 1948 TO 2016


WEATHER ITEM   OBSERVED TIME   RECORD YEAR NORMAL DEPARTURE LAST
                VALUE   (LST)  VALUE       VALUE  FROM      YEAR
                                                  NORMAL
..................................................................
TEMPERATURE (F)
 YESTERDAY
  MAXIMUM         64    244 PM  93    1987  72     -8       81
  MINIMUM         45    616 AM  22    1996  34     11       34
  AVERAGE         55                        53      2       58

PRECIPITATION (IN)
  YESTERDAY        0.00          0.12 1973   0.02  -0.02     0.00
  MONTH TO DATE    0.07                      0.44  -0.37     0.68
  SINCE OCT 1      6.24                     10.02  -3.78    10.16
  SINCE JAN 1      3.70                      7.51  -3.81     7.96

DEGREE DAYS
 HEATING
  YESTERDAY       10                        12     -2        7
  MONTH TO DATE  259                       194     65      218
  SINCE SEP 1    259                       194     65      218
  SINCE JUL 1    405                       345     60      314

 COOLING
  YESTERDAY        0                         0      0        0
  MONTH TO DATE    0                         7     -7        2
  SINCE SEP 1      0                         7     -7        2
  SINCE JAN 1    132                       167    -35      225
..................................................................


WIND (MPH)
  RESULTANT WIND SPEED  14   RESULTANT WIND DIRECTION  NW (330)
  HIGHEST WIND SPEED    23   HIGHEST WIND DIRECTION    NW (330)
  HIGHEST GUST SPEED    31   HIGHEST GUST DIRECTION    NW (330)
  AVERAGE WIND SPEED    14.4


SKY COVER
  AVERAGE SKY COVER 0.5


WEATHER CONDITIONS
 THE FOLLOWING WEATHER WAS RECORDED YESTERDAY.
  NO SIGNIFICANT WEATHER WAS OBSERVED.


RELATIVE HUMIDITY (PERCENT)
 HIGHEST    76           100 AM
 LOWEST     32          1200 PM
 AVERAGE    54

..........................................................


THE BAKER OR CLIMATE NORMALS FOR TODAY
                         NORMAL    RECORD    YEAR
 MAXIMUM TEMPERATURE (F)   71        93      2001
 MINIMUM TEMPERATURE (F)   34        17      1961


SUNRISE AND SUNSET
SEPTEMBER 24 2016.....SUNRISE   641 AM PDT   SUNSET   644 PM PDT
SEPTEMBER 25 2016.....SUNRISE   643 AM PDT   SUNSET   642 PM PDT


-  INDICATES NEGATIVE NUMBERS.
R  INDICATES RECORD WAS SET OR TIED.
MM INDICATES DATA IS MISSING.
T  INDICATES TRACE AMOUNT.




$$
