000
CDUS46 KBOI 270937
CLIBKE


CLIMATE REPORT
NATIONAL WEATHER SERVICE BOISE ID
337 AM MDT MON MAR 27 2017


...................................

...THE BAKER OR CLIMATE SUMMARY FOR MARCH 26 2017...

CLIMATE NORMAL PERIOD 1981 TO 2010
CLIMATE RECORD PERIOD 1948 TO 2017


WEATHER ITEM   OBSERVED TIME   RECORD YEAR NORMAL DEPARTURE LAST
                VALUE   (LST)  VALUE       VALUE  FROM      YEAR
                                                  NORMAL
..................................................................
TEMPERATURE (F)
 YESTERDAY
  MAXIMUM         51    307 PM  73    1997  53     -2       51
  MINIMUM         30    603 AM  16    1950  27      3       17
  AVERAGE         41                        40      1       34

PRECIPITATION (IN)
  YESTERDAY        0.11          0.38 1965   0.02   0.09     0.00
  MONTH TO DATE    0.85                      0.68   0.17     0.30
  SINCE OCT 1      5.16                      4.57   0.59     3.44
  SINCE JAN 1      2.42                      2.06   0.36     0.90

DEGREE DAYS
 HEATING
  YESTERDAY       24                        25     -1       31
  MONTH TO DATE  610                       727   -117      669
  SINCE MAR 1    610                       727   -117      669
  SINCE JUL 1   6438                      6247    191     5713

 COOLING
  YESTERDAY        0                         0      0        0
  MONTH TO DATE    0                         0      0        0
  SINCE MAR 1      0                         0      0        0
  SINCE JAN 1      0                         0      0        0
..................................................................


WIND (MPH)
  RESULTANT WIND SPEED   6   RESULTANT WIND DIRECTION  SE (140)
  HIGHEST WIND SPEED    24   HIGHEST WIND DIRECTION    SE (130)
  HIGHEST GUST SPEED    28   HIGHEST GUST DIRECTION    SE (130)
  AVERAGE WIND SPEED     7.5


SKY COVER
  AVERAGE SKY COVER 0.7


WEATHER CONDITIONS
 THE FOLLOWING WEATHER WAS RECORDED YESTERDAY.
  LIGHT RAIN
  FOG


RELATIVE HUMIDITY (PERCENT)
 HIGHEST   100           300 AM
 LOWEST     50          1100 AM
 AVERAGE    75

..........................................................


THE BAKER OR CLIMATE NORMALS FOR TODAY
                         NORMAL    RECORD    YEAR
 MAXIMUM TEMPERATURE (F)   53        74      1966
 MINIMUM TEMPERATURE (F)   27        15      1976


SUNRISE AND SUNSET
MARCH 27 2017.........SUNRISE   641 AM PDT   SUNSET   713 PM PDT
MARCH 28 2017.........SUNRISE   639 AM PDT   SUNSET   714 PM PDT


-  INDICATES NEGATIVE NUMBERS.
R  INDICATES RECORD WAS SET OR TIED.
MM INDICATES DATA IS MISSING.
T  INDICATES TRACE AMOUNT.




$$
