000
CDUS46 KBOI 240931
CLIBKE


CLIMATE REPORT
NATIONAL WEATHER SERVICE BOISE ID
330 AM MDT SAT JUN 24 2017


...................................

...THE BAKER OR CLIMATE SUMMARY FOR JUNE 23 2017...

CLIMATE NORMAL PERIOD 1981 TO 2010
CLIMATE RECORD PERIOD 1928 TO 2017


WEATHER ITEM   OBSERVED TIME   RECORD YEAR NORMAL DEPARTURE LAST
                VALUE   (LST)  VALUE       VALUE  FROM      YEAR
                                                  NORMAL
..................................................................
TEMPERATURE (F)
 YESTERDAY
  MAXIMUM         79    414 PM  94    2004  76      3       76
                                      1992
  MINIMUM         36    344 AM  34    1993  43     -7       47
  AVERAGE         58                        60     -2       62

PRECIPITATION (IN)
  YESTERDAY        0.00          0.68 1963   0.04  -0.04     0.00
  MONTH TO DATE    0.95                      0.97  -0.02     0.37
  SINCE OCT 1      7.48                      8.01  -0.53     5.25
  SINCE JAN 1      4.74                      5.50  -0.76     2.71

DEGREE DAYS
 HEATING
  YESTERDAY        7                         6      1        3
  MONTH TO DATE  166                       189    -23      169
  SINCE JUN 1    166                       189    -23      169
  SINCE JUL 1   7844                      7636    208     6852

 COOLING
  YESTERDAY        0                         1     -1        0
  MONTH TO DATE   15                         8      7       23
  SINCE JUN 1     15                         8      7       23
  SINCE JAN 1     15                        10      5       23
..................................................................


WIND (MPH)
  RESULTANT WIND SPEED   4   RESULTANT WIND DIRECTION   W (290)
  HIGHEST WIND SPEED    15   HIGHEST WIND DIRECTION    NW (300)
  HIGHEST GUST SPEED    19   HIGHEST GUST DIRECTION    NW (300)
  AVERAGE WIND SPEED     6.3


SKY COVER
  AVERAGE SKY COVER 0.0


WEATHER CONDITIONS
 THE FOLLOWING WEATHER WAS RECORDED YESTERDAY.
  NO SIGNIFICANT WEATHER WAS OBSERVED.


RELATIVE HUMIDITY (PERCENT)
 HIGHEST    85           400 AM
 LOWEST     19           200 PM
 AVERAGE    52

..........................................................


THE BAKER OR CLIMATE NORMALS FOR TODAY
                         NORMAL    RECORD    YEAR
 MAXIMUM TEMPERATURE (F)   77        95      1940
 MINIMUM TEMPERATURE (F)   43        33      1966
                                             1946


SUNRISE AND SUNSET
JUNE 24 2017..........SUNRISE   506 AM PDT   SUNSET   841 PM PDT
JUNE 25 2017..........SUNRISE   506 AM PDT   SUNSET   841 PM PDT


-  INDICATES NEGATIVE NUMBERS.
R  INDICATES RECORD WAS SET OR TIED.
MM INDICATES DATA IS MISSING.
T  INDICATES TRACE AMOUNT.




$$
