000
CDUS46 KBOI 020933
CLIBKE


CLIMATE REPORT
NATIONAL WEATHER SERVICE BOISE ID
233 AM MST FRI DEC 2 2016


...................................

...THE BAKER OR CLIMATE SUMMARY FOR DECEMBER 1 2016...

CLIMATE NORMAL PERIOD 1981 TO 2010
CLIMATE RECORD PERIOD 1948 TO 2016


WEATHER ITEM   OBSERVED TIME   RECORD YEAR NORMAL DEPARTURE LAST
                VALUE   (LST)  VALUE       VALUE  FROM      YEAR
                                                  NORMAL
..................................................................
TEMPERATURE (F)
 YESTERDAY
  MAXIMUM         40    242 PM  53    2013  37      3       27
  MINIMUM         17   1159 PM   2    2006  18     -1       16
  AVERAGE         29                        27      2       22

PRECIPITATION (IN)
  YESTERDAY        T             0.31 1951   0.03  -0.03     0.00
  MONTH TO DATE    T                         0.03  -0.03     0.00
  SINCE OCT 1      1.81                      1.56   0.25     1.20
  SINCE JAN 1      5.51                      9.18  -3.67     9.16

DEGREE DAYS
 HEATING
  YESTERDAY       36                        38     -2       43
  MONTH TO DATE   36                        38     -2       43
  SINCE DEC 1     36                        38     -2       43
  SINCE JUL 1   1810                      2075   -265     1894

 COOLING
  YESTERDAY        0                         0      0        0
  MONTH TO DATE    0                         0      0        0
  SINCE DEC 1      0                         0      0        0
  SINCE JAN 1    132                       169    -37      225
..................................................................


WIND (MPH)
  RESULTANT WIND SPEED   1   RESULTANT WIND DIRECTION   S (200)
  HIGHEST WIND SPEED    18   HIGHEST WIND DIRECTION    NW (330)
  HIGHEST GUST SPEED    22   HIGHEST GUST DIRECTION    NW (320)
  AVERAGE WIND SPEED     2.6


SKY COVER
  AVERAGE SKY COVER 0.8


WEATHER CONDITIONS
 THE FOLLOWING WEATHER WAS RECORDED YESTERDAY.
  LIGHT SNOW
  FOG
  FOG W/VISIBILITY <= 1/4 MILE


RELATIVE HUMIDITY (PERCENT)
 HIGHEST   100           200 AM
 LOWEST     59           200 PM
 AVERAGE    80

..........................................................


THE BAKER OR CLIMATE NORMALS FOR TODAY
                         NORMAL    RECORD    YEAR
 MAXIMUM TEMPERATURE (F)   36        51      2013
                                             2008
 MINIMUM TEMPERATURE (F)   18         1      1984


SUNRISE AND SUNSET
DECEMBER  2 2016......SUNRISE   710 AM PST   SUNSET   411 PM PST
DECEMBER  3 2016......SUNRISE   712 AM PST   SUNSET   411 PM PST


-  INDICATES NEGATIVE NUMBERS.
R  INDICATES RECORD WAS SET OR TIED.
MM INDICATES DATA IS MISSING.
T  INDICATES TRACE AMOUNT.




$$
