000
CDUS41 KRLX 240840
CLIBKW


CLIMATE REPORT
NATIONAL WEATHER SERVICE CHARLESTON WV
338 AM EST TUE JAN 24 2017


...................................

...THE BECKLEY WV CLIMATE SUMMARY FOR JANUARY 23 2017...

CLIMATE NORMAL PERIOD 1981 TO 2010
CLIMATE RECORD PERIOD 1963 TO 2017


WEATHER ITEM   OBSERVED TIME   RECORD YEAR NORMAL DEPARTURE LAST
                VALUE   (LST)  VALUE       VALUE  FROM      YEAR
                                                  NORMAL
..................................................................
TEMPERATURE (F)
 YESTERDAY
  MAXIMUM         50   1212 AM  68    1914  40     10       21
  MINIMUM         37   1159 PM -19    1936  23     14       14
  AVERAGE         44                        31     13       18

PRECIPITATION (IN)
  YESTERDAY        1.55R         0.93 1992   0.08   1.47     0.17
  MONTH TO DATE    4.28                      2.09   2.19     2.10
  SINCE JAN 1      4.28                      2.09   2.19     2.10

SNOWFALL (IN)
  YESTERDAY        0.0
  MONTH TO DATE    7.6
  SINCE SEP 1     12.6
  SNOW DEPTH       0

DEGREE DAYS
 HEATING
  YESTERDAY       21                        34    -13       47
  MONTH TO DATE  573                       782   -209      866
  SINCE DEC 1   1493                      1735   -242     1396
  SINCE JUL 1   2268                      2875   -607     2255

 COOLING
  YESTERDAY        0                         0      0        0
  MONTH TO DATE    0                         0      0        0
  SINCE DEC 1      0                         0      0        0
  SINCE JAN 1      0                         0      0        0
..................................................................


WIND (MPH)
  HIGHEST WIND SPEED    28   HIGHEST WIND DIRECTION     E (110)
  HIGHEST GUST SPEED    35   HIGHEST GUST DIRECTION    SE (120)
  AVERAGE WIND SPEED     7.1


SKY COVER
  POSSIBLE SUNSHINE  MM
  AVERAGE SKY COVER 1.0


WEATHER CONDITIONS
 THE FOLLOWING WEATHER WAS RECORDED YESTERDAY.
  HEAVY RAIN
  RAIN
  LIGHT RAIN
  FOG
  HAZE


RELATIVE HUMIDITY (PERCENT)
 HIGHEST    93           600 AM
 LOWEST     82           400 PM
 AVERAGE    88

..........................................................


THE BECKLEY WV CLIMATE NORMALS FOR TODAY
                         NORMAL    RECORD    YEAR
 MAXIMUM TEMPERATURE (F)   40        70      1950
                                             1943
                                             1909
 MINIMUM TEMPERATURE (F)   23       -18      1963


SUNRISE AND SUNSET
JANUARY 24 2017.......SUNRISE   734 AM EST   SUNSET   539 PM EST
JANUARY 25 2017.......SUNRISE   734 AM EST   SUNSET   541 PM EST


-  INDICATES NEGATIVE NUMBERS.
R  INDICATES RECORD WAS SET OR TIED.
MM INDICATES DATA IS MISSING.
T  INDICATES TRACE AMOUNT.




$$
