000
CDUS41 KRLX 202117
CLIBKW


CLIMATE REPORT
NATIONAL WEATHER SERVICE CHARLESTON WV
517 PM EDT THU JUL 20 2017


...................................

...THE BECKLEY WV CLIMATE SUMMARY FOR JULY 20 2017...
VALID TODAY AS OF 0500 PM LOCAL TIME.

CLIMATE NORMAL PERIOD 1981 TO 2010
CLIMATE RECORD PERIOD 1963 TO 2017


WEATHER ITEM   OBSERVED TIME   RECORD YEAR NORMAL DEPARTURE LAST
                VALUE   (LST)  VALUE       VALUE  FROM      YEAR
                                                  NORMAL
..................................................................
TEMPERATURE (F)
 TODAY
  MAXIMUM         85    238 PM  94    1926  80      5       83
  MINIMUM         64    544 AM  43    1909  62      2       61
  AVERAGE         75                        71      4       72

PRECIPITATION (IN)
  TODAY            0.00          1.35 1938   0.16  -0.16     0.00
  MONTH TO DATE    1.56                      3.20  -1.64     4.63
  SINCE JUN 1      8.93                      7.20   1.73    12.70
  SINCE JAN 1     29.39                     24.36   5.03    29.81

DEGREE DAYS
 HEATING
  TODAY            0                         0      0        0
  MONTH TO DATE    0                         0      0        0
  SINCE JUN 1     38                        39     -1       16
  SINCE JUL 1      0                         0      0        0

 COOLING
  TODAY           10                         6      4        7
  MONTH TO DATE  149                       120     29      140
  SINCE JUN 1    250                       231     19      279
  SINCE JAN 1    315                       272     43      320
..................................................................


WIND (MPH)
  HIGHEST WIND SPEED    16   HIGHEST WIND DIRECTION     W (260)
  HIGHEST GUST SPEED    18   HIGHEST GUST DIRECTION     W (260)
  AVERAGE WIND SPEED     4.5


SKY COVER
  POSSIBLE SUNSHINE  MM
  AVERAGE SKY COVER 0.2


WEATHER CONDITIONS
 THE FOLLOWING WEATHER WAS RECORDED TODAY.
  FOG


RELATIVE HUMIDITY (PERCENT)
 HIGHEST    93           200 AM
 LOWEST     55           100 PM
 AVERAGE    74

..........................................................


THE BECKLEY WV CLIMATE NORMALS FOR TOMORROW
                         NORMAL    RECORD    YEAR
 MAXIMUM TEMPERATURE (F)   80       103      1926
 MINIMUM TEMPERATURE (F)   62        42      1951


SUNRISE AND SUNSET
JULY 20 2017..........SUNRISE   618 AM EDT   SUNSET   843 PM EDT
JULY 21 2017..........SUNRISE   619 AM EDT   SUNSET   842 PM EDT


-  INDICATES NEGATIVE NUMBERS.
R  INDICATES RECORD WAS SET OR TIED.
MM INDICATES DATA IS MISSING.
T  INDICATES TRACE AMOUNT.




$$
