000
CDUS41 KRLX 262216
CLIBKW


CLIMATE REPORT
NATIONAL WEATHER SERVICE CHARLESTON WV
516 PM EST FRI DEC 26 2014


...................................

...THE BECKLEY WV CLIMATE SUMMARY FOR DECEMBER 26 2014...
VALID TODAY AS OF 0500 PM LOCAL TIME.

CLIMATE NORMAL PERIOD 1981 TO 2010
CLIMATE RECORD PERIOD 1963 TO 2014


WEATHER ITEM   OBSERVED TIME   RECORD YEAR NORMAL DEPARTURE LAST
                VALUE   (LST)  VALUE       VALUE  FROM      YEAR
                                                  NORMAL
..................................................................
TEMPERATURE (F)
 TODAY
  MAXIMUM         49    343 PM  68    1942  40      9       38
  MINIMUM         26    824 AM  -6    1935  24      2       23
  AVERAGE         38                        32      6       31

PRECIPITATION (IN)
  TODAY            0.00          1.63 1915   0.09  -0.09     0.00
  MONTH TO DATE    2.58                      2.53   0.05     4.81
  SINCE DEC 1      2.58                      2.53   0.05     4.81
  SINCE JAN 1     36.80                     40.72  -3.92    41.29

DEGREE DAYS
 HEATING
  TODAY           27                        33     -6       34
  MONTH TO DATE  706                       787    -81      704
  SINCE DEC 1    706                       787    -81      704
  SINCE JUL 1   1947                      1927     20     1886

 COOLING
  TODAY            0                         0      0        0
  MONTH TO DATE    0                         0      0        0
  SINCE DEC 1      0                         0      0        0
  SINCE JAN 1    602                       557     45      615
..................................................................


WIND (MPH)
  HIGHEST WIND SPEED    10   HIGHEST WIND DIRECTION    SW (230)
  HIGHEST GUST SPEED    15   HIGHEST GUST DIRECTION    SW (210)
  AVERAGE WIND SPEED     3.5


SKY COVER
  POSSIBLE SUNSHINE  MM
  AVERAGE SKY COVER 0.0


WEATHER CONDITIONS
 THE FOLLOWING WEATHER WAS RECORDED TODAY.
  NO SIGNIFICANT WEATHER WAS OBSERVED.


RELATIVE HUMIDITY (PERCENT)
 HIGHEST    92          1200 AM
 LOWEST     34           400 PM
 AVERAGE    63

..........................................................


THE BECKLEY WV CLIMATE NORMALS FOR TOMORROW
                         NORMAL    RECORD    YEAR
 MAXIMUM TEMPERATURE (F)   40        67      1959
 MINIMUM TEMPERATURE (F)   24        -5      1948


SUNRISE AND SUNSET
DECEMBER 26 2014......SUNRISE   738 AM EST   SUNSET   512 PM EST
DECEMBER 27 2014......SUNRISE   739 AM EST   SUNSET   513 PM EST


-  INDICATES NEGATIVE NUMBERS.
R  INDICATES RECORD WAS SET OR TIED.
MM INDICATES DATA IS MISSING.
T  INDICATES TRACE AMOUNT.




$$
