000
CDUS41 KRLX 230722
CLIBKW


CLIMATE REPORT
NATIONAL WEATHER SERVICE CHARLESTON WV
320 AM EDT SAT AUG 23 2014


...................................

...THE BECKLEY WV CLIMATE SUMMARY FOR AUGUST 22 2014...

CLIMATE NORMAL PERIOD 1981 TO 2010
CLIMATE RECORD PERIOD 1963 TO 2014


WEATHER ITEM   OBSERVED TIME   RECORD YEAR NORMAL DEPARTURE LAST
                VALUE   (LST)  VALUE       VALUE  FROM      YEAR
                                                  NORMAL
..................................................................
TEMPERATURE (F)
 YESTERDAY
  MAXIMUM         82    102 PM  95    1926  79      3       78
  MINIMUM         66    334 AM  36    1956  60      6       58
  AVERAGE         74                        70      4       68

PRECIPITATION (IN)
  YESTERDAY        1.68R         1.29 1913   0.10   1.58     0.01
  MONTH TO DATE    4.01                      2.66   1.35     4.72
  SINCE JAN 1     24.40                     28.85  -4.45    29.54

SNOWFALL (IN)
  YESTERDAY        0.0
  MONTH TO DATE    0.0
  SINCE SEP 1     76.3
  SNOW DEPTH       0

DEGREE DAYS
 HEATING
  YESTERDAY        0                         0      0        0
  MONTH TO DATE    7                         0      7       15
  SINCE JUN 1     41                        47     -6       27
  SINCE JUL 1     29                         8     21       20

 COOLING
  YESTERDAY        9                         5      4        3
  MONTH TO DATE   73                       123    -50       94
  SINCE JUN 1    395                       415    -20      424
  SINCE JAN 1    470                       456     14      491
..................................................................


WIND (MPH)
  HIGHEST WIND SPEED    14   HIGHEST WIND DIRECTION    NW (300)
  HIGHEST GUST SPEED    18   HIGHEST GUST DIRECTION     W (250)
  AVERAGE WIND SPEED     6.1


SKY COVER
  POSSIBLE SUNSHINE  MM
  AVERAGE SKY COVER 0.7


WEATHER CONDITIONS
 THE FOLLOWING WEATHER WAS RECORDED YESTERDAY.
  HEAVY RAIN
  RAIN
  LIGHT RAIN
  FOG
  FOG W/VISIBILITY <= 1/4 MILE


RELATIVE HUMIDITY (PERCENT)
 HIGHEST    97          1000 AM
 LOWEST     74           100 PM
 AVERAGE    86

..........................................................


THE BECKLEY WV CLIMATE NORMALS FOR TODAY
                         NORMAL    RECORD    YEAR
 MAXIMUM TEMPERATURE (F)   79        98      1926
 MINIMUM TEMPERATURE (F)   60        33      1940


SUNRISE AND SUNSET
AUGUST 23 2014........SUNRISE   647 AM EDT   SUNSET   807 PM EDT
AUGUST 24 2014........SUNRISE   648 AM EDT   SUNSET   805 PM EDT


-  INDICATES NEGATIVE NUMBERS.
R  INDICATES RECORD WAS SET OR TIED.
MM INDICATES DATA IS MISSING.
T  INDICATES TRACE AMOUNT.




$$
