000
CDUS41 KRLX 140719
CLIBKW


CLIMATE REPORT
NATIONAL WEATHER SERVICE CHARLESTON WV
316 AM EDT MON JUL 14 2014


...................................

...THE BECKLEY WV CLIMATE SUMMARY FOR JULY 13 2014...

CLIMATE NORMAL PERIOD 1981 TO 2010
CLIMATE RECORD PERIOD 1963 TO 2014


WEATHER ITEM   OBSERVED TIME   RECORD YEAR NORMAL DEPARTURE LAST
                VALUE   (LST)  VALUE       VALUE  FROM      YEAR
                                                  NORMAL
..................................................................
TEMPERATURE (F)
 YESTERDAY
  MAXIMUM         86    203 PM  90    1954  80      6       76
                                      1936
                                      1912
  MINIMUM         68    104 AM  46    1953  62      6       57
                                      1926
  AVERAGE         77                        71      6       67

PRECIPITATION (IN)
  YESTERDAY        0.00          1.63 1949   0.17  -0.17     0.00
  MONTH TO DATE    0.54                      2.01  -1.47     2.33
  SINCE JAN 1     18.52                     23.17  -4.65    22.53

SNOWFALL (IN)
  YESTERDAY        0.0
  MONTH TO DATE    0.0
  SINCE SEP 1     76.3
  SNOW DEPTH       0

DEGREE DAYS
 HEATING
  YESTERDAY        0                         0      0        0
  MONTH TO DATE    3                         0      3        0
  SINCE JUN 1     15                        39    -24        7
  SINCE JUL 1      3                         0      3        0

 COOLING
  YESTERDAY       12                         6      6        2
  MONTH TO DATE   87                        78      9       89
  SINCE JUN 1    258                       189     69      214
  SINCE JAN 1    333                       230    103      281
..................................................................


WIND (MPH)
  HIGHEST WIND SPEED    16   HIGHEST WIND DIRECTION    SW (230)
  HIGHEST GUST SPEED    26   HIGHEST GUST DIRECTION     W (270)
  AVERAGE WIND SPEED     8.1


SKY COVER
  POSSIBLE SUNSHINE  MM
  AVERAGE SKY COVER 0.4


WEATHER CONDITIONS
 THE FOLLOWING WEATHER WAS RECORDED YESTERDAY.
  NO SIGNIFICANT WEATHER WAS OBSERVED.


RELATIVE HUMIDITY (PERCENT)
 HIGHEST    78           500 AM
 LOWEST     48           400 PM
 AVERAGE    63

..........................................................


THE BECKLEY WV CLIMATE NORMALS FOR TODAY
                         NORMAL    RECORD    YEAR
 MAXIMUM TEMPERATURE (F)   80        94      1954
 MINIMUM TEMPERATURE (F)   62        43      1926


SUNRISE AND SUNSET
JULY 14 2014..........SUNRISE   614 AM EDT   SUNSET   846 PM EDT
JULY 15 2014..........SUNRISE   615 AM EDT   SUNSET   846 PM EDT


-  INDICATES NEGATIVE NUMBERS.
R  INDICATES RECORD WAS SET OR TIED.
MM INDICATES DATA IS MISSING.
T  INDICATES TRACE AMOUNT.




$$
