000
CDUS41 KRLX 270717
CLIBKW


CLIMATE REPORT
NATIONAL WEATHER SERVICE CHARLESTON WV
316 AM EDT WED MAY 27 2015


...................................

...THE BECKLEY WV CLIMATE SUMMARY FOR MAY 26 2015...

CLIMATE NORMAL PERIOD 1981 TO 2010
CLIMATE RECORD PERIOD 1963 TO 2015


WEATHER ITEM   OBSERVED TIME   RECORD YEAR NORMAL DEPARTURE LAST
                VALUE   (LST)  VALUE       VALUE  FROM      YEAR
                                                  NORMAL
..................................................................
TEMPERATURE (F)
 YESTERDAY
  MAXIMUM         81    104 PM  90    1926  72      9       80
  MINIMUM         64    357 AM  30    1934  52     12       51
                                      1897
  AVERAGE         73                        62     11       66

PRECIPITATION (IN)
  YESTERDAY        T             1.88 1917   0.16  -0.16     0.00
  MONTH TO DATE    0.91                      3.89  -2.98     3.84
  SINCE JAN 1     19.71                     16.39   3.32    14.09

SNOWFALL (IN)
  YESTERDAY        0.0
  MONTH TO DATE    0.0
  SINCE SEP 1     66.2
  SNOW DEPTH       0

DEGREE DAYS
 HEATING
  YESTERDAY        0                         4     -4        0
  MONTH TO DATE   88                       174    -86      105
  SINCE MAR 1   1111                      1282   -171     1223
  SINCE JUL 1   5444                      5283    161     5431

 COOLING
  YESTERDAY        8                         1      7        1
  MONTH TO DATE   69                        20     49       50
  SINCE MAR 1     72                        30     42       55
  SINCE JAN 1     72                        30     42       55
..................................................................


WIND (MPH)
  HIGHEST WIND SPEED    15   HIGHEST WIND DIRECTION    SE (150)
  HIGHEST GUST SPEED    22   HIGHEST GUST DIRECTION    SE (150)
  AVERAGE WIND SPEED     7.7


SKY COVER
  POSSIBLE SUNSHINE  MM
  AVERAGE SKY COVER 0.4


WEATHER CONDITIONS
 THE FOLLOWING WEATHER WAS RECORDED YESTERDAY.
  THUNDERSTORM


RELATIVE HUMIDITY (PERCENT)
 HIGHEST    78           900 PM
 LOWEST     54          1200 PM
 AVERAGE    66

..........................................................


THE BECKLEY WV CLIMATE NORMALS FOR TODAY
                         NORMAL    RECORD    YEAR
 MAXIMUM TEMPERATURE (F)   72        88      1919
 MINIMUM TEMPERATURE (F)   52        28      1897


SUNRISE AND SUNSET
MAY 27 2015...........SUNRISE   607 AM EDT   SUNSET   837 PM EDT
MAY 28 2015...........SUNRISE   606 AM EDT   SUNSET   838 PM EDT


-  INDICATES NEGATIVE NUMBERS.
R  INDICATES RECORD WAS SET OR TIED.
MM INDICATES DATA IS MISSING.
T  INDICATES TRACE AMOUNT.




$$
