000
CDUS41 KRNK 251038
CLIBLF


CLIMATE REPORT
NATIONAL WEATHER SERVICE BLACKSBURG VA
528 AM EST SUN JAN 25 2015


...................................

...THE BLUEFIELD WV CLIMATE SUMMARY FOR JANUARY 24 2015...

CLIMATE NORMAL PERIOD 1981 TO 2010
CLIMATE RECORD PERIOD 1959 TO 2015


WEATHER ITEM   OBSERVED TIME   RECORD YEAR NORMAL DEPARTURE LAST
                VALUE   (LST)  VALUE       VALUE  FROM      YEAR
                                                  NORMAL
..................................................................
TEMPERATURE (F)
 YESTERDAY
  MAXIMUM         34    649 AM  67    1972  42     -8       24
  MINIMUM         29    638 PM -18    1963  26      3       -3
  AVERAGE         32                        34     -2

PRECIPITATION (IN)
  YESTERDAY        0.04          0.87 2010   0.09  -0.05      T
  MONTH TO DATE    1.40                      2.26  -0.86     1.53
  SINCE DEC 1      3.79                      5.17  -1.38     6.53
  SINCE JAN 1      1.40                      2.26  -0.86     1.53

SNOWFALL (IN)
  YESTERDAY        0.4
  MONTH TO DATE    1.4
  SINCE DEC 1      2.3
  SINCE JUL 1      7.1
  SNOW DEPTH       0

DEGREE DAYS
 HEATING
  YESTERDAY       33                        31      2
  MONTH TO DATE  743                       744     -1
  SINCE DEC 1   1526                      1606    -80
  SINCE JUL 1   2611                      2509    102

 COOLING
  YESTERDAY        0                         0      0
  MONTH TO DATE    0                         0      0
  SINCE DEC 1      0                         0      0
  SINCE JAN 1      0                         0      0
..................................................................


WIND (MPH)
  HIGHEST WIND SPEED    23   HIGHEST WIND DIRECTION     W (280)
  HIGHEST GUST SPEED    33   HIGHEST GUST DIRECTION     W (290)
  AVERAGE WIND SPEED    11.4


SKY COVER
  POSSIBLE SUNSHINE  MM
  AVERAGE SKY COVER 0.9


WEATHER CONDITIONS
 THE FOLLOWING WEATHER WAS RECORDED YESTERDAY.
  LIGHT RAIN
  FREEZING RAIN
  LT FREEZING RAIN
  SNOW
  LIGHT SNOW
  SLEET
  FOG
  FOG W/VISIBILITY <= 1/4 MILE
  HAZE


RELATIVE HUMIDITY (PERCENT)
 HIGHEST    92          1200 PM
 LOWEST     69           400 PM
 AVERAGE    81

..........................................................


THE BLUEFIELD WV CLIMATE NORMALS FOR TODAY
                         NORMAL    RECORD    YEAR
 MAXIMUM TEMPERATURE (F)   42        67      1967
 MINIMUM TEMPERATURE (F)   26        -5      1963


SUNRISE AND SUNSET
JANUARY 25 2015.......SUNRISE   733 AM EST   SUNSET   541 PM EST
JANUARY 26 2015.......SUNRISE   733 AM EST   SUNSET   543 PM EST


-  INDICATES NEGATIVE NUMBERS.
R  INDICATES RECORD WAS SET OR TIED.
MM INDICATES DATA IS MISSING.
T  INDICATES TRACE AMOUNT.




$$
