000
CDUS41 KRNK 230854
CLIBLF


CLIMATE REPORT
NATIONAL WEATHER SERVICE BLACKSBURG VA
442 AM EDT TUE MAY 23 2017


...................................

...THE BLUEFIELD WV CLIMATE SUMMARY FOR MAY 22 2017...

CLIMATE NORMAL PERIOD 1981 TO 2010
CLIMATE RECORD PERIOD 1959 TO 2017


WEATHER ITEM   OBSERVED TIME   RECORD YEAR NORMAL DEPARTURE LAST
                VALUE   (LST)  VALUE       VALUE  FROM      YEAR
                                                  NORMAL
..................................................................
TEMPERATURE (F)
 YESTERDAY
  MAXIMUM         67    323 PM  85    2013  73     -6       64
  MINIMUM         52   1119 PM  30    2002  55     -3       45
  AVERAGE         60                        64     -4       55

PRECIPITATION (IN)
  YESTERDAY        0.01          0.83 1990   0.14  -0.13     0.14
  MONTH TO DATE    4.41                      2.96   1.45     6.20
  SINCE MAR 1     12.62                      9.81   2.81     9.88
  SINCE JAN 1     18.43                     15.47   2.96    14.70

SNOWFALL (IN)
  YESTERDAY        0.0                                       0.0
  MONTH TO DATE    0.0                                       0.0
  SINCE MAR 1      3.3                                       2.6
  SINCE JUL 1     20.5                                      34.8
  SNOW DEPTH       0

DEGREE DAYS
 HEATING
  YESTERDAY        5                         4      1       10
  MONTH TO DATE  149                       112     37      212
  SINCE MAR 1   1091                      1049     42     1034
  SINCE JUL 1   4223                      4542   -319     3847

 COOLING
  YESTERDAY        0                         2     -2        0
  MONTH TO DATE   28                        35     -7        4
  SINCE MAR 1     50                        63    -13        9
  SINCE JAN 1     50                        63    -13        9
..................................................................


WIND (MPH)
  HIGHEST WIND SPEED    13   HIGHEST WIND DIRECTION    NW (300)
  HIGHEST GUST SPEED    20   HIGHEST GUST DIRECTION    NW (310)
  AVERAGE WIND SPEED     4.6


SKY COVER
  AVERAGE SKY COVER 0.5


WEATHER CONDITIONS
 THE FOLLOWING WEATHER WAS RECORDED YESTERDAY.
  LIGHT RAIN
  FOG


RELATIVE HUMIDITY (PERCENT)
 HIGHEST   100           700 AM
 LOWEST     58           300 PM
 AVERAGE    79

..........................................................


THE BLUEFIELD WV CLIMATE NORMALS FOR TODAY
                         NORMAL    RECORD    YEAR
 MAXIMUM TEMPERATURE (F)   73        83      2004
                                             1988
 MINIMUM TEMPERATURE (F)   55        35      1963


SUNRISE AND SUNSET
MAY 23 2017...........SUNRISE   610 AM EDT   SUNSET   833 PM EDT
MAY 24 2017...........SUNRISE   610 AM EDT   SUNSET   834 PM EDT


-  INDICATES NEGATIVE NUMBERS.
R  INDICATES RECORD WAS SET OR TIED.
MM INDICATES DATA IS MISSING.
T  INDICATES TRACE AMOUNT.

REMARKS:
DUE TO A POWER OUTAGE CAUSING A MISSING HIGH TEMPERATURE ON NOVEMBER 10...
THE SEASONAL HEATING DEGREE DAY TOTAL AND DEPARTURE FROM NORMAL WILL BE
CALCULATED WITHOUT DATA FROM THIS DATE.

$$

RAB
