000
CDUS43 KIND 240540
CLIBMG


CLIMATE REPORT
NATIONAL WEATHER SERVICE INDIANAPOLIS IN
140 AM EDT THU AUG 24 2017


...................................

...THE BLOOMINGTON IN CLIMATE SUMMARY FOR AUGUST 23 2017...

CLIMATE NORMAL PERIOD 1981 TO 2010
CLIMATE RECORD PERIOD 9999 TO 9999


WEATHER ITEM   OBSERVED TIME   NORMAL DEPARTURE LAST
                VALUE   (LST)  VALUE  FROM      YEAR
                                      NORMAL
......................................................
TEMPERATURE (F)
 YESTERDAY
  MAXIMUM         80    329 PM  85     -5       82
  MINIMUM         53   1158 PM  61     -8       56
  AVERAGE         67            73     -6       69

PRECIPITATION (IN)
  YESTERDAY        0.00          0.12  -0.12     0.00
  MONTH TO DATE    0.46          2.49  -2.03     6.60
  SINCE JUN 1      7.48         12.27  -4.79    16.58
  SINCE JAN 1     29.28         32.16  -2.88    35.18

DEGREE DAYS
 HEATING
  YESTERDAY        0             0      0        0
  MONTH TO DATE    3             0      3        0
  SINCE JUN 1     11            17     -6        4
  SINCE JUL 1      3             2      1        3

 COOLING
  YESTERDAY        2             8     -6        4
  MONTH TO DATE  167           199    -32      251
  SINCE JUN 1    726           683     43      871
  SINCE JAN 1    857           765     92      961
......................................................


WIND (MPH)
  HIGHEST WIND SPEED    14   HIGHEST WIND DIRECTION    NE (30)
  HIGHEST GUST SPEED    19   HIGHEST GUST DIRECTION     N (20)
  AVERAGE WIND SPEED     2.7


SKY COVER
  AVERAGE SKY COVER 0.2


WEATHER CONDITIONS
 THE FOLLOWING WEATHER WAS RECORDED YESTERDAY.
  FOG


RELATIVE HUMIDITY (PERCENT)
 HIGHEST    93           700 AM
 LOWEST     35           300 PM
 AVERAGE    64

..........................................................


THE BLOOMINGTON IN CLIMATE NORMALS FOR TODAY
                         NORMAL
 MAXIMUM TEMPERATURE (F)   84
 MINIMUM TEMPERATURE (F)   61


SUNRISE AND SUNSET
AUGUST 24 2017........SUNRISE   708 AM EDT   SUNSET   829 PM EDT
AUGUST 25 2017........SUNRISE   709 AM EDT   SUNSET   827 PM EDT


-  INDICATES NEGATIVE NUMBERS.
R  INDICATES RECORD WAS SET OR TIED.
MM INDICATES DATA IS MISSING.
T  INDICATES TRACE AMOUNT.




$$
