000
CDUS43 KIND 220532
CLIBMG


CLIMATE REPORT
NATIONAL WEATHER SERVICE INDIANAPOLIS IN
131 AM EDT FRI AUG 22 2014


...................................

...THE BLOOMINGTON IN CLIMATE SUMMARY FOR AUGUST 21 2014...

CLIMATE NORMAL PERIOD 1981 TO 2010
CLIMATE RECORD PERIOD 9999 TO 9999


WEATHER ITEM   OBSERVED TIME   NORMAL DEPARTURE LAST
                VALUE   (LST)  VALUE  FROM      YEAR
                                      NORMAL
......................................................
TEMPERATURE (F)
 YESTERDAY
  MAXIMUM         87    427 PM  85      2       88
  MINIMUM         70    711 AM  61      9       61
  AVERAGE         79            73      6       75

PRECIPITATION (IN)
  YESTERDAY        T             0.12  -0.12     0.00
  MONTH TO DATE    1.87          2.25  -0.38     0.26
  SINCE JUN 1     10.79         12.03  -1.24    10.09
  SINCE JAN 1     29.39         31.92  -2.53    29.10

DEGREE DAYS
 HEATING
  YESTERDAY        0             0      0        0
  MONTH TO DATE    1             0      1       10
  SINCE JUN 1      9            17     -8       21
  SINCE JUL 1      6             2      4       14

 COOLING
  YESTERDAY       14             8      6       10
  MONTH TO DATE  139           183    -44      127
  SINCE JUN 1    568           667    -99      596
  SINCE JAN 1    694           749    -55      715
......................................................


WIND (MPH)
  HIGHEST WIND SPEED    14   HIGHEST WIND DIRECTION    SW (240)
  HIGHEST GUST SPEED    19   HIGHEST GUST DIRECTION     W (260)
  AVERAGE WIND SPEED     5.3


SKY COVER
  AVERAGE SKY COVER 0.2


WEATHER CONDITIONS
 THE FOLLOWING WEATHER WAS RECORDED YESTERDAY.
  LIGHT RAIN
  FOG


RELATIVE HUMIDITY (PERCENT)
 HIGHEST    94           900 PM
 LOWEST     65           300 PM
 AVERAGE    80

..........................................................


THE BLOOMINGTON IN CLIMATE NORMALS FOR TODAY
                         NORMAL
 MAXIMUM TEMPERATURE (F)   85
 MINIMUM TEMPERATURE (F)   61


SUNRISE AND SUNSET
AUGUST 22 2014........SUNRISE   706 AM EDT   SUNSET   832 PM EDT
AUGUST 23 2014........SUNRISE   707 AM EDT   SUNSET   830 PM EDT


-  INDICATES NEGATIVE NUMBERS.
R  INDICATES RECORD WAS SET OR TIED.
MM INDICATES DATA IS MISSING.
T  INDICATES TRACE AMOUNT.




$$
