000
CDUS43 KIND 260536
CLIBMG


CLIMATE REPORT
NATIONAL WEATHER SERVICE INDIANAPOLIS IN
135 AM EDT SUN MAR 26 2017


...................................

...THE BLOOMINGTON IN CLIMATE SUMMARY FOR MARCH 25 2017...

CLIMATE NORMAL PERIOD 1981 TO 2010
CLIMATE RECORD PERIOD 9999 TO 9999


WEATHER ITEM   OBSERVED TIME   NORMAL DEPARTURE LAST
                VALUE   (LST)  VALUE  FROM      YEAR
                                      NORMAL
......................................................
TEMPERATURE (F)
 YESTERDAY
  MAXIMUM         75    231 PM  58     17       50
  MINIMUM         59   1159 PM  35     24       33
  AVERAGE         67            46     21       42

PRECIPITATION (IN)
  YESTERDAY        0.24          0.15   0.09     0.00
  MONTH TO DATE    2.57          2.86  -0.29     3.59
  SINCE MAR 1      2.57          2.86  -0.29     3.59
  SINCE JAN 1      7.61          8.93  -1.32     8.80

DEGREE DAYS
 HEATING
  YESTERDAY        0            19    -19       23
  MONTH TO DATE  548           583    -35      394
  SINCE MAR 1    548           583    -35      394
  SINCE JUL 1   3735          4651   -916     3714

 COOLING
  YESTERDAY        2             0      2        0
  MONTH TO DATE    2             0      2        0
  SINCE MAR 1      2             0      2        0
  SINCE JAN 1      2             0      2        0
......................................................


WIND (MPH)
  HIGHEST WIND SPEED    24   HIGHEST WIND DIRECTION     S (190)
  HIGHEST GUST SPEED    35   HIGHEST GUST DIRECTION     S (180)
  AVERAGE WIND SPEED     9.7


SKY COVER
  AVERAGE SKY COVER 0.4


WEATHER CONDITIONS
 THE FOLLOWING WEATHER WAS RECORDED YESTERDAY.
  RAIN
  LIGHT RAIN
  FOG


RELATIVE HUMIDITY (PERCENT)
 HIGHEST    90           800 PM
 LOWEST     41           300 PM
 AVERAGE    66

..........................................................


THE BLOOMINGTON IN CLIMATE NORMALS FOR TODAY
                         NORMAL
 MAXIMUM TEMPERATURE (F)   58
 MINIMUM TEMPERATURE (F)   35


SUNRISE AND SUNSET
MARCH 26 2017.........SUNRISE   740 AM EDT   SUNSET   805 PM EDT
MARCH 27 2017.........SUNRISE   738 AM EDT   SUNSET   806 PM EDT


-  INDICATES NEGATIVE NUMBERS.
R  INDICATES RECORD WAS SET OR TIED.
MM INDICATES DATA IS MISSING.
T  INDICATES TRACE AMOUNT.




$$
