000
CDUS43 KIND 250536
CLIBMG


CLIMATE REPORT
NATIONAL WEATHER SERVICE INDIANAPOLIS IN
136 AM EDT TUE APR 25 2017


...................................

...THE BLOOMINGTON IN CLIMATE SUMMARY FOR APRIL 24 2017...

CLIMATE NORMAL PERIOD 1981 TO 2010
CLIMATE RECORD PERIOD 9999 TO 9999


WEATHER ITEM   OBSERVED TIME   NORMAL DEPARTURE LAST
                VALUE   (LST)  VALUE  FROM      YEAR
                                      NORMAL
......................................................
TEMPERATURE (F)
 YESTERDAY
  MAXIMUM         77    418 PM  67     10       77
  MINIMUM         45    542 AM  45      0       41
  AVERAGE         61            56      5       59

PRECIPITATION (IN)
  YESTERDAY        0.00          0.17  -0.17     0.00
  MONTH TO DATE    2.07          3.70  -1.63     3.10
  SINCE MAR 1      6.50          7.58  -1.08     7.66
  SINCE JAN 1     11.54         13.65  -2.11    12.87

DEGREE DAYS
 HEATING
  YESTERDAY        4             9     -5        6
  MONTH TO DATE  166           307   -141      317
  SINCE MAR 1    770           995   -225      786
  SINCE JUL 1   3957          5063  -1106     4106

 COOLING
  YESTERDAY        0             1     -1        0
  MONTH TO DATE   28            16     12        5
  SINCE MAR 1     31            19     12        5
  SINCE JAN 1     31            19     12        5
......................................................


WIND (MPH)
  HIGHEST WIND SPEED    17   HIGHEST WIND DIRECTION    NE (40)
  HIGHEST GUST SPEED    25   HIGHEST GUST DIRECTION    NE (40)
  AVERAGE WIND SPEED     8.8


SKY COVER
  AVERAGE SKY COVER 0.2


WEATHER CONDITIONS
 THE FOLLOWING WEATHER WAS RECORDED YESTERDAY.
  NO SIGNIFICANT WEATHER WAS OBSERVED.


RELATIVE HUMIDITY (PERCENT)
 HIGHEST    60           600 AM
 LOWEST     20           100 PM
 AVERAGE    40

..........................................................


THE BLOOMINGTON IN CLIMATE NORMALS FOR TODAY
                         NORMAL
 MAXIMUM TEMPERATURE (F)   68
 MINIMUM TEMPERATURE (F)   45


SUNRISE AND SUNSET
APRIL 25 2017.........SUNRISE   655 AM EDT   SUNSET   834 PM EDT
APRIL 26 2017.........SUNRISE   654 AM EDT   SUNSET   835 PM EDT


-  INDICATES NEGATIVE NUMBERS.
R  INDICATES RECORD WAS SET OR TIED.
MM INDICATES DATA IS MISSING.
T  INDICATES TRACE AMOUNT.




$$
