000
CDUS45 KBOI 290122
CLIBNO


CLIMATE REPORT
NATIONAL WEATHER SERVICE BOISE ID
722 PM MDT SAT MAR 28 2015


...................................

...THE BURNS OR CLIMATE SUMMARY FOR MARCH 28 2015...
VALID TODAY AS OF 0600 PM LOCAL TIME.

CLIMATE NORMAL PERIOD 1981 TO 2010
CLIMATE RECORD PERIOD 1939 TO 2015


WEATHER ITEM   OBSERVED TIME   RECORD YEAR NORMAL DEPARTURE LAST
                VALUE   (LST)  VALUE       VALUE  FROM      YEAR
                                                  NORMAL
..................................................................
TEMPERATURE (F)
 TODAY
  MAXIMUM         58    334 PM  73    1978  53      5       53
                                      1966
  MINIMUM         36    629 AM   8    1975  27      9       30
  AVERAGE         47                        40      7       42

PRECIPITATION (IN)
  TODAY            T             0.27 1967   0.04  -0.04     0.16
  MONTH TO DATE    0.95                      1.00  -0.05     1.22
  SINCE OCT 1      6.60                      6.71  -0.11     4.31
  SINCE JAN 1      2.10                      3.21  -1.11     3.34

DEGREE DAYS
 HEATING
  TODAY           18                        25     -7       23
  MONTH TO DATE  625                       784   -159      711
  SINCE MAR 1    625                       784   -159      711
  SINCE JUL 1   5099                      6312  -1213     5994

 COOLING
  TODAY            0                         0      0        0
  MONTH TO DATE    0                         0      0        0
  SINCE MAR 1      0                         0      0        0
  SINCE JAN 1      0                         0      0        0
..................................................................


WIND (MPH)
  HIGHEST WIND SPEED    37   HIGHEST WIND DIRECTION     W (250)
  HIGHEST GUST SPEED    45   HIGHEST GUST DIRECTION     W (250)
  AVERAGE WIND SPEED    11.9



WEATHER CONDITIONS
 THE FOLLOWING WEATHER WAS RECORDED TODAY.
  NO SIGNIFICANT WEATHER WAS OBSERVED.


RELATIVE HUMIDITY (PERCENT)
 HIGHEST    67           400 AM
 LOWEST     22          1200 PM
 AVERAGE    45

..........................................................


THE BURNS OR CLIMATE NORMALS FOR TOMORROW
                         NORMAL    RECORD    YEAR
 MAXIMUM TEMPERATURE (F)   53        75      1966
 MINIMUM TEMPERATURE (F)   27        13      2008


SUNRISE AND SUNSET
MARCH 28 2015.........SUNRISE   645 AM PDT   SUNSET   718 PM PDT
MARCH 29 2015.........SUNRISE   643 AM PDT   SUNSET   719 PM PDT


-  INDICATES NEGATIVE NUMBERS.
R  INDICATES RECORD WAS SET OR TIED.
MM INDICATES DATA IS MISSING.
T  INDICATES TRACE AMOUNT.




$$
