000
CDUS45 KBOI 030931
CLIBNO


CLIMATE REPORT
NATIONAL WEATHER SERVICE BOISE ID
331 AM MDT MON AUG 3 2015


...................................

...THE BURNS OR CLIMATE SUMMARY FOR AUGUST 2 2015...

CLIMATE NORMAL PERIOD 1981 TO 2010
CLIMATE RECORD PERIOD 1938 TO 2015


WEATHER ITEM   OBSERVED TIME   RECORD YEAR NORMAL DEPARTURE LAST
                VALUE   (LST)  VALUE       VALUE  FROM      YEAR
                                                  NORMAL
..................................................................
TEMPERATURE (F)
 YESTERDAY
  MAXIMUM         99R   342 PM  98    1961  88     11       94
  MINIMUM         54    444 AM  32    1982  48      6       51
  AVERAGE         77                        68      9       73

PRECIPITATION (IN)
  YESTERDAY        0.00          0.19 1976   0.02  -0.02     0.00
  MONTH TO DATE    0.00                      0.03  -0.03     0.00
  SINCE OCT 1      9.07                     10.15  -1.08     6.75
  SINCE JAN 1      4.57                      6.65  -2.08     5.78

DEGREE DAYS
 HEATING
  YESTERDAY        0                         1     -1        0
  MONTH TO DATE    0                         2     -2        0
  SINCE JUN 1     77                       278   -201      197
  SINCE JUL 1     28                        60    -32       12

 COOLING
  YESTERDAY       12                         4      8        8
  MONTH TO DATE   24                         8     16       15
  SINCE JUN 1    246                       137    109      229
  SINCE JAN 1    249                       140    109      229
..................................................................


WIND (MPH)
  HIGHEST WIND SPEED    26   HIGHEST WIND DIRECTION     S (170)
  HIGHEST GUST SPEED    33   HIGHEST GUST DIRECTION    SW (210)
  AVERAGE WIND SPEED     8.1


SKY COVER
  POSSIBLE SUNSHINE  MM
  AVERAGE SKY COVER 0.0


WEATHER CONDITIONS
 THE FOLLOWING WEATHER WAS RECORDED YESTERDAY.
  NO SIGNIFICANT WEATHER WAS OBSERVED.


RELATIVE HUMIDITY (PERCENT)
 HIGHEST    43           500 AM
 LOWEST      6          1000 AM
 AVERAGE    25

..........................................................


THE BURNS OR CLIMATE NORMALS FOR TODAY
                         NORMAL    RECORD    YEAR
 MAXIMUM TEMPERATURE (F)   88       102      1961
 MINIMUM TEMPERATURE (F)   48        37      1996


SUNRISE AND SUNSET
AUGUST  3 2015........SUNRISE   547 AM PDT   SUNSET   816 PM PDT
AUGUST  4 2015........SUNRISE   548 AM PDT   SUNSET   815 PM PDT


-  INDICATES NEGATIVE NUMBERS.
R  INDICATES RECORD WAS SET OR TIED.
MM INDICATES DATA IS MISSING.
T  INDICATES TRACE AMOUNT.




$$
