000
CDUS45 KBOI 250932
CLIBNO


CLIMATE REPORT
NATIONAL WEATHER SERVICE BOISE ID
331 AM MDT SAT OCT 25 2014


...................................

...THE BURNS OR CLIMATE SUMMARY FOR OCTOBER 24 2014...

CLIMATE NORMAL PERIOD 1981 TO 2010
CLIMATE RECORD PERIOD 1939 TO 2014


WEATHER ITEM   OBSERVED TIME   RECORD YEAR NORMAL DEPARTURE LAST
                VALUE   (LST)  VALUE       VALUE  FROM      YEAR
                                                  NORMAL
..................................................................
TEMPERATURE (F)
 YESTERDAY
  MAXIMUM         58    322 PM  79    1959  58      0       70
  MINIMUM         36   1159 PM  14    2001  26     10       25
  AVERAGE         47                        42      5       48

PRECIPITATION (IN)
  YESTERDAY        0.24          0.84 1940   0.03   0.21     0.00
  MONTH TO DATE    0.91                      0.56   0.35     0.04
  SINCE OCT 1      0.91                      0.56   0.35     0.04
  SINCE JAN 1      7.16                      7.98  -0.82     5.97

DEGREE DAYS
 HEATING
  YESTERDAY       18                        23     -5       17
  MONTH TO DATE  362                       459    -97      544
  SINCE SEP 1    556                       741   -185      800
  SINCE JUL 1    621                       878   -257      836

 COOLING
  YESTERDAY        0                         0      0        0
  MONTH TO DATE    0                         0      0        0
  SINCE SEP 1      5                         9     -4       21
  SINCE JAN 1    318                       215    103      372
..................................................................


WIND (MPH)
  HIGHEST WIND SPEED    17   HIGHEST WIND DIRECTION    NE (50)
  HIGHEST GUST SPEED    22   HIGHEST GUST DIRECTION    NE (50)
  AVERAGE WIND SPEED     6.9


SKY COVER
  POSSIBLE SUNSHINE  MM
  AVERAGE SKY COVER 0.6


WEATHER CONDITIONS
 THE FOLLOWING WEATHER WAS RECORDED YESTERDAY.
  LIGHT RAIN
  FOG


RELATIVE HUMIDITY (PERCENT)
 HIGHEST    93          1000 AM
 LOWEST     62           200 PM
 AVERAGE    78

..........................................................


THE BURNS OR CLIMATE NORMALS FOR TODAY
                         NORMAL    RECORD    YEAR
 MAXIMUM TEMPERATURE (F)   57        76      1944
 MINIMUM TEMPERATURE (F)   26        13      1997


SUNRISE AND SUNSET
OCTOBER 25 2014.......SUNRISE   722 AM PDT   SUNSET   557 PM PDT
OCTOBER 26 2014.......SUNRISE   724 AM PDT   SUNSET   555 PM PDT


-  INDICATES NEGATIVE NUMBERS.
R  INDICATES RECORD WAS SET OR TIED.
MM INDICATES DATA IS MISSING.
T  INDICATES TRACE AMOUNT.




$$
