000
CDUS45 KBOI 010931
CLIBNO


CLIMATE REPORT
NATIONAL WEATHER SERVICE BOISE ID
330 AM MDT TUE SEP 1 2015


...................................

...THE BURNS OR CLIMATE SUMMARY FOR AUGUST 31 2015...

CLIMATE NORMAL PERIOD 1981 TO 2010
CLIMATE RECORD PERIOD 1938 TO 2015


WEATHER ITEM   OBSERVED TIME   RECORD YEAR NORMAL DEPARTURE LAST
                VALUE   (LST)  VALUE       VALUE  FROM      YEAR
                                                  NORMAL
..................................................................
TEMPERATURE (F)
 YESTERDAY
  MAXIMUM         79    457 PM  95    1987  81     -2       75
  MINIMUM         35    533 AM  22    1999  41     -6       34
  AVERAGE         57                        61     -4       55

PRECIPITATION (IN)
  YESTERDAY        0.00          0.44 1964   0.01  -0.01     0.00
  MONTH TO DATE    0.21                      0.36  -0.15     0.21
  SINCE OCT 1      9.28                     10.48  -1.20     6.96
  SINCE JAN 1      4.78                      6.98  -2.20     5.99

DEGREE DAYS
 HEATING
  YESTERDAY        8                         5      3       10
  MONTH TO DATE   33                        78    -45       53
  SINCE JUN 1    110                       355   -245      250
  SINCE JUL 1     61                       137    -76       65

 COOLING
  YESTERDAY        0                         1     -1        0
  MONTH TO DATE   88                        74     14       99
  SINCE JUN 1    310                       203    107      313
  SINCE JAN 1    313                       206    107      313
..................................................................


WIND (MPH)
  HIGHEST WIND SPEED    13   HIGHEST WIND DIRECTION     W (270)
  HIGHEST GUST SPEED    16   HIGHEST GUST DIRECTION     S (200)
  AVERAGE WIND SPEED     3.8


SKY COVER
  POSSIBLE SUNSHINE  MM
  AVERAGE SKY COVER 0.0


WEATHER CONDITIONS
 THE FOLLOWING WEATHER WAS RECORDED YESTERDAY.
  NO SIGNIFICANT WEATHER WAS OBSERVED.


RELATIVE HUMIDITY (PERCENT)
 HIGHEST    82           500 AM
 LOWEST     22           500 PM
 AVERAGE    52

..........................................................


THE BURNS OR CLIMATE NORMALS FOR TODAY
                         NORMAL    RECORD    YEAR
 MAXIMUM TEMPERATURE (F)   81        96      1950
 MINIMUM TEMPERATURE (F)   41        28      1999


SUNRISE AND SUNSET
SEPTEMBER  1 2015.....SUNRISE   619 AM PDT   SUNSET   731 PM PDT
SEPTEMBER  2 2015.....SUNRISE   620 AM PDT   SUNSET   730 PM PDT


-  INDICATES NEGATIVE NUMBERS.
R  INDICATES RECORD WAS SET OR TIED.
MM INDICATES DATA IS MISSING.
T  INDICATES TRACE AMOUNT.




$$
