000
CDUS45 KBOI 190121
CLIBNO


CLIMATE REPORT
NATIONAL WEATHER SERVICE BOISE ID
721 PM MDT FRI AUG 18 2017


...................................

...THE BURNS OR CLIMATE SUMMARY FOR AUGUST 18 2017...
VALID TODAY AS OF 0600 PM LOCAL TIME.

CLIMATE NORMAL PERIOD 1981 TO 2010
CLIMATE RECORD PERIOD 1938 TO 2017


WEATHER ITEM   OBSERVED TIME   RECORD YEAR NORMAL DEPARTURE LAST
                VALUE   (LST)  VALUE       VALUE  FROM      YEAR
                                                  NORMAL
..................................................................
TEMPERATURE (F)
 TODAY
  MAXIMUM         91    355 PM  97    2016  85      6       97
  MINIMUM         38    516 AM  27    1995  45     -7       49
  AVERAGE         65                        65      0       73

PRECIPITATION (IN)
  TODAY            0.00          0.52 1941   0.02  -0.02     0.00
  MONTH TO DATE    0.03                      0.21  -0.18      T
  SINCE OCT 1     11.88                     10.33   1.55     9.26
  SINCE JAN 1      8.37                      6.83   1.54     4.39

DEGREE DAYS
 HEATING
  TODAY            0                         3     -3        0
  MONTH TO DATE   10                        30    -20       28
  SINCE JUN 1    193                       306   -113      265
  SINCE JUL 1     10                        88    -78       85

 COOLING
  TODAY            0                         2     -2        8
  MONTH TO DATE   48                        56     -8       74
  SINCE JUN 1    236                       185     51      210
  SINCE JAN 1    237                       188     49      210
..................................................................


WIND (MPH)
  HIGHEST WIND SPEED    17   HIGHEST WIND DIRECTION     W (290)
  HIGHEST GUST SPEED    23   HIGHEST GUST DIRECTION     W (290)
  AVERAGE WIND SPEED     7.0



WEATHER CONDITIONS
 THE FOLLOWING WEATHER WAS RECORDED TODAY.
  NO SIGNIFICANT WEATHER WAS OBSERVED.


RELATIVE HUMIDITY (PERCENT)
 HIGHEST    59           500 AM
 LOWEST      7           400 PM
 AVERAGE    33

..........................................................


THE BURNS OR CLIMATE NORMALS FOR TOMORROW
                         NORMAL    RECORD    YEAR
 MAXIMUM TEMPERATURE (F)   84        97      1967
 MINIMUM TEMPERATURE (F)   44        33      1996


SUNRISE AND SUNSET
AUGUST 18 2017........SUNRISE   604 AM PDT   SUNSET   754 PM PDT
AUGUST 19 2017........SUNRISE   605 AM PDT   SUNSET   752 PM PDT


-  INDICATES NEGATIVE NUMBERS.
R  INDICATES RECORD WAS SET OR TIED.
MM INDICATES DATA IS MISSING.
T  INDICATES TRACE AMOUNT.




$$
