000
CDUS45 KBOI 010121
CLIBNO


CLIMATE REPORT
NATIONAL WEATHER SERVICE BOISE ID
721 PM MDT TUE MAY 31 2016


...................................

...THE BURNS OR CLIMATE SUMMARY FOR MAY 31 2016...
VALID TODAY AS OF 0600 PM LOCAL TIME.

CLIMATE NORMAL PERIOD 1981 TO 2010
CLIMATE RECORD PERIOD 1938 TO 2016


WEATHER ITEM   OBSERVED TIME   RECORD YEAR NORMAL DEPARTURE LAST
                VALUE   (LST)  VALUE       VALUE  FROM      YEAR
                                                  NORMAL
..................................................................
TEMPERATURE (F)
 TODAY
  MAXIMUM         78    455 PM  92    1986  70      8       82
  MINIMUM         33    424 AM  22    2000  39     -6       49
  AVERAGE         56                        55      1       66

PRECIPITATION (IN)
  TODAY            0.00          0.36 1944   0.04  -0.04     0.00
  MONTH TO DATE    0.69                      1.23  -0.54     1.81
  SINCE OCT 1      8.72                      8.96  -0.24     8.56
  SINCE JAN 1      3.85                      5.46  -1.61     4.06

DEGREE DAYS
 HEATING
  TODAY            9                        11     -2        0
  MONTH TO DATE  402                       430    -28      333
  SINCE MAR 1   1618                      1942   -324     1694
  SINCE JUL 1   6779                      7470   -691     6168

 COOLING
  TODAY            0                         0      0        1
  MONTH TO DATE    0                         3     -3        3
  SINCE MAR 1      0                         3     -3        3
  SINCE JAN 1      0                         3     -3        3
..................................................................


WIND (MPH)
  HIGHEST WIND SPEED    10   HIGHEST WIND DIRECTION    SE (140)
  HIGHEST GUST SPEED    14   HIGHEST GUST DIRECTION     S (160)
  AVERAGE WIND SPEED     4.2



WEATHER CONDITIONS
 THE FOLLOWING WEATHER WAS RECORDED TODAY.
  NO SIGNIFICANT WEATHER WAS OBSERVED.


RELATIVE HUMIDITY (PERCENT)
 HIGHEST    82           400 AM
 LOWEST     13           300 PM
 AVERAGE    48

..........................................................


THE BURNS OR CLIMATE NORMALS FOR TOMORROW
                         NORMAL    RECORD    YEAR
 MAXIMUM TEMPERATURE (F)   70        90      1986
 MINIMUM TEMPERATURE (F)   40        24      2000


SUNRISE AND SUNSET
MAY 31 2016...........SUNRISE   518 AM PDT   SUNSET   830 PM PDT
JUNE  1 2016..........SUNRISE   517 AM PDT   SUNSET   831 PM PDT


-  INDICATES NEGATIVE NUMBERS.
R  INDICATES RECORD WAS SET OR TIED.
MM INDICATES DATA IS MISSING.
T  INDICATES TRACE AMOUNT.




$$
