000
CDUS45 KBOI 170931
CLIBNO


CLIMATE REPORT
NATIONAL WEATHER SERVICE BOISE ID
231 AM MST TUE JAN 17 2017


...................................

...THE BURNS OR CLIMATE SUMMARY FOR JANUARY 16 2017...

CLIMATE NORMAL PERIOD 1981 TO 2010
CLIMATE RECORD PERIOD 1938 TO 2017


WEATHER ITEM   OBSERVED TIME   RECORD YEAR NORMAL DEPARTURE LAST
                VALUE   (LST)  VALUE       VALUE  FROM      YEAR
                                                  NORMAL
..................................................................
TEMPERATURE (F)
 YESTERDAY
  MAXIMUM         12    356 PM  50    2014  35    -23       40
  MINIMUM        -16    214 AM -18    1987  15    -31       21
  AVERAGE         -2                        25    -27       31

PRECIPITATION (IN)
  YESTERDAY        0.00          0.56 1970   0.04  -0.04     0.22
  MONTH TO DATE    2.01                      0.68   1.33     0.53
  SINCE OCT 1      5.52                      4.18   1.34     5.40
  SINCE JAN 1      2.01                      0.68   1.33     0.53

DEGREE DAYS
 HEATING
  YESTERDAY       67                        40     27       34
  MONTH TO DATE  913                       651    262      698
  SINCE DEC 1   2262                      1917    345     1957
  SINCE JUL 1   4075                      3918    157     3818

 COOLING
  YESTERDAY        0                         0      0        0
  MONTH TO DATE    0                         0      0        0
  SINCE DEC 1      0                         0      0        0
  SINCE JAN 1      0                         0      0        0
..................................................................


WIND (MPH)
  HIGHEST WIND SPEED    10   HIGHEST WIND DIRECTION     W (270)
  HIGHEST GUST SPEED    10   HIGHEST GUST DIRECTION     W (270)
  AVERAGE WIND SPEED     1.6


SKY COVER
  POSSIBLE SUNSHINE  MM
  AVERAGE SKY COVER 0.1


WEATHER CONDITIONS
 THE FOLLOWING WEATHER WAS RECORDED YESTERDAY.
  FOG
  HAZE


RELATIVE HUMIDITY (PERCENT)
 HIGHEST    95           800 PM
 LOWEST     70           400 PM
 AVERAGE    83

..........................................................


THE BURNS OR CLIMATE NORMALS FOR TODAY
                         NORMAL    RECORD    YEAR
 MAXIMUM TEMPERATURE (F)   35        55      1994
 MINIMUM TEMPERATURE (F)   15       -22      1984


SUNRISE AND SUNSET
JANUARY 17 2017.......SUNRISE   725 AM PST   SUNSET   448 PM PST
JANUARY 18 2017.......SUNRISE   724 AM PST   SUNSET   449 PM PST


-  INDICATES NEGATIVE NUMBERS.
R  INDICATES RECORD WAS SET OR TIED.
MM INDICATES DATA IS MISSING.
T  INDICATES TRACE AMOUNT.




$$
