000
CDUS45 KBOI 200932
CLIBOI


CLIMATE REPORT
NATIONAL WEATHER SERVICE BOISE ID
232 AM MST FRI JAN 20 2017


...................................

...THE BOISE ID CLIMATE SUMMARY FOR JANUARY 19 2017...

CLIMATE NORMAL PERIOD 1981 TO 2010
CLIMATE RECORD PERIOD 1875 TO 2017


WEATHER ITEM   OBSERVED TIME   RECORD YEAR NORMAL DEPARTURE LAST
                VALUE   (LST)  VALUE       VALUE  FROM      YEAR
                                                  NORMAL
..................................................................
TEMPERATURE (F)
 YESTERDAY
  MAXIMUM         39    210 PM  57    1896  38      1       46
  MINIMUM         34    621 PM -16    1883  25      9       36
  AVERAGE         37                        32      5       41

PRECIPITATION (IN)
  YESTERDAY        0.17          0.91 1969   0.04   0.13     0.13
  MONTH TO DATE    2.76                      0.82   1.94     0.48
  SINCE OCT 1      6.26                      4.47   1.79     4.82
  SINCE JAN 1      2.76                      0.82   1.94     0.48

SNOWFALL (IN)
  YESTERDAY        0.0           6.9  1930   0.1   -0.1      0.0
  MONTH TO DATE   17.6                       3.4   14.2      2.2
  SINCE OCT 1     31.6                      13.1   18.5     10.2
  SINCE JUL 1     31.6                      13.1   18.5     10.2
  SNOW DEPTH       4

DEGREE DAYS
 HEATING
  YESTERDAY       28                        33     -5       24
  MONTH TO DATE  873                       655    218      642
  SINCE DEC 1   2157                      1716    441     1665
  SINCE JUL 1   3062                      2970     92     2737

 COOLING
  YESTERDAY        0                         0      0        0
  MONTH TO DATE    0                         0      0        0
  SINCE DEC 1      0                         0      0        0
  SINCE JAN 1      0                         0      0        0
..................................................................


WIND (MPH)
  HIGHEST WIND SPEED    18   HIGHEST WIND DIRECTION    SE (130)
  HIGHEST GUST SPEED    24   HIGHEST GUST DIRECTION    SE (130)
  AVERAGE WIND SPEED     9.6


SKY COVER
  POSSIBLE SUNSHINE  MM
  AVERAGE SKY COVER 0.9


WEATHER CONDITIONS
 THE FOLLOWING WEATHER WAS RECORDED YESTERDAY.
  RAIN
  LIGHT RAIN
  FOG


RELATIVE HUMIDITY (PERCENT)
 HIGHEST    92           300 AM
 LOWEST     82          1100 AM
 AVERAGE    87

..........................................................


THE BOISE ID CLIMATE NORMALS FOR TODAY
                         NORMAL    RECORD    YEAR
 MAXIMUM TEMPERATURE (F)   38        57      1953
 MINIMUM TEMPERATURE (F)   25       -15      1937


SUNRISE AND SUNSET
JANUARY 20 2017.......SUNRISE   812 AM MST   SUNSET   541 PM MST
JANUARY 21 2017.......SUNRISE   811 AM MST   SUNSET   542 PM MST


-  INDICATES NEGATIVE NUMBERS.
R  INDICATES RECORD WAS SET OR TIED.
MM INDICATES DATA IS MISSING.
T  INDICATES TRACE AMOUNT.




$$
