000
CDUS45 KBOI 110933
CLIBOI


CLIMATE REPORT
NATIONAL WEATHER SERVICE BOISE ID
232 AM MST SUN DEC 11 2016


...................................

...THE BOISE ID CLIMATE SUMMARY FOR DECEMBER 10 2016...

CLIMATE NORMAL PERIOD 1981 TO 2010
CLIMATE RECORD PERIOD 1875 TO 2016


WEATHER ITEM   OBSERVED TIME   RECORD YEAR NORMAL DEPARTURE LAST
                VALUE   (LST)  VALUE       VALUE  FROM      YEAR
                                                  NORMAL
..................................................................
TEMPERATURE (F)
 YESTERDAY
  MAXIMUM         36    957 AM  70    1939  38     -2       50
  MINIMUM         30   1159 PM -23    1972  25      5       35
  AVERAGE         33                        31      2       43

PRECIPITATION (IN)
  YESTERDAY        0.41R         0.36 1937   0.05   0.36     0.18
  MONTH TO DATE    0.93                      0.50   0.43     0.74
  SINCE OCT 1      2.44                      2.60  -0.16     3.37
  SINCE JAN 1      7.62                     10.68  -3.06     9.99

SNOWFALL (IN)
  YESTERDAY        0.0           2.0  1966   0.2   -0.2      0.0
  MONTH TO DATE    1.5                       1.9   -0.4       T
  SINCE OCT 1      1.5                       4.6   -3.1      3.7
  SINCE JUL 1      1.5                       4.6   -3.1      3.7
  SNOW DEPTH       1

DEGREE DAYS
 HEATING
  YESTERDAY       32                        34     -2       22
  MONTH TO DATE  359                       326     33      268
  SINCE DEC 1    359                       326     33      268
  SINCE JUL 1   1264                      1580   -316     1340

 COOLING
  YESTERDAY        0                         0      0        0
  MONTH TO DATE    0                         0      0        0
  SINCE DEC 1      0                         0      0        0
  SINCE JAN 1   1001                       942     59     1280
..................................................................


WIND (MPH)
  HIGHEST WIND SPEED    10   HIGHEST WIND DIRECTION    SE (140)
  HIGHEST GUST SPEED    13   HIGHEST GUST DIRECTION    SW (220)
  AVERAGE WIND SPEED     3.3


SKY COVER
  POSSIBLE SUNSHINE  MM
  AVERAGE SKY COVER 1.0


WEATHER CONDITIONS
 THE FOLLOWING WEATHER WAS RECORDED YESTERDAY.
  LIGHT RAIN
  LT FREEZING RAIN
  FOG
  FOG W/VISIBILITY <= 1/4 MILE


RELATIVE HUMIDITY (PERCENT)
 HIGHEST   100          1200 AM
 LOWEST     92           200 AM
 AVERAGE    96

..........................................................


THE BOISE ID CLIMATE NORMALS FOR TODAY
                         NORMAL    RECORD    YEAR
 MAXIMUM TEMPERATURE (F)   38        63      2014
                                             1933
 MINIMUM TEMPERATURE (F)   24       -22      1972


SUNRISE AND SUNSET
DECEMBER 11 2016......SUNRISE   808 AM MST   SUNSET   508 PM MST
DECEMBER 12 2016......SUNRISE   809 AM MST   SUNSET   508 PM MST


-  INDICATES NEGATIVE NUMBERS.
R  INDICATES RECORD WAS SET OR TIED.
MM INDICATES DATA IS MISSING.
T  INDICATES TRACE AMOUNT.




$$
