000
CDUS45 KBOI 040932
CLIBOI


CLIMATE REPORT
NATIONAL WEATHER SERVICE BOISE ID
330 AM MDT SAT JUL 4 2015


...................................

...THE BOISE ID CLIMATE SUMMARY FOR JULY 3 2015...

CLIMATE NORMAL PERIOD 1981 TO 2010
CLIMATE RECORD PERIOD 1878 TO 2015


WEATHER ITEM   OBSERVED TIME   RECORD YEAR NORMAL DEPARTURE LAST
                VALUE   (LST)  VALUE       VALUE  FROM      YEAR
                                                  NORMAL
..................................................................
TEMPERATURE (F)
 YESTERDAY
  MAXIMUM        102    547 PM 106    2001  88     14       98
  MINIMUM         69    526 AM  40    1990  58     11       63
                                      1983
                                      1921
  AVERAGE         86                        73     13       81

PRECIPITATION (IN)
  YESTERDAY        0.00          0.23 1940   0.01  -0.01     0.00
  MONTH TO DATE    0.00                      0.04  -0.04     0.00
  SINCE OCT 1     10.87                     10.62   0.25    11.28
  SINCE JAN 1      4.96                      6.97  -2.01     8.37

SNOWFALL (IN)
  YESTERDAY        0.0           0.0  2006   0.0    0.0      0.0
  MONTH TO DATE    0.0                       0.0    0.0      0.0
  SINCE OCT 1     13.3                      19.2   -5.9     14.4
  SINCE JUL 1      0.0                       0.0    0.0      0.0
  SNOW DEPTH       0

DEGREE DAYS
 HEATING
  YESTERDAY        0                         1     -1        0
  MONTH TO DATE    0                         3     -3        0
  SINCE JUN 1      2                        67    -65       36
  SINCE JUL 1      0                         3     -3        0

 COOLING
  YESTERDAY       21                         8     13       16
  MONTH TO DATE   64                        24     40       47
  SINCE JUN 1    402                       163    239      159
  SINCE JAN 1    437                       207    230      183
..................................................................


WIND (MPH)
  HIGHEST WIND SPEED    20   HIGHEST WIND DIRECTION    NW (320)
  HIGHEST GUST SPEED    24   HIGHEST GUST DIRECTION    NW (320)
  AVERAGE WIND SPEED     6.6


SKY COVER
  POSSIBLE SUNSHINE  MM
  AVERAGE SKY COVER 0.0


WEATHER CONDITIONS
 THE FOLLOWING WEATHER WAS RECORDED YESTERDAY.
  NO SIGNIFICANT WEATHER WAS OBSERVED.


RELATIVE HUMIDITY (PERCENT)
 HIGHEST    41           200 AM
 LOWEST     10           400 PM
 AVERAGE    26

..........................................................


THE BOISE ID CLIMATE NORMALS FOR TODAY
                         NORMAL    RECORD    YEAR
 MAXIMUM TEMPERATURE (F)   88       106      1937
 MINIMUM TEMPERATURE (F)   58        43      1959
                                             1901


SUNRISE AND SUNSET
JULY  4 2015..........SUNRISE   609 AM MDT   SUNSET   929 PM MDT
JULY  5 2015..........SUNRISE   610 AM MDT   SUNSET   929 PM MDT


-  INDICATES NEGATIVE NUMBERS.
R  INDICATES RECORD WAS SET OR TIED.
MM INDICATES DATA IS MISSING.
T  INDICATES TRACE AMOUNT.




$$
