000
CDUS45 KBOI 160131
CLIBOI


CLIMATE REPORT
NATIONAL WEATHER SERVICE BOISE ID
631 PM MST FRI DEC 15 2017


...................................

...THE BOISE ID CLIMATE SUMMARY FOR DECEMBER 15 2017...
VALID TODAY AS OF 0600 PM LOCAL TIME.

CLIMATE NORMAL PERIOD 1981 TO 2010
CLIMATE RECORD PERIOD 1875 TO 2017


WEATHER ITEM   OBSERVED TIME   RECORD YEAR NORMAL DEPARTURE LAST
                VALUE   (LST)  VALUE       VALUE  FROM      YEAR
                                                  NORMAL
..................................................................
TEMPERATURE (F)
 TODAY
  MAXIMUM         29    417 PM  60    1929  37     -8       41
  MINIMUM         26   1208 PM  -7    1972  24      2       32
  AVERAGE         28                        30     -2       37

PRECIPITATION (IN)
  TODAY            T             0.82 2009   0.05  -0.05     0.06
  MONTH TO DATE    0.35                      0.74  -0.39     1.18
  SINCE OCT 1      2.72                      2.84  -0.12     2.69
  SINCE JAN 1     14.70                     10.92   3.78     7.87

DEGREE DAYS
 HEATING
  TODAY           37                        35      2       28
  MONTH TO DATE  540                       498     42      521
  SINCE DEC 1    540                       498     42      521
  SINCE JUL 1   1764                      1752     12     1426

 COOLING
  TODAY            0                         0      0        0
  MONTH TO DATE    0                         0      0        0
  SINCE DEC 1      0                         0      0        0
  SINCE JAN 1   1341                       942    399     1001
..................................................................


WIND (MPH)
  HIGHEST WIND SPEED    14   HIGHEST WIND DIRECTION    SE (130)
  HIGHEST GUST SPEED    18   HIGHEST GUST DIRECTION    SE (130)
  AVERAGE WIND SPEED     6.8



WEATHER CONDITIONS
 THE FOLLOWING WEATHER WAS RECORDED TODAY.
  LIGHT SNOW
  FOG


RELATIVE HUMIDITY (PERCENT)
 HIGHEST    92          1200 AM
 LOWEST     75           200 PM
 AVERAGE    84

..........................................................


THE BOISE ID CLIMATE NORMALS FOR TOMORROW
                         NORMAL    RECORD    YEAR
 MAXIMUM TEMPERATURE (F)   37        64      1939
 MINIMUM TEMPERATURE (F)   23        -2      1985
                                             1922


SUNRISE AND SUNSET
DECEMBER 15 2017......SUNRISE   811 AM MST   SUNSET   509 PM MST
DECEMBER 16 2017......SUNRISE   812 AM MST   SUNSET   509 PM MST


-  INDICATES NEGATIVE NUMBERS.
R  INDICATES RECORD WAS SET OR TIED.
MM INDICATES DATA IS MISSING.
T  INDICATES TRACE AMOUNT.




$$
