000
CDUS45 KBOI 010933
CLIBOI


CLIMATE REPORT
NATIONAL WEATHER SERVICE BOISE ID
233 AM MST SUN MAR 1 2015


...................................

...THE BOISE ID CLIMATE SUMMARY FOR FEBRUARY 28 2015...

CLIMATE NORMAL PERIOD 1981 TO 2010
CLIMATE RECORD PERIOD 1878 TO 2015


WEATHER ITEM   OBSERVED TIME   RECORD YEAR NORMAL DEPARTURE LAST
                VALUE   (LST)  VALUE       VALUE  FROM      YEAR
                                                  NORMAL
..................................................................
TEMPERATURE (F)
 YESTERDAY
  MAXIMUM         47    537 PM  66    1992  50     -3       55
                                      1988
  MINIMUM         30   1159 PM  -1    1890  31     -1       37
  AVERAGE         39                        40     -1       46

PRECIPITATION (IN)
  YESTERDAY        0.05          0.39 1946   0.04   0.01      T
  MONTH TO DATE    1.35                      0.99   0.36     2.20
  SINCE OCT 1      8.09                      5.88   2.21     5.92
  SINCE JAN 1      2.18                      2.23  -0.05     3.01

SNOWFALL (IN)
  YESTERDAY        0.0           1.6  1977   0.1   -0.1      0.0
  MONTH TO DATE    0.2                       2.8   -2.6      4.2
  SINCE OCT 1     13.3                      17.6   -4.3     14.4
  SINCE JUL 1     13.3                      17.6   -4.3     14.4
  SNOW DEPTH       0

DEGREE DAYS
 HEATING
  YESTERDAY       26                        25      1       19
  MONTH TO DATE  582                       798   -216      719
  SINCE DEC 1   2456                      2905   -449     3046
  SINCE JUL 1   3595                      4159   -564     4340

 COOLING
  YESTERDAY        0                         0      0        0
  MONTH TO DATE    0                         0      0        0
  SINCE DEC 1      0                         0      0        0
  SINCE JAN 1      0                         0      0        0
..................................................................


WIND (MPH)
  HIGHEST WIND SPEED    21   HIGHEST WIND DIRECTION    NE (40)
  HIGHEST GUST SPEED    25   HIGHEST GUST DIRECTION     N (360)
  AVERAGE WIND SPEED     5.7


SKY COVER
  POSSIBLE SUNSHINE  MM
  AVERAGE SKY COVER 0.8


WEATHER CONDITIONS
 THE FOLLOWING WEATHER WAS RECORDED YESTERDAY.
  LIGHT RAIN
  HAZE


RELATIVE HUMIDITY (PERCENT)
 HIGHEST    89           800 AM
 LOWEST     59           400 AM
 AVERAGE    74

..........................................................


THE BOISE ID CLIMATE NORMALS FOR TODAY
                         NORMAL    RECORD    YEAR
 MAXIMUM TEMPERATURE (F)   50        66      1994
                                             1992
 MINIMUM TEMPERATURE (F)   31         6      1971


SUNRISE AND SUNSET
MARCH  1 2015.........SUNRISE   722 AM MST   SUNSET   633 PM MST
MARCH  2 2015.........SUNRISE   720 AM MST   SUNSET   635 PM MST


-  INDICATES NEGATIVE NUMBERS.
R  INDICATES RECORD WAS SET OR TIED.
MM INDICATES DATA IS MISSING.
T  INDICATES TRACE AMOUNT.




$$
