000
CDUS41 KBOX 250550
CLIBOS


CLIMATE REPORT
NATIONAL WEATHER SERVICE TAUNTON MA
147 AM EDT SUN JUN 25 2017


...................................

...THE BOSTON MA CLIMATE SUMMARY FOR JUNE 24 2017...

CLIMATE NORMAL PERIOD 1981 TO 2010
CLIMATE RECORD PERIOD 1872 TO 2017


WEATHER ITEM   OBSERVED TIME   RECORD YEAR NORMAL DEPARTURE LAST
                VALUE   (LST)  VALUE       VALUE  FROM      YEAR
                                                  NORMAL
..................................................................
TEMPERATURE (F)
 YESTERDAY
  MAXIMUM         88    339 PM  95    2013  79      9       72
                                      1976
  MINIMUM         71    402 AM  46    1932  62      9       61
  AVERAGE         80                        70     10       67

PRECIPITATION (IN)
  YESTERDAY        0.08          2.07 1944   0.10  -0.02     0.00
  MONTH TO DATE    4.70                      3.10   1.60     1.22
  SINCE JUN 1      4.70                      3.10   1.60     1.22
  SINCE JAN 1     25.53                     21.26   4.27    17.56

SNOWFALL (IN)
  YESTERDAY        0.0           0.0  2002   0.0    0.0      0.0
                                      2001
                                      2000
  MONTH TO DATE    0.0                       0.0    0.0      0.0
  SINCE JUN 1      0.0                       0.0    0.0      0.0
  SINCE JUL 1     47.6                      43.8    3.8     36.1
  SNOW DEPTH      MM

DEGREE DAYS
 HEATING
  YESTERDAY        0                         1     -1        0
  MONTH TO DATE   50                        52     -2       17
  SINCE JUN 1     50                        52     -2       17
  SINCE JUL 1   5254                      5678   -424     4804

 COOLING
  YESTERDAY       15                         6      9        2
  MONTH TO DATE  151                        96     55       80
  SINCE JUN 1    151                        96     55       80
  SINCE JAN 1    211                       126     85      125
..................................................................


WIND (MPH)
  RESULTANT WIND SPEED  11   RESULTANT WIND DIRECTION  SW (240)
  HIGHEST WIND SPEED    24   HIGHEST WIND DIRECTION     W (270)
  HIGHEST GUST SPEED    32   HIGHEST GUST DIRECTION     W (290)
  AVERAGE WIND SPEED    13.0


SKY COVER
  POSSIBLE SUNSHINE  MM
  AVERAGE SKY COVER 0.6


WEATHER CONDITIONS
 THE FOLLOWING WEATHER WAS RECORDED YESTERDAY.
  RAIN
  LIGHT RAIN
  FOG


RELATIVE HUMIDITY (PERCENT)
 HIGHEST    93           200 AM
 LOWEST     34           400 PM
 AVERAGE    64

..........................................................


THE BOSTON MA CLIMATE NORMALS FOR TODAY
                         NORMAL    RECORD    YEAR
 MAXIMUM TEMPERATURE (F)   79        97      1943
 MINIMUM TEMPERATURE (F)   62        48      1903


SUNRISE AND SUNSET
JUNE 25 2017..........SUNRISE   509 AM EDT   SUNSET   825 PM EDT
JUNE 26 2017..........SUNRISE   509 AM EDT   SUNSET   825 PM EDT


-  INDICATES NEGATIVE NUMBERS.
R  INDICATES RECORD WAS SET OR TIED.
MM INDICATES DATA IS MISSING.
T  INDICATES TRACE AMOUNT.




$$
