000
CDUS41 KBOX 260550
CLIBOS


CLIMATE REPORT
NATIONAL WEATHER SERVICE TAUNTON MA
145 AM EDT SUN MAR 26 2017


...................................

...THE BOSTON MA CLIMATE SUMMARY FOR MARCH 25 2017...

CLIMATE NORMAL PERIOD 1981 TO 2010
CLIMATE RECORD PERIOD 1872 TO 2017


WEATHER ITEM   OBSERVED TIME   RECORD YEAR NORMAL DEPARTURE LAST
                VALUE   (LST)  VALUE       VALUE  FROM      YEAR
                                                  NORMAL
..................................................................
TEMPERATURE (F)
 YESTERDAY
  MAXIMUM         47    102 AM  78    1963  48     -1       46
                                      1910
  MINIMUM         34   1159 PM  10    1878  34      0       37
  AVERAGE         41                        41      0       42

PRECIPITATION (IN)
  YESTERDAY        0.08          1.50 1909   0.15  -0.07     0.16
  MONTH TO DATE    2.05                      3.46  -1.41     2.75
  SINCE MAR 1      2.05                      3.46  -1.41     2.75
  SINCE JAN 1      9.52                     10.07  -0.55    10.19

SNOWFALL (IN)
  YESTERDAY        0.0           0.7  1912   0.1   -0.1      0.0
  MONTH TO DATE    9.5                       6.8    2.7      4.1
  SINCE MAR 1      9.5                       6.8    2.7      4.1
  SINCE JUL 1     45.8                      40.9    4.9     29.5
  SNOW DEPTH      MM

DEGREE DAYS
 HEATING
  YESTERDAY       24                        24      0       23
  MONTH TO DATE  795                       690    105      567
  SINCE MAR 1    795                       690    105      567
  SINCE JUL 1   4334                      4732   -398     3897

 COOLING
  YESTERDAY        0                         0      0        0
  MONTH TO DATE    0                         0      0        0
  SINCE MAR 1      0                         0      0        0
  SINCE JAN 1      0                         0      0        0
..................................................................


WIND (MPH)
  RESULTANT WIND SPEED   4   RESULTANT WIND DIRECTION   N (340)
  HIGHEST WIND SPEED    14   HIGHEST WIND DIRECTION    NE (50)
  HIGHEST GUST SPEED    16   HIGHEST GUST DIRECTION    NE (40)
  AVERAGE WIND SPEED     6.9


SKY COVER
  POSSIBLE SUNSHINE  MM
  AVERAGE SKY COVER 0.8


WEATHER CONDITIONS
 THE FOLLOWING WEATHER WAS RECORDED YESTERDAY.
  LIGHT RAIN
  FOG


RELATIVE HUMIDITY (PERCENT)
 HIGHEST    92           800 AM
 LOWEST     60           100 AM
 AVERAGE    76

..........................................................


THE BOSTON MA CLIMATE NORMALS FOR TODAY
                         NORMAL    RECORD    YEAR
 MAXIMUM TEMPERATURE (F)   48        79      1922
 MINIMUM TEMPERATURE (F)   34        13      1960


SUNRISE AND SUNSET
MARCH 26 2017.........SUNRISE   637 AM EDT   SUNSET   703 PM EDT
MARCH 27 2017.........SUNRISE   635 AM EDT   SUNSET   705 PM EDT


-  INDICATES NEGATIVE NUMBERS.
R  INDICATES RECORD WAS SET OR TIED.
MM INDICATES DATA IS MISSING.
T  INDICATES TRACE AMOUNT.




$$
