000
CDUS41 KBOX 010539
CLIBOS


CLIMATE REPORT
NATIONAL WEATHER SERVICE TAUNTON MA
138 AM EDT WED JUN 1 2016


...................................

...THE BOSTON MA CLIMATE SUMMARY FOR MAY 31 2016...

CLIMATE NORMAL PERIOD 1981 TO 2010
CLIMATE RECORD PERIOD 1872 TO 2016


WEATHER ITEM   OBSERVED TIME   RECORD YEAR NORMAL DEPARTURE LAST
                VALUE   (LST)  VALUE       VALUE  FROM      YEAR
                                                  NORMAL
..................................................................
TEMPERATURE (F)
 YESTERDAY
  MAXIMUM         87    459 PM  96    1944  71     16       77
  MINIMUM         68    201 AM  39    1884  55     13       48
  AVERAGE         78                        63     15       63

PRECIPITATION (IN)
  YESTERDAY        0.00          4.12 1984   0.12  -0.12     0.91
  MONTH TO DATE    2.83                      3.49  -0.66     1.22
  SINCE MAR 1      8.90                     11.55  -2.65     6.55
  SINCE JAN 1     16.34                     18.16  -1.82    13.49

SNOWFALL (IN)
  YESTERDAY        0.0           0.0  2015   0.0    0.0      0.0
  MONTH TO DATE    0.0                       0.0    0.0      0.0
  SINCE MAR 1     10.7                       9.7    1.0      8.6
  SINCE JUL 1     36.1                      43.8   -7.7    110.6
  SNOW DEPTH       MM

DEGREE DAYS
 HEATING
  YESTERDAY        0                         4     -4        2
  MONTH TO DATE  234                       245    -11      137
  SINCE MAR 1   1457                      1584   -127     1616
  SINCE JUL 1   4787                      5626   -839     5931

 COOLING
  YESTERDAY       13                         2     11        0
  MONTH TO DATE   42                        27     15       61
  SINCE MAR 1     45                        30     15       61
  SINCE JAN 1     45                        30     15       61
..................................................................


WIND (MPH)
  RESULTANT WIND SPEED  11   RESULTANT WIND DIRECTION   W (260)
  HIGHEST WIND SPEED    20   HIGHEST WIND DIRECTION     W (270)
  HIGHEST GUST SPEED    29   HIGHEST GUST DIRECTION     W (270)
  AVERAGE WIND SPEED    11.4


SKY COVER
  POSSIBLE SUNSHINE  MM
  AVERAGE SKY COVER 0.5


WEATHER CONDITIONS
 THE FOLLOWING WEATHER WAS RECORDED YESTERDAY.
  NO SIGNIFICANT WEATHER WAS OBSERVED.


RELATIVE HUMIDITY (PERCENT)
 HIGHEST    93          1200 AM
 LOWEST     23           400 PM
 AVERAGE    58

..........................................................


THE BOSTON MA CLIMATE NORMALS FOR TODAY
                         NORMAL    RECORD    YEAR
 MAXIMUM TEMPERATURE (F)   71        96      1879
 MINIMUM TEMPERATURE (F)   55        41      1945


SUNRISE AND SUNSET
JUNE  1 2016..........SUNRISE   510 AM EDT   SUNSET   815 PM EDT
JUNE  2 2016..........SUNRISE   509 AM EDT   SUNSET   816 PM EDT


-  INDICATES NEGATIVE NUMBERS.
R  INDICATES RECORD WAS SET OR TIED.
MM INDICATES DATA IS MISSING.
T  INDICATES TRACE AMOUNT.




$$
