000
CDUS41 KBOX 300546
CLIBOS


CLIMATE REPORT
NATIONAL WEATHER SERVICE TAUNTON MA
142 AM EDT TUE SEP 30 2014


...................................

...THE BOSTON MA CLIMATE SUMMARY FOR SEPTEMBER 29 2014...

CLIMATE NORMAL PERIOD 1981 TO 2010
CLIMATE RECORD PERIOD 1872 TO 2014


WEATHER ITEM   OBSERVED TIME   RECORD YEAR NORMAL DEPARTURE LAST
                VALUE   (LST)  VALUE       VALUE  FROM      YEAR
                                                  NORMAL
..................................................................
TEMPERATURE (F)
 YESTERDAY
  MAXIMUM         74   1207 PM  88    1952  68      6       62
  MINIMUM         57   1159 PM  34    1914  52      5       51
  AVERAGE         66                        60      6       57

PRECIPITATION (IN)
  YESTERDAY        T             2.83 1907   0.12  -0.12     0.00
  MONTH TO DATE    0.52                      3.31  -2.79     2.21
  SINCE SEP 1      0.52                      3.31  -2.79     2.21
  SINCE JAN 1     27.41                     31.93  -4.52    32.41

SNOWFALL (IN)
  YESTERDAY        0.0           0.0  2002   0.0    0.0      0.0
                                      2001
                                      2000
  MONTH TO DATE    0.0                       0.0    0.0      0.0
  SINCE SEP 1      0.0                       0.0    0.0      0.0
  SINCE JUL 1      0.0                       0.0    0.0      0.0
  SNOW DEPTH      MM

DEGREE DAYS
 HEATING
  YESTERDAY        0                         6     -6        8
  MONTH TO DATE   68                        78    -10       76
  SINCE SEP 1     68                        78    -10       76
  SINCE JUL 1     68                        91    -23       78

 COOLING
  YESTERDAY        1                         1      0        0
  MONTH TO DATE  120                        79     41       82
  SINCE SEP 1    120                        79     41       82
  SINCE JAN 1    759                       738     21      903
..................................................................


WIND (MPH)
  RESULTANT WIND SPEED   5   RESULTANT WIND DIRECTION  NE (30)
  HIGHEST WIND SPEED    18   HIGHEST WIND DIRECTION    NE (50)
  HIGHEST GUST SPEED    23   HIGHEST GUST DIRECTION    NE (50)
  AVERAGE WIND SPEED     9.7


SKY COVER
  POSSIBLE SUNSHINE  MM
  AVERAGE SKY COVER 0.7


WEATHER CONDITIONS
 THE FOLLOWING WEATHER WAS RECORDED YESTERDAY.
  LIGHT RAIN
  FOG


RELATIVE HUMIDITY (PERCENT)
 HIGHEST    93           800 PM
 LOWEST     57          1200 PM
 AVERAGE    75

..........................................................


THE BOSTON MA CLIMATE NORMALS FOR TODAY
                         NORMAL    RECORD    YEAR
 MAXIMUM TEMPERATURE (F)   67        87      1986
 MINIMUM TEMPERATURE (F)   52        36      1888


SUNRISE AND SUNSET
SEPTEMBER 30 2014.....SUNRISE   640 AM EDT   SUNSET   627 PM EDT
OCTOBER  1 2014.......SUNRISE   641 AM EDT   SUNSET   626 PM EDT


-  INDICATES NEGATIVE NUMBERS.
R  INDICATES RECORD WAS SET OR TIED.
MM INDICATES DATA IS MISSING.
T  INDICATES TRACE AMOUNT.




$$
