000
CDUS41 KBOX 032137
CLIBOS


CLIMATE REPORT
NATIONAL WEATHER SERVICE TAUNTON MA
533 PM EDT FRI JUL 3 2015


...................................

...THE BOSTON MA CLIMATE SUMMARY FOR JULY 3 2015...
VALID AS OF 0500 PM LOCAL TIME.

CLIMATE NORMAL PERIOD 1981 TO 2010
CLIMATE RECORD PERIOD 1872 TO 2015


WEATHER ITEM   OBSERVED TIME   RECORD YEAR NORMAL DEPARTURE LAST
                VALUE   (LST)  VALUE       VALUE  FROM      YEAR
                                                  NORMAL
..................................................................
TEMPERATURE (F)
 TODAY
  MAXIMUM         76        MM 102    1911  81     -5       92
  MINIMUM         63        MM  51    1914  64     -1       69
  AVERAGE         70                        72     -2       81

PRECIPITATION (IN)
  TODAY            0.00          2.03 1916   0.09  -0.09     0.28
  MONTH TO DATE    0.00                      0.27  -0.27     0.28
  SINCE JUN 1      5.01                      3.95   1.06     2.90
  SINCE JAN 1     18.50                     22.11  -3.61    20.85

SNOWFALL (IN)
  TODAY            0.0           0.0  2002   0.0    0.0      0.0
                                      2001
                                      2000
  MONTH TO DATE    0.0                       0.0    0.0      0.0
  SINCE JUN 1      0.0                       0.0    0.0      0.0
  SINCE JUL 1      0.0                       0.0    0.0      0.0
  SNOW DEPTH       0

DEGREE DAYS
 HEATING
  TODAY            0                         0      0        0
  MONTH TO DATE    0                         0      0        0
  SINCE JUN 1     98                        55     43       28
  SINCE JUL 1      0                         0      0        0

 COOLING
  TODAY            5                         8     -3       16
  MONTH TO DATE   12                        23    -11       47
  SINCE JUN 1    109                       159    -50      185
  SINCE JAN 1    170                       189    -19      207
..................................................................


WIND (MPH)
  HIGHEST WIND SPEED    13   HIGHEST WIND DIRECTION    SE (130)
  HIGHEST GUST SPEED    17   HIGHEST GUST DIRECTION     E (110)
  AVERAGE WIND SPEED     8.7


SKY COVER
  POSSIBLE SUNSHINE  MM
  AVERAGE SKY COVER 0.3


WEATHER CONDITIONS
 THE FOLLOWING WEATHER WAS RECORDED TODAY.
  NO SIGNIFICANT WEATHER WAS OBSERVED.


RELATIVE HUMIDITY (PERCENT)
 HIGHEST    67           300 AM
 LOWEST     38          1000 AM
 AVERAGE    53

..........................................................


THE BOSTON MA CLIMATE NORMALS FOR TOMORROW
                         NORMAL    RECORD    YEAR
 MAXIMUM TEMPERATURE (F)   81       104      1911
 MINIMUM TEMPERATURE (F)   64        53      1914


SUNRISE AND SUNSET
JULY  3 2015..........SUNRISE   512 AM EDT   SUNSET   824 PM EDT
JULY  4 2015..........SUNRISE   513 AM EDT   SUNSET   824 PM EDT


-  INDICATES NEGATIVE NUMBERS.
R  INDICATES RECORD WAS SET OR TIED.
MM INDICATES DATA IS MISSING.
T  INDICATES TRACE AMOUNT.




$$
