000
CDUS41 KBOX 031235
CLIBOS


CLIMATE REPORT
NATIONAL WEATHER SERVICE TAUNTON MA
835 AM EDT WED JUN 3 2015


...................................

...THE BOSTON MA CLIMATE SUMMARY FOR JUNE 2 2015...

CLIMATE NORMAL PERIOD 1981 TO 2010
CLIMATE RECORD PERIOD 1872 TO 2015


WEATHER ITEM   OBSERVED TIME   RECORD YEAR NORMAL DEPARTURE LAST
                VALUE   (LST)  VALUE       VALUE  FROM      YEAR
                                                  NORMAL
..................................................................
TEMPERATURE (F)
 YESTERDAY
  MAXIMUM         49    427 PM  96    1895  72    -23       83
  MINIMUM         46    539 AM  42    1884  55     -9       56
  AVERAGE         48                        63    -15       70

PRECIPITATION (IN)
  YESTERDAY        0.74          2.19 1982   0.14   0.60     0.00
  MONTH TO DATE    1.12                      0.29   0.83     0.00
  SINCE JUN 1      1.12                      0.29   0.83     0.00
  SINCE JAN 1     14.61                     18.45  -3.84    17.95

SNOWFALL (IN)
  YESTERDAY       MM             0.0  2002   0.0   MM        0.0
                                      2001
                                      2000
  MONTH TO DATE   MM                         0.0   MM        0.0
  SINCE JUN 1     MM                         0.0   MM        0.0
  SINCE JUL 1    110.6                      43.8   66.8     58.9
  SNOW DEPTH       0

DEGREE DAYS
 HEATING
  YESTERDAY       17                         4     13        0
  MONTH TO DATE   34                         8     26        6
  SINCE JUN 1     34                         8     26        6
  SINCE JUL 1   5965                      5634    331     5835

 COOLING
  YESTERDAY        0                         2     -2        5
  MONTH TO DATE    0                         4     -4        5
  SINCE JUN 1      0                         4     -4        5
  SINCE JAN 1     61                        34     27       27
..................................................................


WIND (MPH)
  RESULTANT WIND SPEED  11   RESULTANT WIND DIRECTION  NE (30)
  HIGHEST WIND SPEED    20   HIGHEST WIND DIRECTION    NE (40)
  HIGHEST GUST SPEED    26   HIGHEST GUST DIRECTION    NE (40)
  AVERAGE WIND SPEED    11.1


SKY COVER
  POSSIBLE SUNSHINE  MM
  AVERAGE SKY COVER 0.8


WEATHER CONDITIONS
 THE FOLLOWING WEATHER WAS RECORDED YESTERDAY.
  HEAVY RAIN
  RAIN
  LIGHT RAIN
  FOG


RELATIVE HUMIDITY (PERCENT)
 HIGHEST   100           700 AM
 LOWEST     86           300 PM
 AVERAGE    93

..........................................................


THE BOSTON MA CLIMATE NORMALS FOR TODAY
                         NORMAL    RECORD    YEAR
 MAXIMUM TEMPERATURE (F)   72        98      1919
 MINIMUM TEMPERATURE (F)   56        44      1915
                                             1881


SUNRISE AND SUNSET
JUNE  3 2015..........SUNRISE   509 AM EDT   SUNSET   816 PM EDT
JUNE  4 2015..........SUNRISE   509 AM EDT   SUNSET   816 PM EDT


-  INDICATES NEGATIVE NUMBERS.
R  INDICATES RECORD WAS SET OR TIED.
MM INDICATES DATA IS MISSING.
T  INDICATES TRACE AMOUNT.




$$
