000
CDUS45 KRIW 110732
CLIBPI


CLIMATE REPORT
NATIONAL WEATHER SERVICE RIVERTON WY
132 AM MDT FRI JUL 11 2014


...................................

...THE BIG PINEY WY CLIMATE SUMMARY FOR JULY 10 2014...

CLIMATE NORMAL PERIOD 1981 TO 2010
CLIMATE RECORD PERIOD 1976 TO 2014


WEATHER ITEM   OBSERVED TIME   RECORD YEAR NORMAL DEPARTURE LAST
                VALUE   (LST)  VALUE       VALUE  FROM      YEAR
                                                  NORMAL
..................................................................
TEMPERATURE (F)
 YESTERDAY
  MAXIMUM         80    449 PM  91    2002  80      0       90
  MINIMUM         54    416 AM  34    1977  43     11       44
  AVERAGE         67                        62      5       67

PRECIPITATION (IN)
  YESTERDAY        T             0.23 1987   0.02  -0.02     0.00
  MONTH TO DATE    0.11                      0.20  -0.09     0.36
  SINCE JUN 1      0.29                      0.99  -0.70     0.36
  SINCE JAN 1      1.44                      3.46  -2.02     2.06

DEGREE DAYS
 HEATING
  YESTERDAY        0                         4     -4        0
  MONTH TO DATE   21                        48    -27        3
  SINCE JUN 1    368                       353     15      220
  SINCE JUL 1     21                        48    -27        3

 COOLING
  YESTERDAY        2                         1      1        2
  MONTH TO DATE    8                         2      6       33
  SINCE JUN 1      8                         4      4       53
  SINCE JAN 1      8                         4      4       53
..................................................................


WIND (MPH)
  HIGHEST WIND SPEED    25   HIGHEST WIND DIRECTION     N (10)
  HIGHEST GUST SPEED    30   HIGHEST GUST DIRECTION     N (20)
  AVERAGE WIND SPEED     7.3


SKY COVER
  POSSIBLE SUNSHINE  MM
  AVERAGE SKY COVER 0.4


WEATHER CONDITIONS
 THE FOLLOWING WEATHER WAS RECORDED YESTERDAY.
  NO SIGNIFICANT WEATHER WAS OBSERVED.


RELATIVE HUMIDITY (PERCENT)
 HIGHEST    78          1000 PM
 LOWEST     28           400 PM
 AVERAGE    53

..........................................................


THE BIG PINEY WY CLIMATE NORMALS FOR TODAY
                         NORMAL    RECORD    YEAR
 MAXIMUM TEMPERATURE (F)   80        92      2002
 MINIMUM TEMPERATURE (F)   43        27      1977


SUNRISE AND SUNSET
JULY 11 2014..........SUNRISE   553 AM MDT   SUNSET   858 PM MDT
JULY 12 2014..........SUNRISE   554 AM MDT   SUNSET   858 PM MDT


-  INDICATES NEGATIVE NUMBERS.
R  INDICATES RECORD WAS SET OR TIED.
MM INDICATES DATA IS MISSING.
T  INDICATES TRACE AMOUNT.




$$
