000
CDUS45 KRIW 290733
CLIBPI


CLIMATE REPORT
NATIONAL WEATHER SERVICE RIVERTON WY
132 AM MDT TUE JUL 29 2014


...................................

...THE BIG PINEY WY CLIMATE SUMMARY FOR JULY 28 2014...

CLIMATE NORMAL PERIOD 1981 TO 2010
CLIMATE RECORD PERIOD 1976 TO 2014


WEATHER ITEM   OBSERVED TIME   RECORD YEAR NORMAL DEPARTURE LAST
                VALUE   (LST)  VALUE       VALUE  FROM      YEAR
                                                  NORMAL
..................................................................
TEMPERATURE (F)
 YESTERDAY
  MAXIMUM         90    312 PM  92    2006  82      8       81
  MINIMUM         46    424 AM  35    1980  44      2       46
  AVERAGE         68                        63      5       64

PRECIPITATION (IN)
  YESTERDAY        0.00          0.14 1997   0.03  -0.03     0.00
  MONTH TO DATE    0.28                      0.63  -0.35     0.54
  SINCE JUN 1      0.46                      1.42  -0.96     0.54
  SINCE JAN 1      1.61                      3.89  -2.28     2.24

DEGREE DAYS
 HEATING
  YESTERDAY        0                         3     -3        1
  MONTH TO DATE   34                       106    -72       14
  SINCE JUN 1    381                       411    -30      231
  SINCE JUL 1     34                       106    -72       14

 COOLING
  YESTERDAY        3                         1      2        0
  MONTH TO DATE   26                        20      6       57
  SINCE JUN 1     26                        22      4       77
  SINCE JAN 1     26                        22      4       77
..................................................................


WIND (MPH)
  HIGHEST WIND SPEED    22   HIGHEST WIND DIRECTION     N (10)
  HIGHEST GUST SPEED    26   HIGHEST GUST DIRECTION     N (10)
  AVERAGE WIND SPEED     7.4


SKY COVER
  POSSIBLE SUNSHINE  MM
  AVERAGE SKY COVER 0.3


WEATHER CONDITIONS
 THE FOLLOWING WEATHER WAS RECORDED YESTERDAY.
  NO SIGNIFICANT WEATHER WAS OBSERVED.


RELATIVE HUMIDITY (PERCENT)
 HIGHEST    50           700 AM
 LOWEST     13           200 PM
 AVERAGE    32

..........................................................


THE BIG PINEY WY CLIMATE NORMALS FOR TODAY
                         NORMAL    RECORD    YEAR
 MAXIMUM TEMPERATURE (F)   82        90      2006
 MINIMUM TEMPERATURE (F)   44        31      1986


SUNRISE AND SUNSET
JULY 29 2014..........SUNRISE   609 AM MDT   SUNSET   844 PM MDT
JULY 30 2014..........SUNRISE   610 AM MDT   SUNSET   843 PM MDT


-  INDICATES NEGATIVE NUMBERS.
R  INDICATES RECORD WAS SET OR TIED.
MM INDICATES DATA IS MISSING.
T  INDICATES TRACE AMOUNT.




$$
