000
CDUS45 KRIW 270740
CLIBPI


CLIMATE REPORT
NATIONAL WEATHER SERVICE RIVERTON WY
130 AM MDT MON MAR 27 2017


...................................

...THE BIG PINEY WY CLIMATE SUMMARY FOR MARCH 26 2017...

CLIMATE NORMAL PERIOD 1981 TO 2010
CLIMATE RECORD PERIOD 1976 TO 2017


WEATHER ITEM   OBSERVED TIME   RECORD YEAR NORMAL DEPARTURE LAST
                VALUE   (LST)  VALUE       VALUE  FROM      YEAR
                                                  NORMAL
..................................................................
TEMPERATURE (F)
 YESTERDAY
  MAXIMUM         44    233 PM  59    2007  46     -2       41
  MINIMUM         21    639 AM -17    1996  17      4       16
  AVERAGE         33                        31      2       29

PRECIPITATION (IN)
  YESTERDAY        0.00          0.15 2009   0.01  -0.01      T
  MONTH TO DATE    1.18                      0.34   0.84     0.36
  SINCE MAR 1      1.18                      0.34   0.84     0.36
  SINCE JAN 1      2.92                      1.00   1.92     0.53

DEGREE DAYS
 HEATING
  YESTERDAY       32                        34     -2       36
  MONTH TO DATE  975                      1009    -34      905
  SINCE MAR 1    975                      1009    -34      905
  SINCE JUL 1   8405                      8532   -127     7759

 COOLING
  YESTERDAY        0                         0      0        0
  MONTH TO DATE    0                         0      0        0
  SINCE MAR 1      0                         0      0        0
  SINCE JAN 1      0                         0      0        0
..................................................................


WIND (MPH)
  HIGHEST WIND SPEED    16   HIGHEST WIND DIRECTION     N (20)
  HIGHEST GUST SPEED    20   HIGHEST GUST DIRECTION     N (20)
  AVERAGE WIND SPEED     6.2


SKY COVER
  POSSIBLE SUNSHINE  MM
  AVERAGE SKY COVER 0.1


WEATHER CONDITIONS
 THE FOLLOWING WEATHER WAS RECORDED YESTERDAY.
  NO SIGNIFICANT WEATHER WAS OBSERVED.


RELATIVE HUMIDITY (PERCENT)
 HIGHEST    88           200 AM
 LOWEST     34           100 PM
 AVERAGE    61

..........................................................


THE BIG PINEY WY CLIMATE NORMALS FOR TODAY
                         NORMAL    RECORD    YEAR
 MAXIMUM TEMPERATURE (F)   46        66      2015
 MINIMUM TEMPERATURE (F)   18        -5      1996


SUNRISE AND SUNSET
MARCH 27 2017.........SUNRISE   711 AM MDT   SUNSET   741 PM MDT
MARCH 28 2017.........SUNRISE   709 AM MDT   SUNSET   742 PM MDT


-  INDICATES NEGATIVE NUMBERS.
R  INDICATES RECORD WAS SET OR TIED.
MM INDICATES DATA IS MISSING.
T  INDICATES TRACE AMOUNT.




$$
