000
CDUS45 KRIW 030734
CLIBPI


CLIMATE REPORT
NATIONAL WEATHER SERVICE RIVERTON WY
134 AM MDT THU SEP 3 2015


...................................

...THE BIG PINEY WY CLIMATE SUMMARY FOR SEPTEMBER 2 2015...

CLIMATE NORMAL PERIOD 1981 TO 2010
CLIMATE RECORD PERIOD 1976 TO 2015


WEATHER ITEM   OBSERVED TIME   RECORD YEAR NORMAL DEPARTURE LAST
                VALUE   (LST)  VALUE       VALUE  FROM      YEAR
                                                  NORMAL
..................................................................
TEMPERATURE (F)
 YESTERDAY
  MAXIMUM         83    144 PM  84    2007  74      9       76
  MINIMUM         39    546 AM  26    1976  36      3       31
  AVERAGE         61                        55      6       54

PRECIPITATION (IN)
  YESTERDAY        0.00          0.28 1999   0.02  -0.02     0.00
  MONTH TO DATE    0.00                      0.05  -0.05     0.00
  SINCE SEP 1      0.00                      0.05  -0.05     0.00
  SINCE JAN 1      5.33                      4.71   0.62     3.37

DEGREE DAYS
 HEATING
  YESTERDAY        4                        10     -6       11
  MONTH TO DATE   10                        20    -10       26
  SINCE SEP 1     10                        20    -10       26
  SINCE JUL 1    287                       313    -26      255

 COOLING
  YESTERDAY        0                         0      0        0
  MONTH TO DATE    0                         0      0        0
  SINCE SEP 1      0                         0      0        0
  SINCE JAN 1     53                        35     18       26
..................................................................


WIND (MPH)
  HIGHEST WIND SPEED    24   HIGHEST WIND DIRECTION     W (270)
  HIGHEST GUST SPEED    30   HIGHEST GUST DIRECTION     W (250)
  AVERAGE WIND SPEED     8.3


SKY COVER
  POSSIBLE SUNSHINE  MM
  AVERAGE SKY COVER 0.1


WEATHER CONDITIONS
 THE FOLLOWING WEATHER WAS RECORDED YESTERDAY.
  NO SIGNIFICANT WEATHER WAS OBSERVED.


RELATIVE HUMIDITY (PERCENT)
 HIGHEST    73           600 AM
 LOWEST     15          1200 PM
 AVERAGE    44

..........................................................


THE BIG PINEY WY CLIMATE NORMALS FOR TODAY
                         NORMAL    RECORD    YEAR
 MAXIMUM TEMPERATURE (F)   73        85      2013
                                             1991
 MINIMUM TEMPERATURE (F)   36        26      1993
                                             1980
                                             1976


SUNRISE AND SUNSET
SEPTEMBER  3 2015.....SUNRISE   647 AM MDT   SUNSET   751 PM MDT
SEPTEMBER  4 2015.....SUNRISE   648 AM MDT   SUNSET   750 PM MDT


-  INDICATES NEGATIVE NUMBERS.
R  INDICATES RECORD WAS SET OR TIED.
MM INDICATES DATA IS MISSING.
T  INDICATES TRACE AMOUNT.




$$
