000
CDUS45 KRIW 260739
CLIBPI


CLIMATE REPORT
NATIONAL WEATHER SERVICE RIVERTON WY
139 AM MDT TUE JUL 26 2016


...................................

...THE BIG PINEY WY CLIMATE SUMMARY FOR JULY 25 2016...

CLIMATE NORMAL PERIOD 1981 TO 2010
CLIMATE RECORD PERIOD 1976 TO 2016


WEATHER ITEM   OBSERVED TIME   RECORD YEAR NORMAL DEPARTURE LAST
                VALUE   (LST)  VALUE       VALUE  FROM      YEAR
                                                  NORMAL
..................................................................
TEMPERATURE (F)
 YESTERDAY
  MAXIMUM         90R   438 PM  90    1978  82      8       81
  MINIMUM         37    438 AM  35    2000  44     -7       46
                                      1995
                                      1993
  AVERAGE         64                        63      1       64

PRECIPITATION (IN)
  YESTERDAY        0.00          0.46 1977   0.03  -0.03     0.00
  MONTH TO DATE    0.12                      0.54  -0.42     1.73
  SINCE JUN 1      0.85                      1.33  -0.48     1.96
  SINCE JAN 1      6.90                      3.80   3.10     4.94

DEGREE DAYS
 HEATING
  YESTERDAY        1                         3     -2        1
  MONTH TO DATE  104                        97      7      112
  SINCE JUN 1    282                       402   -120      247
  SINCE JUL 1    104                        97      7      112

 COOLING
  YESTERDAY        0                         1     -1        0
  MONTH TO DATE   10                        17     -7       18
  SINCE JUN 1     11                        19     -8       42
  SINCE JAN 1     11                        19     -8       42
..................................................................


WIND (MPH)
  HIGHEST WIND SPEED    22   HIGHEST WIND DIRECTION     W (290)
  HIGHEST GUST SPEED    29   HIGHEST GUST DIRECTION     W (280)
  AVERAGE WIND SPEED     7.3


SKY COVER
  POSSIBLE SUNSHINE  MM
  AVERAGE SKY COVER 0.0


WEATHER CONDITIONS
 THE FOLLOWING WEATHER WAS RECORDED YESTERDAY.
  NO SIGNIFICANT WEATHER WAS OBSERVED.


RELATIVE HUMIDITY (PERCENT)
 HIGHEST    64           400 AM
 LOWEST     10           500 PM
 AVERAGE    37

..........................................................


THE BIG PINEY WY CLIMATE NORMALS FOR TODAY
                         NORMAL    RECORD    YEAR
 MAXIMUM TEMPERATURE (F)   82        91      2002
 MINIMUM TEMPERATURE (F)   44        35      2001
                                             1987
                                             1980


SUNRISE AND SUNSET
JULY 26 2016..........SUNRISE   607 AM MDT   SUNSET   846 PM MDT
JULY 27 2016..........SUNRISE   608 AM MDT   SUNSET   845 PM MDT


-  INDICATES NEGATIVE NUMBERS.
R  INDICATES RECORD WAS SET OR TIED.
MM INDICATES DATA IS MISSING.
T  INDICATES TRACE AMOUNT.




$$
