000
CDUS45 KRIW 210035
CLIBPI


CLIMATE REPORT
NATIONAL WEATHER SERVICE RIVERTON WY
533 PM MST THU NOV 20 2014


...................................

...THE BIG PINEY WY CLIMATE SUMMARY FOR NOVEMBER 20 2014...
VALID TODAY AS OF 0500 PM LOCAL TIME.

CLIMATE NORMAL PERIOD 1981 TO 2010
CLIMATE RECORD PERIOD 1976 TO 2014


WEATHER ITEM   OBSERVED TIME   RECORD YEAR NORMAL DEPARTURE LAST
                VALUE   (LST)  VALUE       VALUE  FROM      YEAR
                                                  NORMAL
..................................................................
TEMPERATURE (F)
 TODAY
  MAXIMUM         39        MM  54    1989  35      4       46
  MINIMUM          9        MM  -7    2011   8      1       22
  AVERAGE         24

PRECIPITATION (IN)
  TODAY            0.00          0.04 2013   0.01  -0.01     0.04
  MONTH TO DATE    0.05                      0.15  -0.10     0.04
  SINCE SEP 1      1.30                      1.46  -0.16     1.26
  SINCE JAN 1      4.67                      6.12  -1.45     4.26

DEGREE DAYS
 HEATING
  TODAY           41                        44     -3       31
  MONTH TO DATE  816                       771     45      701
  SINCE SEP 1   1864                      2058   -194     1861
  SINCE JUL 1   2093                      2351   -258     1962

 COOLING
  TODAY            0                         0      0        0
  MONTH TO DATE    0                         0      0        0
  SINCE SEP 1      0                         0      0        5
  SINCE JAN 1     26                        35     -9       89
..................................................................


WIND (MPH)
  HIGHEST WIND SPEED     8   HIGHEST WIND DIRECTION     N (340)
  HIGHEST GUST SPEED    MM   HIGHEST GUST DIRECTION    MM
  AVERAGE WIND SPEED     2.0


SKY COVER
  POSSIBLE SUNSHINE  MM
  AVERAGE SKY COVER 0.6


WEATHER CONDITIONS
 THE FOLLOWING WEATHER WAS RECORDED TODAY.
  NO SIGNIFICANT WEATHER WAS OBSERVED.


RELATIVE HUMIDITY (PERCENT)
 HIGHEST    88           500 AM
 LOWEST     37           300 PM
 AVERAGE    63

..........................................................


THE BIG PINEY WY CLIMATE NORMALS FOR TOMORROW
                         NORMAL    RECORD    YEAR
 MAXIMUM TEMPERATURE (F)   34        53      1989
 MINIMUM TEMPERATURE (F)    8        -8      2013


SUNRISE AND SUNSET
NOVEMBER 20 2014......SUNRISE   718 AM MST   SUNSET   454 PM MST
NOVEMBER 21 2014......SUNRISE   719 AM MST   SUNSET   453 PM MST


-  INDICATES NEGATIVE NUMBERS.
R  INDICATES RECORD WAS SET OR TIED.
MM INDICATES DATA IS MISSING.
T  INDICATES TRACE AMOUNT.




$$
