000
CDUS45 KRIW 180731
CLIBPI


CLIMATE REPORT
NATIONAL WEATHER SERVICE RIVERTON WY
130 AM MDT WED OCT 18 2017


...................................

...THE BIG PINEY WY CLIMATE SUMMARY FOR OCTOBER 17 2017...

CLIMATE NORMAL PERIOD 1981 TO 2010
CLIMATE RECORD PERIOD 1976 TO 2017


WEATHER ITEM   OBSERVED TIME   RECORD YEAR NORMAL DEPARTURE LAST
                VALUE   (LST)  VALUE       VALUE  FROM      YEAR
                                                  NORMAL
..................................................................
TEMPERATURE (F)
 YESTERDAY
  MAXIMUM         67    322 PM  71    2003  55     12       37
  MINIMUM         16    623 AM   9    1996  21     -5       19
  AVERAGE         42                        38      4       28

PRECIPITATION (IN)
  YESTERDAY        0.00          0.45 2016   0.02  -0.02     0.45
  MONTH TO DATE    0.01                      0.36  -0.35     2.10
  SINCE SEP 1      1.73                      1.14   0.59     3.66
  SINCE JAN 1      8.83                      5.80   3.03    11.14

DEGREE DAYS
 HEATING
  YESTERDAY       23                        27     -4       37
  MONTH TO DATE  497                       408     89      391
  SINCE SEP 1    923                       866     57      760
  SINCE JUL 1   1110                      1159    -49     1043

 COOLING
  YESTERDAY        0                         0      0        0
  MONTH TO DATE    0                         0      0        0
  SINCE SEP 1      0                         0      0        0
  SINCE JAN 1     27                        35     -8       23
..................................................................


WIND (MPH)
  HIGHEST WIND SPEED    20   HIGHEST WIND DIRECTION     W (270)
  HIGHEST GUST SPEED    24   HIGHEST GUST DIRECTION     W (270)
  AVERAGE WIND SPEED     4.6


SKY COVER
  POSSIBLE SUNSHINE  MM
  AVERAGE SKY COVER 0.0


WEATHER CONDITIONS
 THE FOLLOWING WEATHER WAS RECORDED YESTERDAY.
  NO SIGNIFICANT WEATHER WAS OBSERVED.


RELATIVE HUMIDITY (PERCENT)
 HIGHEST    80           500 AM
 LOWEST      9           300 PM
 AVERAGE    45

..........................................................


THE BIG PINEY WY CLIMATE NORMALS FOR TODAY
                         NORMAL    RECORD    YEAR
 MAXIMUM TEMPERATURE (F)   55        72      2003
 MINIMUM TEMPERATURE (F)   21         1      1976


SUNRISE AND SUNSET
OCTOBER 18 2017.......SUNRISE   737 AM MDT   SUNSET   633 PM MDT
OCTOBER 19 2017.......SUNRISE   739 AM MDT   SUNSET   631 PM MDT


-  INDICATES NEGATIVE NUMBERS.
R  INDICATES RECORD WAS SET OR TIED.
MM INDICATES DATA IS MISSING.
T  INDICATES TRACE AMOUNT.




$$
