000
CDUS45 KRIW 210732
CLIBPI


CLIMATE REPORT
NATIONAL WEATHER SERVICE RIVERTON WY
130 AM MDT SUN SEP 21 2014


...................................

...THE BIG PINEY WY CLIMATE SUMMARY FOR SEPTEMBER 20 2014...

CLIMATE NORMAL PERIOD 1981 TO 2010
CLIMATE RECORD PERIOD 1976 TO 2014


WEATHER ITEM   OBSERVED TIME   RECORD YEAR NORMAL DEPARTURE LAST
                VALUE   (LST)  VALUE       VALUE  FROM      YEAR
                                                  NORMAL
..................................................................
TEMPERATURE (F)
 YESTERDAY
  MAXIMUM         77    323 PM  78    2012  66     11       68
                                      1984
  MINIMUM         34    512 AM  18    1978  30      4       28
  AVERAGE         56                        48      8       48

PRECIPITATION (IN)
  YESTERDAY        0.00          0.40 1989   0.03  -0.03     0.00
  MONTH TO DATE    0.16                      0.51  -0.35     0.76
  SINCE SEP 1      0.16                      0.51  -0.35     0.76
  SINCE JAN 1      3.53                      5.17  -1.64     3.76

DEGREE DAYS
 HEATING
  YESTERDAY        9                        17     -8       17
  MONTH TO DATE  228                       268    -40      147
  SINCE SEP 1    228                       268    -40      147
  SINCE JUL 1    457                       561   -104      248

 COOLING
  YESTERDAY        0                         0      0        0
  MONTH TO DATE    0                         0      0        5
  SINCE SEP 1      0                         0      0        5
  SINCE JAN 1     26                        35     -9       89
..................................................................


WIND (MPH)
  HIGHEST WIND SPEED    10   HIGHEST WIND DIRECTION     N (340)
  HIGHEST GUST SPEED    14   HIGHEST GUST DIRECTION    SE (150)
  AVERAGE WIND SPEED     4.6


SKY COVER
  POSSIBLE SUNSHINE  MM
  AVERAGE SKY COVER 0.0


WEATHER CONDITIONS
 THE FOLLOWING WEATHER WAS RECORDED YESTERDAY.
  NO SIGNIFICANT WEATHER WAS OBSERVED.


RELATIVE HUMIDITY (PERCENT)
 HIGHEST    89           400 AM
 LOWEST     18           300 PM
 AVERAGE    54

..........................................................


THE BIG PINEY WY CLIMATE NORMALS FOR TODAY
                         NORMAL    RECORD    YEAR
 MAXIMUM TEMPERATURE (F)   66        77      2012
 MINIMUM TEMPERATURE (F)   30         9      1983


SUNRISE AND SUNSET
SEPTEMBER 21 2014.....SUNRISE   707 AM MDT   SUNSET   719 PM MDT
SEPTEMBER 22 2014.....SUNRISE   708 AM MDT   SUNSET   718 PM MDT


-  INDICATES NEGATIVE NUMBERS.
R  INDICATES RECORD WAS SET OR TIED.
MM INDICATES DATA IS MISSING.
T  INDICATES TRACE AMOUNT.




$$
