000
CDUS45 KRIW 150730
CLIBPI


CLIMATE REPORT
NATIONAL WEATHER SERVICE RIVERTON WY
1229 AM MST FRI DEC 15 2017


...................................

...THE BIG PINEY WY CLIMATE SUMMARY FOR DECEMBER 14 2017...

CLIMATE NORMAL PERIOD 1981 TO 2010
CLIMATE RECORD PERIOD 1976 TO 2017


WEATHER ITEM   OBSERVED TIME   RECORD YEAR NORMAL DEPARTURE LAST
                VALUE   (LST)  VALUE       VALUE  FROM      YEAR
                                                  NORMAL
..................................................................
TEMPERATURE (F)
 YESTERDAY
  MAXIMUM         36    343 PM  46    1988  26     10       23
  MINIMUM          3    750 AM -18    1984  -1      4        3
  AVERAGE         20                        12      8       13

PRECIPITATION (IN)
  YESTERDAY        0.00          0.15 1990   0.00   0.00     0.15
                                      1990
                                      2016
  MONTH TO DATE    T                         0.12  -0.12     0.28
  SINCE DEC 1      T                         0.12  -0.12     0.28
  SINCE JAN 1      9.08                      6.30   2.78    12.32

DEGREE DAYS
 HEATING
  YESTERDAY       45                        53     -8       52
  MONTH TO DATE  534                       714   -180      761
  SINCE DEC 1    534                       714   -180      761
  SINCE JUL 1   3090                      3529   -439     3210

 COOLING
  YESTERDAY        0                         0      0        0
  MONTH TO DATE    0                         0      0        0
  SINCE DEC 1      0                         0      0        0
  SINCE JAN 1     27                        35     -8       23
..................................................................


WIND (MPH)
  HIGHEST WIND SPEED    13   HIGHEST WIND DIRECTION     N (10)
  HIGHEST GUST SPEED    15   HIGHEST GUST DIRECTION     N (10)
  AVERAGE WIND SPEED     3.6


SKY COVER
  POSSIBLE SUNSHINE  MM
  AVERAGE SKY COVER 0.1


WEATHER CONDITIONS
 THE FOLLOWING WEATHER WAS RECORDED YESTERDAY.
  FOG
  FOG W/VISIBILITY <= 1/4 MILE


RELATIVE HUMIDITY (PERCENT)
 HIGHEST    92           500 AM
 LOWEST     40           400 PM
 AVERAGE    66

..........................................................


THE BIG PINEY WY CLIMATE NORMALS FOR TODAY
                         NORMAL    RECORD    YEAR
 MAXIMUM TEMPERATURE (F)   26        45      1998
 MINIMUM TEMPERATURE (F)    0       -20      2007


SUNRISE AND SUNSET
DECEMBER 15 2017......SUNRISE   743 AM MST   SUNSET   448 PM MST
DECEMBER 16 2017......SUNRISE   744 AM MST   SUNSET   448 PM MST


-  INDICATES NEGATIVE NUMBERS.
R  INDICATES RECORD WAS SET OR TIED.
MM INDICATES DATA IS MISSING.
T  INDICATES TRACE AMOUNT.




$$
