000
CDUS45 KRIW 300743
CLIBPI


CLIMATE REPORT
NATIONAL WEATHER SERVICE RIVERTON WY
128 AM MDT MON MAR 30 2015


...................................

...THE BIG PINEY WY CLIMATE SUMMARY FOR MARCH 29 2015...

CLIMATE NORMAL PERIOD 1981 TO 2010
CLIMATE RECORD PERIOD 1976 TO 2015


WEATHER ITEM   OBSERVED TIME   RECORD YEAR NORMAL DEPARTURE LAST
                VALUE   (LST)  VALUE       VALUE  FROM      YEAR
                                                  NORMAL
..................................................................
TEMPERATURE (F)
 YESTERDAY
  MAXIMUM         60R   348 PM  58    2004  47     13       53
  MINIMUM         17    620 AM   4    1980  18     -1       19
  AVERAGE         39                        32      7       36

PRECIPITATION (IN)
  YESTERDAY        0.00          0.12 1989   0.02  -0.02     0.00
  MONTH TO DATE    0.06                      0.40  -0.34     0.10
  SINCE MAR 1      0.06                      0.40  -0.34     0.10
  SINCE JAN 1      0.12                      1.06  -0.94     0.14

DEGREE DAYS
 HEATING
  YESTERDAY       26                        33     -7       29
  MONTH TO DATE  885                      1108   -223      998
  SINCE MAR 1    885                      1108   -223      998
  SINCE JUL 1   6985                      8631  -1646     7942

 COOLING
  YESTERDAY        0                         0      0        0
  MONTH TO DATE    0                         0      0        0
  SINCE MAR 1      0                         0      0        0
  SINCE JAN 1      0                         0      0        0
..................................................................


WIND (MPH)
  HIGHEST WIND SPEED    17   HIGHEST WIND DIRECTION     N (360)
  HIGHEST GUST SPEED    20   HIGHEST GUST DIRECTION     N (360)
  AVERAGE WIND SPEED     7.2


SKY COVER
  POSSIBLE SUNSHINE  MM
  AVERAGE SKY COVER 0.0


WEATHER CONDITIONS
 THE FOLLOWING WEATHER WAS RECORDED YESTERDAY.
  NO SIGNIFICANT WEATHER WAS OBSERVED.


RELATIVE HUMIDITY (PERCENT)
 HIGHEST    80           600 AM
 LOWEST     11           500 PM
 AVERAGE    46

..........................................................


THE BIG PINEY WY CLIMATE NORMALS FOR TODAY
                         NORMAL    RECORD    YEAR
 MAXIMUM TEMPERATURE (F)   47        63      2004
 MINIMUM TEMPERATURE (F)   18       -13      1987


SUNRISE AND SUNSET
MARCH 30 2015.........SUNRISE   707 AM MDT   SUNSET   744 PM MDT
MARCH 31 2015.........SUNRISE   705 AM MDT   SUNSET   745 PM MDT


-  INDICATES NEGATIVE NUMBERS.
R  INDICATES RECORD WAS SET OR TIED.
MM INDICATES DATA IS MISSING.
T  INDICATES TRACE AMOUNT.




$$
