000
CDUS44 KLCH 132245
CLIBPT


CLIMATE REPORT
NATIONAL WEATHER SERVICE LAKE CHARLES, LA
445 PM CST SAT FEB 13 2016


...................................

...THE BEAUMONT PORT ARTHUR CLIMATE SUMMARY FOR FEBRUARY 13 2016...
VALID TODAY AS OF 0400 PM LOCAL TIME.

CLIMATE NORMAL PERIOD 1981 TO 2010
CLIMATE RECORD PERIOD 1901 TO 2016


WEATHER ITEM   OBSERVED TIME   RECORD YEAR NORMAL DEPARTURE LAST
                VALUE   (LST)  VALUE       VALUE  FROM      YEAR
                                                  NORMAL
..................................................................
TEMPERATURE (F)
 TODAY
  MAXIMUM         68   1252 PM  82    1918  65      3       62
  MINIMUM         53   1241 AM  17    1905  46      7       40
  AVERAGE         61                        56      5       51

PRECIPITATION (IN)
  TODAY            0.00          1.66 2005   0.13  -0.13     0.00
  MONTH TO DATE    0.12                      1.73  -1.61     0.42
  SINCE DEC 1      8.25                     12.28  -4.03     9.55
  SINCE JAN 1      4.11                      6.99  -2.88     6.41

SNOWFALL (IN)
  TODAY            0.0           0.9  1960   0.0    0.0      0.0
  MONTH TO DATE    0.0                       0.0    0.0      0.0
  SINCE DEC 1      0.0                       T      0.0      0.0
  SINCE JUL 1      0.0                       T      0.0      0.0
  SNOW DEPTH       0

DEGREE DAYS
 HEATING
  TODAY            4                        10     -6       14
  MONTH TO DATE  137                       142     -5      131
  SINCE DEC 1    693                       890   -197      820
  SINCE JUL 1    757                      1085   -328     1057

 COOLING
  TODAY            0                         0      0        0
  MONTH TO DATE    6                         6      0        5
  SINCE DEC 1     80                        39     41       25
  SINCE JAN 1     12                        17     -5        5
..................................................................


WIND (MPH)
  HIGHEST WIND SPEED    21   HIGHEST WIND DIRECTION     E (80)
  HIGHEST GUST SPEED    26   HIGHEST GUST DIRECTION     E (90)
  AVERAGE WIND SPEED    10.2


SKY COVER
  POSSIBLE SUNSHINE  MM
  AVERAGE SKY COVER 0.4


WEATHER CONDITIONS
 THE FOLLOWING WEATHER WAS RECORDED TODAY.
  NO SIGNIFICANT WEATHER WAS OBSERVED.


RELATIVE HUMIDITY (PERCENT)
 HIGHEST   100          1200 AM
 LOWEST     42           100 PM
 AVERAGE    71

..........................................................


THE BEAUMONT PORT ARTHUR CLIMATE NORMALS FOR TOMORROW
                         NORMAL    RECORD    YEAR
 MAXIMUM TEMPERATURE (F)   65        83      1926
 MINIMUM TEMPERATURE (F)   46        28      1963
                                             1905


SUNRISE AND SUNSET
FEBRUARY 13 2016......SUNRISE   658 AM CST   SUNSET   603 PM CST
FEBRUARY 14 2016......SUNRISE   657 AM CST   SUNSET   604 PM CST


-  INDICATES NEGATIVE NUMBERS.
R  INDICATES RECORD WAS SET OR TIED.
MM INDICATES DATA IS MISSING.
T  INDICATES TRACE AMOUNT.




$$
