000
CDUS44 KLCH 272247
CLIBPT


CLIMATE REPORT
NATIONAL WEATHER SERVICE LAKE CHARLES, LA
445 PM CST MON FEB 27 2017


...................................

...THE BEAUMONT PORT ARTHUR CLIMATE SUMMARY FOR FEBRUARY 27 2017...
VALID TODAY AS OF 0400 PM LOCAL TIME.

CLIMATE NORMAL PERIOD 1981 TO 2010
CLIMATE RECORD PERIOD 1901 TO 2017


WEATHER ITEM   OBSERVED TIME   RECORD YEAR NORMAL DEPARTURE LAST
                VALUE   (LST)  VALUE       VALUE  FROM      YEAR
                                                  NORMAL
..................................................................
TEMPERATURE (F)
 TODAY
  MAXIMUM         83R   139 PM  83    1956  68     15       69
  MINIMUM         67    540 AM  21    2002  49     18       37
  AVERAGE         75                        58     17       53

PRECIPITATION (IN)
  TODAY            0.00          3.96 1910   0.12  -0.12     0.00
  MONTH TO DATE    1.11                      3.46  -2.35     1.97
  SINCE DEC 1     15.07                     14.01   1.06    10.10
  SINCE JAN 1      2.05                      8.72  -6.67     5.96

SNOWFALL (IN)
  TODAY            0.0           0.0    MM   0.0    0.0      0.0
  MONTH TO DATE    0.0                       0.0    0.0      0.0
  SINCE DEC 1      0.0                       T      0.0      0.0
  SINCE JUL 1      0.0                       T      0.0      0.0
  SNOW DEPTH       0

DEGREE DAYS
 HEATING
  TODAY            0                         7     -7       12
  MONTH TO DATE   65                       263   -198      201
  SINCE DEC 1    485                      1011   -526      757
  SINCE JUL 1    555                      1206   -651      821

 COOLING
  TODAY           10                         1      9        0
  MONTH TO DATE  107                        15     92       23
  SINCE DEC 1    253                        48    205       97
  SINCE JAN 1    183                        26    157       29
..................................................................


WIND (MPH)
  HIGHEST WIND SPEED    18   HIGHEST WIND DIRECTION     S (170)
  HIGHEST GUST SPEED    23   HIGHEST GUST DIRECTION    SE (150)
  AVERAGE WIND SPEED    11.3


SKY COVER
  POSSIBLE SUNSHINE  MM
  AVERAGE SKY COVER 0.8


WEATHER CONDITIONS
 THE FOLLOWING WEATHER WAS RECORDED TODAY.
  FOG


RELATIVE HUMIDITY (PERCENT)
 HIGHEST    93           500 AM
 LOWEST     62          1100 AM
 AVERAGE    78

..........................................................


THE BEAUMONT PORT ARTHUR CLIMATE NORMALS FOR TOMORROW
                         NORMAL    RECORD    YEAR
 MAXIMUM TEMPERATURE (F)   68        83      1932
                                             1918
 MINIMUM TEMPERATURE (F)   49        30      1935


SUNRISE AND SUNSET
FEBRUARY 27 2017......SUNRISE   644 AM CST   SUNSET   614 PM CST
FEBRUARY 28 2017......SUNRISE   643 AM CST   SUNSET   615 PM CST


-  INDICATES NEGATIVE NUMBERS.
R  INDICATES RECORD WAS SET OR TIED.
MM INDICATES DATA IS MISSING.
T  INDICATES TRACE AMOUNT.




$$
