000
CDUS44 KLCH 242218
CLIBPT


CLIMATE REPORT
NATIONAL WEATHER SERVICE LAKE CHARLES, LA
518 PM CDT THU APR 24 2014


...................................

...THE BEAUMONT PORT ARTHUR CLIMATE SUMMARY FOR APRIL 24 2014...
VALID TODAY AS OF 0500 PM LOCAL TIME.

CLIMATE NORMAL PERIOD 1981 TO 2010
CLIMATE RECORD PERIOD 1901 TO 2014


WEATHER ITEM   OBSERVED TIME   RECORD YEAR NORMAL DEPARTURE LAST
                VALUE   (LST)  VALUE       VALUE  FROM      YEAR
                                                  NORMAL
..................................................................
TEMPERATURE (F)
 TODAY
  MAXIMUM         81   1126 AM  90    1905  80      1       73
                                      1902
  MINIMUM         65    130 AM  47    1995  61      4       50
  AVERAGE         73                        70      3       62

PRECIPITATION (IN)
  TODAY            0.00          2.48 1905   0.12  -0.12     0.12
  MONTH TO DATE    1.98                      2.46  -0.48     5.29
  SINCE MAR 1      4.27                      5.99  -1.72     6.40
  SINCE JAN 1     10.99                     14.83  -3.84    17.92

SNOWFALL (IN)
  TODAY            0.0           0.0    MM   0.0    0.0      0.0
  MONTH TO DATE    0.0                       0.0    0.0      0.0
  SINCE MAR 1      0.0                       0.0    0.0      0.0
  SINCE JUL 1      0.3                       T      0.3      0.0
  SNOW DEPTH       0

DEGREE DAYS
 HEATING
  TODAY            0                         1     -1        3
  MONTH TO DATE   37                        39     -2       68
  SINCE MAR 1    241                       187     54      269
  SINCE JUL 1   1710                      1400    310     1241

 COOLING
  TODAY            8                         6      2        0
  MONTH TO DATE   95                       105    -10       67
  SINCE MAR 1    118                       160    -42      110
  SINCE JAN 1    142                       186    -44      140
..................................................................


WIND (MPH)
  HIGHEST WIND SPEED    22   HIGHEST WIND DIRECTION     S (160)
  HIGHEST GUST SPEED    28   HIGHEST GUST DIRECTION     S (170)
  AVERAGE WIND SPEED    10.5


SKY COVER
  POSSIBLE SUNSHINE  MM
  AVERAGE SKY COVER 0.7


WEATHER CONDITIONS
 THE FOLLOWING WEATHER WAS RECORDED TODAY.
  FOG


RELATIVE HUMIDITY (PERCENT)
 HIGHEST    93          1200 AM
 LOWEST     62          1100 AM
 AVERAGE    78

..........................................................


THE BEAUMONT PORT ARTHUR CLIMATE NORMALS FOR TOMORROW
                         NORMAL    RECORD    YEAR
 MAXIMUM TEMPERATURE (F)   80        91      1932
 MINIMUM TEMPERATURE (F)   62        37      1910


SUNRISE AND SUNSET
APRIL 24 2014.........SUNRISE   640 AM CDT   SUNSET   749 PM CDT
APRIL 25 2014.........SUNRISE   639 AM CDT   SUNSET   750 PM CDT


-  INDICATES NEGATIVE NUMBERS.
R  INDICATES RECORD WAS SET OR TIED.
MM INDICATES DATA IS MISSING.
T  INDICATES TRACE AMOUNT.




$$
