000
CDUS44 KLCH 202205
CLIBPT


CLIMATE REPORT
NATIONAL WEATHER SERVICE LAKE CHARLES, LA
405 PM CST THU NOV 20 2014


...................................

...THE BEAUMONT PORT ARTHUR CLIMATE SUMMARY FOR NOVEMBER 20 2014...
VALID TODAY AS OF 0400 PM LOCAL TIME.

CLIMATE NORMAL PERIOD 1981 TO 2010
CLIMATE RECORD PERIOD 1901 TO 2014


WEATHER ITEM   OBSERVED TIME   RECORD YEAR NORMAL DEPARTURE LAST
                VALUE   (LST)  VALUE       VALUE  FROM      YEAR
                                                  NORMAL
..................................................................
TEMPERATURE (F)
 TODAY
  MAXIMUM         75    150 PM  84    1986  70      5       72
                                      1908
  MINIMUM         47    632 AM  28    1937  51     -4       51
  AVERAGE         61                        60      1       62

PRECIPITATION (IN)
  TODAY            0.00          1.11 2004   0.14  -0.14     0.00
  MONTH TO DATE    2.24                      2.95  -0.71     0.39
  SINCE SEP 1     11.18                     14.50  -3.32    16.31
  SINCE JAN 1     46.58                     53.73  -7.15    51.52

SNOWFALL (IN)
  TODAY            0.0           0.0    MM   0.0    0.0      0.0
  MONTH TO DATE    0.0                       0.0    0.0      0.0
  SINCE SEP 1      0.0                       0.0    0.0      0.0
  SINCE JUL 1      0.0                       0.0    0.0      0.0
  SNOW DEPTH       0

DEGREE DAYS
 HEATING
  TODAY            4                         6     -2        3
  MONTH TO DATE  185                        85    100       77
  SINCE SEP 1    185                       119     66       86
  SINCE JUL 1    185                       119     66       86

 COOLING
  TODAY            0                         2     -2        0
  MONTH TO DATE   22                        52    -30       44
  SINCE SEP 1    756                       676     80      799
  SINCE JAN 1   2899                      2843     56     2989
..................................................................


WIND (MPH)
  HIGHEST WIND SPEED    21   HIGHEST WIND DIRECTION    SE (140)
  HIGHEST GUST SPEED    27   HIGHEST GUST DIRECTION    SE (140)
  AVERAGE WIND SPEED     7.4


SKY COVER
  POSSIBLE SUNSHINE  MM
  AVERAGE SKY COVER 0.3


WEATHER CONDITIONS
 THE FOLLOWING WEATHER WAS RECORDED TODAY.
  FOG


RELATIVE HUMIDITY (PERCENT)
 HIGHEST   100           400 AM
 LOWEST     44          1100 AM
 AVERAGE    72

..........................................................


THE BEAUMONT PORT ARTHUR CLIMATE NORMALS FOR TOMORROW
                         NORMAL    RECORD    YEAR
 MAXIMUM TEMPERATURE (F)   70        85      1942
                                             1909
 MINIMUM TEMPERATURE (F)   50        30      1937


SUNRISE AND SUNSET
NOVEMBER 20 2014......SUNRISE   645 AM CST   SUNSET   518 PM CST
NOVEMBER 21 2014......SUNRISE   646 AM CST   SUNSET   518 PM CST


-  INDICATES NEGATIVE NUMBERS.
R  INDICATES RECORD WAS SET OR TIED.
MM INDICATES DATA IS MISSING.
T  INDICATES TRACE AMOUNT.




$$
