000
CDUS43 KDVN 202230
CLIBRL


CLIMATE REPORT
NATIONAL WEATHER SERVICE QUAD CITIES IA IL
430 PM CST THU NOV 20 2014


...................................

...THE BURLINGTON IA CLIMATE SUMMARY FOR NOVEMBER 20 2014...
VALID TODAY AS OF 0400 PM LOCAL TIME.

CLIMATE NORMAL PERIOD 1981 TO 2010
CLIMATE RECORD PERIOD 1897 TO 2014


WEATHER ITEM   OBSERVED TIME   RECORD YEAR NORMAL DEPARTURE LAST
                VALUE   (LST)  VALUE       VALUE  FROM      YEAR
                                                  NORMAL
..................................................................
TEMPERATURE (F)
 TODAY
  MAXIMUM         32    140 PM  76    1913  49    -17       42
  MINIMUM         16    340 AM   7    1914  31    -15       37
  AVERAGE         24                        40    -16       40

PRECIPITATION (IN)
  TODAY            0.00         MM      MM   0.08  -0.08     0.45
  MONTH TO DATE    0.27                      1.68  -1.41     1.08
  SINCE SEP 1      9.54                      8.32   1.22     5.27
  SINCE JAN 1     38.61                     35.57   3.04    32.33

DEGREE DAYS
 HEATING
  TODAY           41                        25     16       25
  MONTH TO DATE  611                       402    209      442
  SINCE SEP 1   1053                       792    261      855
  SINCE JUL 1   1060                       796    264      866

 COOLING
  TODAY            0                         0      0        0
  MONTH TO DATE    0                         0      0        0
  SINCE SEP 1     86                       163    -77      214
  SINCE JAN 1    940                      1206   -266     1115
..................................................................


WIND (MPH)
  HIGHEST WIND SPEED    17   HIGHEST WIND DIRECTION    NW (300)
  HIGHEST GUST SPEED    24   HIGHEST GUST DIRECTION    NW (310)
  AVERAGE WIND SPEED     9.1


SKY COVER
  POSSIBLE SUNSHINE  MM
  AVERAGE SKY COVER 0.2


WEATHER CONDITIONS
 THE FOLLOWING WEATHER WAS RECORDED TODAY.
  NO SIGNIFICANT WEATHER WAS OBSERVED.


RELATIVE HUMIDITY (PERCENT)
 HIGHEST    74           300 AM
 LOWEST     43           400 PM
 AVERAGE    59

..........................................................


THE BURLINGTON IA CLIMATE NORMALS FOR TOMORROW
                         NORMAL    RECORD    YEAR
 MAXIMUM TEMPERATURE (F)   48        75      1913
 MINIMUM TEMPERATURE (F)   31         4      1937


SUNRISE AND SUNSET
NOVEMBER 20 2014......SUNRISE   657 AM CST   SUNSET   443 PM CST
NOVEMBER 21 2014......SUNRISE   658 AM CST   SUNSET   442 PM CST


-  INDICATES NEGATIVE NUMBERS.
R  INDICATES RECORD WAS SET OR TIED.
MM INDICATES DATA IS MISSING.
T  INDICATES TRACE AMOUNT.




$$
