000
CDUS43 KDVN 022132
CLIBRL


CLIMATE REPORT
NATIONAL WEATHER SERVICE QUAD CITIES IA IL
432 PM CDT TUE JUN 2 2015


...................................

...THE BURLINGTON IA CLIMATE SUMMARY FOR JUNE 2 2015...
VALID TODAY AS OF 0400 PM LOCAL TIME.

CLIMATE NORMAL PERIOD 1981 TO 2010
CLIMATE RECORD PERIOD 1897 TO 2015


WEATHER ITEM   OBSERVED TIME   RECORD YEAR NORMAL DEPARTURE LAST
                VALUE   (LST)  VALUE       VALUE  FROM      YEAR
                                                  NORMAL
..................................................................
TEMPERATURE (F)
 TODAY
  MAXIMUM         72    256 PM 103    1934  80     -8       85
  MINIMUM         53    527 AM  41    1956  59     -6       71
  AVERAGE         63                        69     -6       78

PRECIPITATION (IN)
  TODAY            0.00         MM      MM   0.15  -0.15     0.01
  MONTH TO DATE    0.00                      0.29  -0.29     0.04
  SINCE JUN 1      0.00                      0.29  -0.29     0.04
  SINCE JAN 1      8.96                     14.55  -5.59    11.43

DEGREE DAYS
 HEATING
  TODAY            2                         1      1        0
  MONTH TO DATE    5                         2      3        0
  SINCE JUN 1      5                         2      3        0
  SINCE JUL 1   6101                      5589    512     6824

 COOLING
  TODAY            0                         6     -6       13
  MONTH TO DATE    0                        11    -11       27
  SINCE JUN 1      0                        11    -11       27
  SINCE JAN 1     93                       114    -21      165
..................................................................


WIND (MPH)
  HIGHEST WIND SPEED    12   HIGHEST WIND DIRECTION     S (160)
  HIGHEST GUST SPEED    15   HIGHEST GUST DIRECTION     S (160)
  AVERAGE WIND SPEED     5.6


SKY COVER
  POSSIBLE SUNSHINE  MM
  AVERAGE SKY COVER 0.3


WEATHER CONDITIONS
 THE FOLLOWING WEATHER WAS RECORDED TODAY.
  FOG


RELATIVE HUMIDITY (PERCENT)
 HIGHEST   100          1200 AM
 LOWEST     57          1200 PM
 AVERAGE    79

..........................................................


THE BURLINGTON IA CLIMATE NORMALS FOR TOMORROW
                         NORMAL    RECORD    YEAR
 MAXIMUM TEMPERATURE (F)   80        98      1934
 MINIMUM TEMPERATURE (F)   59        42      1969


SUNRISE AND SUNSET
JUNE  2 2015..........SUNRISE   535 AM CDT   SUNSET   830 PM CDT
JUNE  3 2015..........SUNRISE   535 AM CDT   SUNSET   831 PM CDT


-  INDICATES NEGATIVE NUMBERS.
R  INDICATES RECORD WAS SET OR TIED.
MM INDICATES DATA IS MISSING.
T  INDICATES TRACE AMOUNT.




$$
