000
CDUS43 KDVN 251004
CLIBRL


CLIMATE REPORT
NATIONAL WEATHER SERVICE QUAD CITIES IA IL
403 AM CST SUN FEB 25 2018


...................................

...THE BURLINGTON IA CLIMATE SUMMARY FOR FEBRUARY 24 2018...

CLIMATE NORMAL PERIOD 1981 TO 2010
CLIMATE RECORD PERIOD 1897 TO 2018


WEATHER ITEM   OBSERVED TIME   RECORD YEAR NORMAL DEPARTURE LAST
                VALUE   (LST)  VALUE       VALUE  FROM      YEAR
                                                  NORMAL
..................................................................
TEMPERATURE (F)
 YESTERDAY
  MAXIMUM         44    713 PM  76    1930  42      2       45
  MINIMUM         30    404 AM  -7    1910  24      6       27
  AVERAGE         37                        33      4       36

PRECIPITATION (IN)
  YESTERDAY        0.25         MM      MM   0.07   0.18      T
  MONTH TO DATE    3.44                      1.32   2.12     0.28
  SINCE DEC 1      4.38                      4.65  -0.27     2.72
  SINCE JAN 1      4.05                      2.56   1.49     1.74

DEGREE DAYS
 HEATING
  YESTERDAY       28                        32     -4       29
  MONTH TO DATE  948                       852     96      586
  SINCE DEC 1   3368                      3180    188     2847
  SINCE JUL 1   4419                      4253    166     3603

 COOLING
  YESTERDAY        0                         0      0        0
  MONTH TO DATE    0                         0      0        0
  SINCE DEC 1      0                         0      0        0
  SINCE JAN 1      0                         0      0        0
..................................................................


WIND (MPH)
  HIGHEST WIND SPEED    26   HIGHEST WIND DIRECTION     W (280)
  HIGHEST GUST SPEED    35   HIGHEST GUST DIRECTION     W (280)
  AVERAGE WIND SPEED    11.9


SKY COVER
  POSSIBLE SUNSHINE  MM
  AVERAGE SKY COVER 0.9


WEATHER CONDITIONS
 THE FOLLOWING WEATHER WAS RECORDED YESTERDAY.
  RAIN
  LIGHT RAIN
  LT FREEZING RAIN
  FOG
  FOG W/VISIBILITY <= 1/4 MILE


RELATIVE HUMIDITY (PERCENT)
 HIGHEST   100          1100 AM
 LOWEST     85          1200 AM
 AVERAGE    93

..........................................................


THE BURLINGTON IA CLIMATE NORMALS FOR TODAY
                         NORMAL    RECORD    YEAR
 MAXIMUM TEMPERATURE (F)   42        71      2000
 MINIMUM TEMPERATURE (F)   25        -9      1967


SUNRISE AND SUNSET
FEBRUARY 25 2018......SUNRISE   644 AM CST   SUNSET   551 PM CST
FEBRUARY 26 2018......SUNRISE   643 AM CST   SUNSET   552 PM CST


-  INDICATES NEGATIVE NUMBERS.
R  INDICATES RECORD WAS SET OR TIED.
MM INDICATES DATA IS MISSING.
T  INDICATES TRACE AMOUNT.




$$
