000
CDUS43 KDVN 081016
CLIBRL


CLIMATE REPORT
NATIONAL WEATHER SERVICE QUAD CITIES IA IL
416 AM CST MON FEB 8 2016


...................................

...THE BURLINGTON IA CLIMATE SUMMARY FOR FEBRUARY 7 2016...

CLIMATE NORMAL PERIOD 1981 TO 2010
CLIMATE RECORD PERIOD 1897 TO 2016


WEATHER ITEM   OBSERVED TIME   RECORD YEAR NORMAL DEPARTURE LAST
                VALUE   (LST)  VALUE       VALUE  FROM      YEAR
                                                  NORMAL
..................................................................
TEMPERATURE (F)
 YESTERDAY
  MAXIMUM         48    303 PM  66    2009  37     11       46
  MINIMUM         34   1159 PM -11    2014  19     15       28
  AVERAGE         41                        28     13       37

PRECIPITATION (IN)
  YESTERDAY        0.00         MM      MM   0.05  -0.05     0.00
  MONTH TO DATE    0.69                      0.33   0.36     0.50
  SINCE DEC 1      5.74                      3.66   2.08     2.70
  SINCE JAN 1      1.23                      1.57  -0.34     2.04

DEGREE DAYS
 HEATING
  YESTERDAY       24                        37    -13       28
  MONTH TO DATE  228                       264    -36      327
  SINCE DEC 1   2247                      2592   -345     2550
  SINCE JUL 1   3164                      3665   -501     3927

 COOLING
  YESTERDAY        0                         0      0        0
  MONTH TO DATE    0                         0      0        0
  SINCE DEC 1      0                         0      0        0
  SINCE JAN 1      0                         0      0        0
..................................................................


WIND (MPH)
  HIGHEST WIND SPEED    21   HIGHEST WIND DIRECTION    NW (300)
  HIGHEST GUST SPEED    29   HIGHEST GUST DIRECTION    NW (300)
  AVERAGE WIND SPEED    12.1


SKY COVER
  POSSIBLE SUNSHINE  MM
  AVERAGE SKY COVER 0.1


WEATHER CONDITIONS
 THE FOLLOWING WEATHER WAS RECORDED YESTERDAY.
  FOG


RELATIVE HUMIDITY (PERCENT)
 HIGHEST    89          1100 PM
 LOWEST     45           400 PM
 AVERAGE    67

..........................................................


THE BURLINGTON IA CLIMATE NORMALS FOR TODAY
                         NORMAL    RECORD    YEAR
 MAXIMUM TEMPERATURE (F)   37        66      1990
 MINIMUM TEMPERATURE (F)   19       -21      1899


SUNRISE AND SUNSET
FEBRUARY  8 2016......SUNRISE   708 AM CST   SUNSET   530 PM CST
FEBRUARY  9 2016......SUNRISE   706 AM CST   SUNSET   531 PM CST


-  INDICATES NEGATIVE NUMBERS.
R  INDICATES RECORD WAS SET OR TIED.
MM INDICATES DATA IS MISSING.
T  INDICATES TRACE AMOUNT.




$$
