000
CDUS43 KDVN 282237
CLIBRL

CLIMATE REPORT
NATIONAL WEATHER SERVICE DES MOINES IA
529 PM CDT WED JUN 28 2017


...................................

...THE BURLINGTON IA CLIMATE SUMMARY FOR JUNE 28 2017...
VALID TODAY AS OF 0500 PM LOCAL TIME.

CLIMATE NORMAL PERIOD 1981 TO 2010
CLIMATE RECORD PERIOD 9999 TO 9999


WEATHER ITEM   OBSERVED TIME   RECORD YEAR NORMAL DEPARTURE LAST
                VALUE   (LST)  VALUE       VALUE  FROM      YEAR
                                                  NORMAL
..................................................................
TEMPERATURE (F)
 TODAY
  MAXIMUM         84    359 PM 104    1934  86     -2       79
  MINIMUM         66    351 AM  49    1968  66      0       61
  AVERAGE         75                        76     -1       70

PRECIPITATION (IN)
  TODAY            0.09                      0.14  -0.05     0.00
  MONTH TO DATE    1.02                      4.20  -3.18     0.53
  SINCE JUN 1      1.02                      4.20  -3.18     0.53
  SINCE JAN 1     15.17                     18.46  -3.29    11.38

DEGREE DAYS
 HEATING
  TODAY            0                         0      0        0
  MONTH TO DATE    8                         9     -1        0
  SINCE JUN 1      8                         9     -1        0
  SINCE JUL 1   4815                      5596   -781     4996

 COOLING
  TODAY           10                        11     -1        5
  MONTH TO DATE  252                       236     16      303
  SINCE JUN 1    252                       236     16      303
  SINCE JAN 1    328                       339    -11      402
..................................................................


WIND (MPH)
  HIGHEST WIND SPEED    26   HIGHEST WIND DIRECTION    SW (210)
  HIGHEST GUST SPEED    36   HIGHEST GUST DIRECTION     S (190)
  AVERAGE WIND SPEED    16.5


SKY COVER
  AVERAGE SKY COVER 0.5


WEATHER CONDITIONS
 THE FOLLOWING WEATHER WAS RECORDED TODAY.
  THUNDERSTORM
  HEAVY RAIN
  LIGHT RAIN
  FOG


RELATIVE HUMIDITY (PERCENT)
 HIGHEST    81
 LOWEST     59
 AVERAGE    70

..........................................................


THE BURLINGTON IA CLIMATE NORMALS FOR TOMORROW
                         NORMAL    RECORD    YEAR
 MAXIMUM TEMPERATURE (F)   87       105      1934
 MINIMUM TEMPERATURE (F)   66        50      1950


SUNRISE AND SUNSET
JUNE 28 2017..........SUNRISE   536 AM CDT   SUNSET   840 PM CDT
JUNE 29 2017..........SUNRISE   536 AM CDT   SUNSET   840 PM CDT


-  INDICATES NEGATIVE NUMBERS.
R  INDICATES RECORD WAS SET OR TIED.
MM INDICATES DATA IS MISSING.
T  INDICATES TRACE AMOUNT.




$$
