000
CDUS43 KDVN 012132
CLIBRL


CLIMATE REPORT
NATIONAL WEATHER SERVICE QUAD CITIES IA IL
431 PM CDT WED JUL 1 2015


...................................

...THE BURLINGTON IA CLIMATE SUMMARY FOR JULY 1 2015...
VALID TODAY AS OF 0400 PM LOCAL TIME.

CLIMATE NORMAL PERIOD 1981 TO 2010
CLIMATE RECORD PERIOD 1897 TO 2015


WEATHER ITEM   OBSERVED TIME   RECORD YEAR NORMAL DEPARTURE LAST
                VALUE   (LST)  VALUE       VALUE  FROM      YEAR
                                                  NORMAL
..................................................................
TEMPERATURE (F)
 TODAY
  MAXIMUM         79    232 PM 103    1956  87     -8       82
  MINIMUM         67    504 AM  51    1918  67      0       65
  AVERAGE         73                        77     -4       74

PRECIPITATION (IN)
  TODAY            0.00         MM      MM   0.14  -0.14     0.00
  MONTH TO DATE    0.00                      0.14  -0.14     0.00
  SINCE JUN 1      7.06                      4.61   2.45     9.09
  SINCE JAN 1     16.02                     18.87  -2.85    20.48

DEGREE DAYS
 HEATING
  TODAY            0                         0      0        0
  MONTH TO DATE    0                         0      0        0
  SINCE JUN 1      5                        13     -8        2
  SINCE JUL 1      0                         0      0        0

 COOLING
  TODAY            8                        12     -4        9
  MONTH TO DATE    8                        12     -4        9
  SINCE JUN 1    232                       272    -40      264
  SINCE JAN 1    325                       375    -50      402
..................................................................


WIND (MPH)
  HIGHEST WIND SPEED    15   HIGHEST WIND DIRECTION    NE (30)
  HIGHEST GUST SPEED    19   HIGHEST GUST DIRECTION     N (20)
  AVERAGE WIND SPEED     7.8


SKY COVER
  POSSIBLE SUNSHINE  MM
  AVERAGE SKY COVER 0.2


WEATHER CONDITIONS
 THE FOLLOWING WEATHER WAS RECORDED TODAY.
  FOG


RELATIVE HUMIDITY (PERCENT)
 HIGHEST    93           500 AM
 LOWEST     69          1100 AM
 AVERAGE    81

..........................................................


THE BURLINGTON IA CLIMATE NORMALS FOR TOMORROW
                         NORMAL    RECORD    YEAR
 MAXIMUM TEMPERATURE (F)   87       101      1911
 MINIMUM TEMPERATURE (F)   67        50      1959


SUNRISE AND SUNSET
JULY  1 2015..........SUNRISE   537 AM CDT   SUNSET   840 PM CDT
JULY  2 2015..........SUNRISE   537 AM CDT   SUNSET   840 PM CDT


-  INDICATES NEGATIVE NUMBERS.
R  INDICATES RECORD WAS SET OR TIED.
MM INDICATES DATA IS MISSING.
T  INDICATES TRACE AMOUNT.




$$
