000
CDUS44 KBRO 270633
CLIBRO


CLIMATE REPORT
NATIONAL WEATHER SERVICE BROWNSVILLE TX
130 AM CDT FRI MAR 27 2015


...................................

...THE BROWNSVILLE CLIMATE SUMMARY FOR MARCH 26 2015...

CLIMATE NORMAL PERIOD 1981 TO 2010
CLIMATE RECORD PERIOD 1878 TO 2015


WEATHER ITEM   OBSERVED TIME   RECORD YEAR NORMAL DEPARTURE LAST
                VALUE   (LST)  VALUE       VALUE  FROM      YEAR
                                                  NORMAL
..................................................................
TEMPERATURE (F)
 YESTERDAY
  MAXIMUM         83    120 PM 102    1928  81      2       72
  MINIMUM         60   1155 PM  39    1955  62     -2       62
  AVERAGE         72                        71      1       67

PRECIPITATION (IN)
  YESTERDAY        0.02          0.50 1960   0.05  -0.03     0.04
  MONTH TO DATE    4.74                      1.02   3.72     1.46
  SINCE MAR 1      4.74                      1.02   3.72     1.46
  SINCE JAN 1      9.06                      3.37   5.69     2.22
DEGREE DAYS
 HEATING
  YESTERDAY        0                         1     -1        0
  MONTH TO DATE   67                        39     28       90
  SINCE MAR 1     67                        39     28       90
  SINCE JUL 1    690                       542    148      814

 COOLING
  YESTERDAY        7                         7      0        2
  MONTH TO DATE   95                       138    -43       77
  SINCE MAR 1     95                       138    -43       77
  SINCE JAN 1    152                       279   -127      197
..................................................................


WIND (MPH)
  HIGHEST WIND SPEED    25   HIGHEST WIND DIRECTION     N (360)
  HIGHEST GUST SPEED    36   HIGHEST GUST DIRECTION     N (350)
  AVERAGE WIND SPEED     8.8


SKY COVER
  POSSIBLE SUNSHINE  MM
  AVERAGE SKY COVER 0.8


WEATHER CONDITIONS
 THE FOLLOWING WEATHER WAS RECORDED YESTERDAY.
  HEAVY RAIN
  RAIN
  LIGHT RAIN
  FOG
  FOG W/VISIBILITY <= 1/4 MILE
  HAZE


RELATIVE HUMIDITY (PERCENT)
 HIGHEST   100           500 AM
 LOWEST     63           700 PM
 AVERAGE    82

..........................................................


THE BROWNSVILLE CLIMATE NORMALS FOR TODAY
                         NORMAL    RECORD    YEAR
 MAXIMUM TEMPERATURE (F)   81       106      1984
 MINIMUM TEMPERATURE (F)   62        40      1913


SUNRISE AND SUNSET
MARCH 27 2015.........SUNRISE   726 AM CDT   SUNSET   744 PM CDT
MARCH 28 2015.........SUNRISE   725 AM CDT   SUNSET   745 PM CDT


-  INDICATES NEGATIVE NUMBERS.
R  INDICATES RECORD WAS SET OR TIED.
MM INDICATES DATA IS MISSING.
T  INDICATES TRACE AMOUNT.

$$
