000
CDUS44 KBRO 222236
CLIBRO


CLIMATE REPORT
NATIONAL WEATHER SERVICE BROWNSVILLE TX
434 PM CST SUN JAN 22 2017


...................................

...THE BROWNSVILLE CLIMATE SUMMARY FOR JANUARY 22 2017...
VALID TODAY AS OF 0400 PM LOCAL TIME.

CLIMATE NORMAL PERIOD 1981 TO 2010
CLIMATE RECORD PERIOD 1878 TO 2017


WEATHER ITEM   OBSERVED TIME   RECORD YEAR NORMAL DEPARTURE LAST
                VALUE   (LST)  VALUE       VALUE  FROM      YEAR
                                                  NORMAL
..................................................................
TEMPERATURE (F)
 TODAY
  MAXIMUM         83    242 PM  87    1972  71     12       69
  MINIMUM         56    748 AM  25    1935  52      4       45
  AVERAGE         70                        61      9       57

PRECIPITATION (IN)
  TODAY            0.00          1.43 1993   0.05  -0.05     0.00
  MONTH TO DATE    0.04                      0.85  -0.81     1.81
  SINCE DEC 1      1.71                      2.00  -0.29     1.97
  SINCE JAN 1      0.04                      0.85  -0.81     1.81

SNOWFALL (IN)
  TODAY            0.0           0.0  2002   0.0
                                      1998
                                      2000
  MONTH TO DATE    0.0                       0.0
  SINCE DEC 1      0.0                       0.0
  SINCE JUL 1      0.0                       0.0

DEGREE DAYS
 HEATING
  TODAY            0                         5     -5        8
  MONTH TO DATE   57                       131    -74      152
  SINCE DEC 1    147                       296   -149      212
  SINCE JUL 1    155                       350   -195      234

 COOLING
  TODAY            5                         2      3        0
  MONTH TO DATE  124                        44     80       11
  SINCE DEC 1    300                       124    176      145
  SINCE JAN 1    124                        44     80       11
..................................................................


WIND (MPH)
  HIGHEST WIND SPEED    31   HIGHEST WIND DIRECTION    NW (310)
  HIGHEST GUST SPEED    42   HIGHEST GUST DIRECTION    NW (300)
  AVERAGE WIND SPEED    13.2


SKY COVER
  POSSIBLE SUNSHINE  MM
  AVERAGE SKY COVER 0.0


WEATHER CONDITIONS
 THE FOLLOWING WEATHER WAS RECORDED TODAY.
  NO SIGNIFICANT WEATHER WAS OBSERVED.


RELATIVE HUMIDITY (PERCENT)
 HIGHEST    79          1200 AM
 LOWEST     10           400 PM
 AVERAGE    45

..........................................................


THE BROWNSVILLE CLIMATE NORMALS FOR TOMORROW
                         NORMAL    RECORD    YEAR
 MAXIMUM TEMPERATURE (F)   71        86      2010
 MINIMUM TEMPERATURE (F)   52        24      1930


SUNRISE AND SUNSET
JANUARY 22 2017.......SUNRISE   717 AM CST   SUNSET   606 PM CST
JANUARY 23 2017.......SUNRISE   717 AM CST   SUNSET   607 PM CST


-  INDICATES NEGATIVE NUMBERS.
R  INDICATES RECORD WAS SET OR TIED.
MM INDICATES DATA IS MISSING.
T  INDICATES TRACE AMOUNT.




$$
