000
CDUS44 KBRO 082241
CLIBRO


CLIMATE REPORT
NATIONAL WEATHER SERVICE BROWNSVILLE TX
439 PM CST THU DEC 8 2016


...................................

...THE BROWNSVILLE CLIMATE SUMMARY FOR DECEMBER 8 2016...
VALID TODAY AS OF 0400 PM LOCAL TIME.

CLIMATE NORMAL PERIOD 1981 TO 2010
CLIMATE RECORD PERIOD 1878 TO 2016


WEATHER ITEM   OBSERVED TIME   RECORD YEAR NORMAL DEPARTURE LAST
                VALUE   (LST)  VALUE       VALUE  FROM      YEAR
                                                  NORMAL
..................................................................
TEMPERATURE (F)
 TODAY
  MAXIMUM         72   1241 AM  93    1885  73     -1       80
  MINIMUM         47    433 PM  34    1882  54     -7       54
  AVERAGE         60                        63     -3       67

PRECIPITATION (IN)
  TODAY            0.95          2.14 1964   0.05   0.90     0.00
  MONTH TO DATE    1.41                      0.34   1.07     0.06
  SINCE DEC 1      1.41                      0.34   1.07     0.06
  SINCE JAN 1     22.55                     26.63  -4.08    46.76

SNOWFALL (IN)
  TODAY            0.0           0.0  2001   0.0
  MONTH TO DATE    0.0                       0.0
  SINCE DEC 1      0.0                       0.0
  SINCE JUL 1      0.0                       0.0

DEGREE DAYS
 HEATING
  TODAY            5                         4      1        0
  MONTH TO DATE   13                        32    -19        6
  SINCE DEC 1     13                        32    -19        6
  SINCE JUL 1     21                        86    -65       28

 COOLING
  TODAY            0                         3     -3        2
  MONTH TO DATE   31                        26      5        9
  SINCE DEC 1     31                        26      5        9
  SINCE JAN 1   4498                      3971    527     3684
..................................................................


WIND (MPH)
  HIGHEST WIND SPEED    28   HIGHEST WIND DIRECTION    NW (330)
  HIGHEST GUST SPEED    40   HIGHEST GUST DIRECTION     N (340)
  AVERAGE WIND SPEED    13.7


SKY COVER
  POSSIBLE SUNSHINE  MM
  AVERAGE SKY COVER 1.0


WEATHER CONDITIONS
 THE FOLLOWING WEATHER WAS RECORDED TODAY.
  HEAVY RAIN
  RAIN
  LIGHT RAIN
  FOG


RELATIVE HUMIDITY (PERCENT)
 HIGHEST   100          1200 AM
 LOWEST     86           400 PM
 AVERAGE    93

..........................................................


THE BROWNSVILLE CLIMATE NORMALS FOR TOMORROW
                         NORMAL    RECORD    YEAR
 MAXIMUM TEMPERATURE (F)   73        88      1919
 MINIMUM TEMPERATURE (F)   54        31      1978


SUNRISE AND SUNSET
DECEMBER  8 2016......SUNRISE   705 AM CST   SUNSET   539 PM CST
DECEMBER  9 2016......SUNRISE   705 AM CST   SUNSET   539 PM CST


-  INDICATES NEGATIVE NUMBERS.
R  INDICATES RECORD WAS SET OR TIED.
MM INDICATES DATA IS MISSING.
T  INDICATES TRACE AMOUNT.




$$
