000
CDUS44 KBRO 250726
CLIBRO


CLIMATE REPORT
NATIONAL WEATHER SERVICE BROWNSVILLE TX
126 AM CST SUN JAN 25 2015


...................................

...THE BROWNSVILLE CLIMATE SUMMARY FOR JANUARY 24 2015...

CLIMATE NORMAL PERIOD 1981 TO 2010
CLIMATE RECORD PERIOD 1878 TO 2015


WEATHER ITEM   OBSERVED TIME   RECORD YEAR NORMAL DEPARTURE LAST
                VALUE   (LST)  VALUE       VALUE  FROM      YEAR
                                                  NORMAL
..................................................................
TEMPERATURE (F)
 YESTERDAY
  MAXIMUM         65    412 PM  86    2002  71     -6       46
  MINIMUM         39    732 AM  26    1963  52    -13       34
  AVERAGE         52                        62    -10       40

PRECIPITATION (IN)
  YESTERDAY        0.00          1.62 1984   0.05  -0.05      T
  MONTH TO DATE    3.56                      0.95   2.61     0.16
  SINCE DEC 1      4.99                      2.10   2.89     3.68
  SINCE JAN 1      3.56                      0.95   2.61     0.16

SNOWFALL (IN)
  YESTERDAY        0.0           0.0  2002   0.0
                                      1998
                                      2000
  MONTH TO DATE    0.0                       0.0
  SINCE DEC 1      0.0                       0.0
  SINCE JUL 1      0.0                       0.0

DEGREE DAYS
 HEATING
  YESTERDAY       13                         5      8       25
  MONTH TO DATE  282                       141    141      160
  SINCE DEC 1    354                       306     48      377
  SINCE JUL 1    467                       360    107      485

 COOLING
  YESTERDAY        0                         2     -2        0
  MONTH TO DATE    5                        48    -43       18
  SINCE DEC 1    114                       128    -14       95
  SINCE JAN 1      5                        48    -43       18
..................................................................


WIND (MPH)
  HIGHEST WIND SPEED    14   HIGHEST WIND DIRECTION     W (250)
  HIGHEST GUST SPEED    19   HIGHEST GUST DIRECTION     W (280)
  AVERAGE WIND SPEED     6.0


SKY COVER
  POSSIBLE SUNSHINE  MM
  AVERAGE SKY COVER 0.0


WEATHER CONDITIONS
 THE FOLLOWING WEATHER WAS RECORDED YESTERDAY.
  NO SIGNIFICANT WEATHER WAS OBSERVED.


RELATIVE HUMIDITY (PERCENT)
 HIGHEST    93          1100 PM
 LOWEST     40           300 PM
 AVERAGE    67

..........................................................


THE BROWNSVILLE CLIMATE NORMALS FOR TODAY
                         NORMAL    RECORD    YEAR
 MAXIMUM TEMPERATURE (F)   71        90      1982
 MINIMUM TEMPERATURE (F)   52        29      1884


SUNRISE AND SUNSET
JANUARY 25 2015.......SUNRISE   716 AM CST   SUNSET   608 PM CST
JANUARY 26 2015.......SUNRISE   716 AM CST   SUNSET   609 PM CST


-  INDICATES NEGATIVE NUMBERS.
R  INDICATES RECORD WAS SET OR TIED.
MM INDICATES DATA IS MISSING.
T  INDICATES TRACE AMOUNT.




$$
