000
CDUS44 KBRO 282126
CLIBRO


CLIMATE REPORT
NATIONAL WEATHER SERVICE BROWNSVILLE TX
425 PM CDT SUN AUG 28 2016


...................................

...THE BROWNSVILLE CLIMATE SUMMARY FOR AUGUST 28 2016...
VALID TODAY AS OF 0400 PM LOCAL TIME.

CLIMATE NORMAL PERIOD 1981 TO 2010
CLIMATE RECORD PERIOD 1878 TO 2016


WEATHER ITEM   OBSERVED TIME   RECORD YEAR NORMAL DEPARTURE LAST
                VALUE   (LST)  VALUE       VALUE  FROM      YEAR
                                                  NORMAL
..................................................................
TEMPERATURE (F)
 TODAY
  MAXIMUM         97    148 PM 101    2011  94      3       92
  MINIMUM         74    627 AM  63    1896  76     -2       72
  AVERAGE         86                        85      1       82

PRECIPITATION (IN)
  TODAY            0.00          2.92 1938   0.11  -0.11     0.00
  MONTH TO DATE    0.30                      2.08  -1.78     1.38
  SINCE JUN 1      3.46                      6.69  -3.23     4.50
  SINCE JAN 1     13.45                     14.45  -1.00    24.99

SNOWFALL (IN)
  TODAY            0.0           0.0  2002   0.0
                                      2001
  MONTH TO DATE    0.0                       0.0
  SINCE JUN 1      0.0                       0.0
  SINCE JUL 1      0.0                       0.0

DEGREE DAYS
 HEATING
  TODAY            0                         0      0        0
  MONTH TO DATE    0                         0      0        0
  SINCE JUN 1      0                         0      0        0
  SINCE JUL 1      0                         0      0        0

 COOLING
  TODAY           21                        20      1       17
  MONTH TO DATE  619                       576     43      574
  SINCE JUN 1   1881                      1761    120     1352
  SINCE JAN 1   3041                      2854    187     2414
..................................................................


WIND (MPH)
  HIGHEST WIND SPEED    17   HIGHEST WIND DIRECTION    NE (40)
  HIGHEST GUST SPEED    23   HIGHEST GUST DIRECTION    NE (30)
  AVERAGE WIND SPEED     3.1


SKY COVER
  POSSIBLE SUNSHINE  MM
  AVERAGE SKY COVER 0.1


WEATHER CONDITIONS
 THE FOLLOWING WEATHER WAS RECORDED TODAY.
  NO SIGNIFICANT WEATHER WAS OBSERVED.


RELATIVE HUMIDITY (PERCENT)
 HIGHEST   100           400 AM
 LOWEST     43           300 PM
 AVERAGE    72

..........................................................


THE BROWNSVILLE CLIMATE NORMALS FOR TOMORROW
                         NORMAL    RECORD    YEAR
 MAXIMUM TEMPERATURE (F)   93       104      2012
 MINIMUM TEMPERATURE (F)   76        66      1958


SUNRISE AND SUNSET
AUGUST 28 2016........SUNRISE   708 AM CDT   SUNSET   753 PM CDT
AUGUST 29 2016........SUNRISE   709 AM CDT   SUNSET   752 PM CDT


-  INDICATES NEGATIVE NUMBERS.
R  INDICATES RECORD WAS SET OR TIED.
MM INDICATES DATA IS MISSING.
T  INDICATES TRACE AMOUNT.




$$
