643
CDAK49 PAFG 291000
CLIBRW

CLIMATE REPORT
NATIONAL WEATHER SERVICE FAIRBANKS AK
200 AM AKDT MON MAY 29 2017


...................................

...THE BARROW AK CLIMATE SUMMARY FOR MAY 28 2017...

CLIMATE NORMAL PERIOD 1981 TO 2010
CLIMATE RECORD PERIOD 1920 TO 2017


WEATHER ITEM   OBSERVED TIME   RECORD YEAR NORMAL DEPARTURE LAST
                VALUE   (LST)  VALUE       VALUE  FROM      YEAR
                                                  NORMAL
..................................................................
TEMPERATURE (F)
 YESTERDAY
  MAXIMUM         35    326 PM  43    1998  32      3       35
  MINIMUM         27    553 AM   5    1936  24      3       29
                                      1921
  AVERAGE         31                        28      3       32

PRECIPITATION (IN)
  YESTERDAY        0.00          0.30 2010   0.01  -0.01      T
  MONTH TO DATE    0.78                      0.16   0.62     0.06
  SINCE MAR 1      1.08                      0.41   0.67     0.29
  SINCE JAN 1      1.95                      0.68   1.27     3.35

SNOWFALL (IN)
  YESTERDAY        0.0           0.9  2009   0.1   -0.1      0.0
  MONTH TO DATE    8.8                       2.5    6.3      0.7
  SINCE MAR 1     11.8                       7.8    4.0      1.5
  SINCE JUL 1     38.7                      36.8    1.9     10.3
  SNOW DEPTH       2

DEGREE DAYS
 HEATING
  YESTERDAY       34                        37     -3       33
  MONTH TO DATE 1146                      1251   -105     1022
  SINCE MAR 1   5125                      5554   -429     4613
  SINCE JUL 1  16087                     18411  -2324    16009

 COOLING
  YESTERDAY        0                         0      0        0
  MONTH TO DATE    0                         0      0        0
  SINCE MAR 1      0                         0      0        0
  SINCE JAN 1      0                         0      0        0
..................................................................


WIND (MPH)
  HIGHEST GUST SPEED    23   HIGHEST GUST DIRECTION     E (80)


SKY COVER
  AVERAGE SKY COVER 0.2


WEATHER CONDITIONS
 THE FOLLOWING WEATHER WAS RECORDED YESTERDAY.
  NO SIGNIFICANT WEATHER WAS OBSERVED.


RELATIVE HUMIDITY (PERCENT)
 HIGHEST    92
 LOWEST     82
 AVERAGE    87

..........................................................


THE BARROW AK CLIMATE NORMALS FOR TODAY
                         NORMAL    RECORD    YEAR
 MAXIMUM TEMPERATURE (F)   32        46      1996
 MINIMUM TEMPERATURE (F)   24         4      1926


SUNRISE AND SUNSET
MAY 29 2017...........SUN ABOVE VISIBLE HORIZON.
MAY 30 2017...........SUN ABOVE VISIBLE HORIZON.

-  INDICATES NEGATIVE NUMBERS.
R  INDICATES RECORD WAS SET OR TIED.
MM INDICATES DATA IS MISSING.
T  INDICATES TRACE AMOUNT.

&&

SNOW DEPTH IS MEASURED AT 3AM AKST/4AM AKDT.

----------------------------
AVAILABLE DAYLIGHT

AMOUNT OF DAYLIGHT TODAY  (HOUR:MIN)........24:00
GAIN/LOSS SINCE YESTERDAY (HOUR:MIN:SEC)....+0:00:00

$$
CCC MAY 17
