000
CDAK49 PABR 020905
CLIBRW

CLIMATE REPORT
NATIONAL WEATHER SERVICE BARROW, AK
105 AM AKDT SUN AUG 2 2015

...................................
...THE BARROW WSO AP CLIMATE SUMMARY FOR AUGUST 1 2015...

CLIMATE NORMAL PERIOD  1981 TO  2010
CLIMATE RECORD PERIOD  1915 TO  2015

WEATHER ITEM   OBSERVED TIME    RECORD YEAR NORMAL DEPARTURE LAST
               VALUE    (LST)   VALUE       VALUE  FROM      YEAR
                                                   NORMAL
...................................................................
TEMPERATURE
YESTERDAY
 MAXIMUM            39  0117 PM    69  1923     46      -7     44
 MINIMUM            34  0734 AM    28  1975     35      -1     33
 AVERAGE            37                          41      -4     39

PRECIPITATION
(INCHES)
 YESTERDAY           T           0.59  1973   0.04   -0.04   0.01
 MONTH TO DATE       T                        0.04   -0.04   0.01
 SINCE JUN 1      1.06                        1.34   -0.28   2.49
 SINCE JAN 1      3.02                        2.04    0.98   4.11

SNOWFALL
(INCHES)
 YESTERDAY         0.0            1.0  1964    0.0     0.0    0.0
 MONTH TO DATE     0.0                         0.0     0.0    0.0
 SINCE JUN 1       1.0                         0.9     0.1    1.8
 SINCE JUL 1         T                         0.2    -0.2    0.9
 SNOW DEPTH (IN)     0                                          0

DEGREE DAYS
 HEATING
  YESTERDAY         28                          25       3     26
  MONTH TO DATE     28                          25       3     26
  SINCE JUN 1     1521                        1652    -131   1787
  SINCE JUL 1      779                         772       7    854

 COOLING
  YESTERDAY          0                           0       0      0
  MONTH TO DATE      0                           0       0      0
  SINCE JUN 1        0                           0       0      0
  SINCE JAN 1        0                           0       0      0
...................................................................

WIND (MPH)
 HIGHEST WIND SPEED    17     HIGHEST WIND DIRECTION    310
 HIGHEST GUST SPEED    20     HIGHEST GUST DIRECTION    350
 AVERAGE WIND SPEED   8.7

WEATHER CONDITIONS
 THE FOLLOWING WEATHER WAS RECORDED YESTERDAY.
  FOG
RAIN


RELATIVE HUMIDITY
 HIGHEST RH     MM PERCENT       MM
 LOWEST  RH     MM PERCENT       MM
 AVERAGE RH     MM PERCENT       MM
...................................................................

THE BARROW CLIMATE NORMALS FOR TODAY
                           NORMAL    RECORD   YEAR
 MAXIMUM TEMPERATURE (F)     46        68     1985
 MINIMUM TEMPERATURE (F)     35        26     1945

SUNRISE AND SUNSET
 AUG 2 2015..........SUNRISE  2:58 AM      SUNSET  1:48 AM
 AUG 3 2015..........SUNRISE  3:21 AM      SUNSET  1:33 AM

-  INDICATES NEGATIVE NUMBERS.
R  INDICATES RECORD HAS BEEN SET OR TIED.
MM INDICATES DATA IS MISSING.
T  INDICATES TRACE OF PRECIPITATION.

&&
-------------------------------------------------------------------

AMOUNT OF DAYLIGHT TODAY  (HOUR:MIN)........22 HOURS 50 MINUTES
GAIN/LOSS SINCE YESTERDAY (HOUR:MIN:SEC)....-0:48:13

$$
DZB AUG 15
