390
CDAK49 PAFG 251102
CLIBRW

CLIMATE REPORT
NATIONAL WEATHER SERVICE FAIRBANKS AK
302 AM AKDT TUE JUL 25 2017


...................................

...THE BARROW AK CLIMATE SUMMARY FOR JULY 24 2017...

CLIMATE NORMAL PERIOD 1981 TO 2010
CLIMATE RECORD PERIOD 1920 TO 2017


WEATHER ITEM   OBSERVED TIME   RECORD YEAR NORMAL DEPARTURE LAST
                VALUE   (LST)  VALUE       VALUE  FROM      YEAR
                                                  NORMAL
..................................................................
TEMPERATURE (F)
 YESTERDAY
  MAXIMUM         47    122 AM  68    1981  47      0       47
                                      1942
  MINIMUM         36   1121 PM  23    1931  35      1       35
  AVERAGE         42                        41      1       41

PRECIPITATION (IN)
  YESTERDAY        T             0.44 1989   0.03  -0.03     0.00
  MONTH TO DATE    1.42                      0.73   0.69     0.14
  SINCE JUN 1      1.68                      1.05   0.63     0.83
  SINCE JAN 1      3.79                      1.75   2.04     4.18

SNOWFALL (IN)
  YESTERDAY       MM             0.7  2014   0.0   MM        0.0
  MONTH TO DATE    0.0                       0.1   -0.1       T
  SINCE JUN 1      0.5                       0.8   -0.3      1.9
  SINCE JUL 1      0.0                       0.1   -0.1       T
  SNOW DEPTH       0

DEGREE DAYS
 HEATING
  YESTERDAY       23                        24     -1       24
  MONTH TO DATE  464                       579   -115      499
  SINCE JUN 1   1365                      1460    -95     1308
  SINCE JUL 1    464                       579   -115      499

 COOLING
  YESTERDAY        0                         0      0        0
  MONTH TO DATE    0                         0      0        0
  SINCE JUN 1      0                         0      0        0
  SINCE JAN 1      0                         0      0        0
..................................................................


WIND (MPH)
  HIGHEST GUST SPEED    33   HIGHEST GUST DIRECTION     W (280)


SKY COVER
  AVERAGE SKY COVER 1.0


WEATHER CONDITIONS
 THE FOLLOWING WEATHER WAS RECORDED YESTERDAY.
  LIGHT RAIN
  FOG
  FOG W/VISIBILITY <= 1/4 MILE


RELATIVE HUMIDITY (PERCENT)
 HIGHEST   100
 LOWEST     85
 AVERAGE    93

..........................................................


THE BARROW AK CLIMATE NORMALS FOR TODAY
                         NORMAL    RECORD    YEAR
 MAXIMUM TEMPERATURE (F)   47        68      1932
                                             1921
 MINIMUM TEMPERATURE (F)   35        23      1931


SUNRISE AND SUNSET
JULY 25 2017..........SUN ABOVE VISIBLE HORIZON.
JULY 26 2017..........SUN ABOVE VISIBLE HORIZON.

-  INDICATES NEGATIVE NUMBERS.
R  INDICATES RECORD WAS SET OR TIED.
MM INDICATES DATA IS MISSING.
T  INDICATES TRACE AMOUNT.

&&

SNOW DEPTH IS MEASURED AT 3AM AKST/4AM AKDT.

----------------------------
AVAILABLE DAYLIGHT

AMOUNT OF DAYLIGHT TODAY  (HOUR:MIN)........24:00
GAIN/LOSS SINCE YESTERDAY (HOUR:MIN:SEC)....+0:00:00

$$
JUL 17
