468
CDAK49 PAFG 230942
CLIBRW

CLIMATE REPORT
NATIONAL WEATHER SERVICE FAIRBANKS AK
142 AM AKDT SUN APR 23 2017


...................................

...THE BARROW AK CLIMATE SUMMARY FOR APRIL 22 2017...

CLIMATE NORMAL PERIOD 1981 TO 2010
CLIMATE RECORD PERIOD 1920 TO 2017


WEATHER ITEM   OBSERVED TIME   RECORD YEAR NORMAL DEPARTURE LAST
                VALUE   (LST)  VALUE       VALUE  FROM      YEAR
                                                  NORMAL
..................................................................
TEMPERATURE (F)
 YESTERDAY
  MAXIMUM         15    523 PM  36    1931  13      2       22
  MINIMUM         -2    654 AM -30    1924   0     -2       12
  AVERAGE          7                         6      1       17

PRECIPITATION (IN)
  YESTERDAY        0.00          0.19 2015   0.01  -0.01     0.00
  MONTH TO DATE    T                         0.12  -0.12     0.06
  SINCE MAR 1      0.30                      0.21   0.09     0.20
  SINCE JAN 1      1.17                      0.48   0.69     3.26

SNOWFALL (IN)
  YESTERDAY        0.0           1.9  2015   0.1   -0.1      0.0
  MONTH TO DATE    0.2                       2.3   -2.1      0.3
  SINCE MAR 1      2.6                       4.4   -1.8      0.5
  SINCE JUL 1     29.5                      33.4   -3.9      9.3
  SNOW DEPTH       6

DEGREE DAYS
 HEATING
  YESTERDAY       58                        59     -1       48
  MONTH TO DATE 1278                      1450   -172     1248
  SINCE MAR 1   3515                      3857   -342     3264
  SINCE JUL 1  14477                     16714  -2237    14660

 COOLING
  YESTERDAY        0                         0      0        0
  MONTH TO DATE    0                         0      0        0
  SINCE MAR 1      0                         0      0        0
  SINCE JAN 1      0                         0      0        0
..................................................................


WIND (MPH)
  HIGHEST GUST SPEED    16   HIGHEST GUST DIRECTION     E (90)


SKY COVER
  AVERAGE SKY COVER 0.0


WEATHER CONDITIONS
 THE FOLLOWING WEATHER WAS RECORDED YESTERDAY.
  FOG
  FOG W/VISIBILITY <= 1/4 MILE
  HAZE


RELATIVE HUMIDITY (PERCENT)
 HIGHEST    91
 LOWEST     72
 AVERAGE    82

..........................................................


THE BARROW AK CLIMATE NORMALS FOR TODAY
                         NORMAL    RECORD    YEAR
 MAXIMUM TEMPERATURE (F)   14        40      1931
 MINIMUM TEMPERATURE (F)    0       -28      1984


SUNRISE AND SUNSET
APRIL 23 2017.........SUNRISE   524 AM AKDT  SUNSET  1132 PM AKDT
APRIL 24 2017.........SUNRISE   518 AM AKDT  SUNSET  1138 PM AKDT

-  INDICATES NEGATIVE NUMBERS.
R  INDICATES RECORD WAS SET OR TIED.
MM INDICATES DATA IS MISSING.
T  INDICATES TRACE AMOUNT.

&&

SNOW DEPTH IS MEASURED AT 3AM AKST/4AM AKDT.

----------------------------
AVAILABLE DAYLIGHT

AMOUNT OF DAYLIGHT TODAY  (HOUR:MIN)........18:08
GAIN/LOSS SINCE YESTERDAY (HOUR:MIN:SEC)....+0:11:43

$$
APR 17
