000
CDAK49 PABR 310903
CLIBRW

CLIMATE REPORT
NATIONAL WEATHER SERVICE BARROW, AK
103 AM AKDT MON AUG 31 2015

...................................
...THE BARROW WSO AP CLIMATE SUMMARY FOR AUGUST 30 2015...

CLIMATE NORMAL PERIOD  1981 TO  2010
CLIMATE RECORD PERIOD  1915 TO  2015

WEATHER ITEM   OBSERVED TIME    RECORD YEAR NORMAL DEPARTURE LAST
               VALUE    (LST)   VALUE       VALUE  FROM      YEAR
                                                   NORMAL
...................................................................
TEMPERATURE
YESTERDAY
 MAXIMUM            39  1138 AM    59  2000     41      -2     38
 MINIMUM            32  1149 PM    22  1988     33      -1     32
 AVERAGE            36                          37      -1     35

PRECIPITATION
(INCHES)
 YESTERDAY        0.01           0.50  1949   0.03   -0.02   0.03
 MONTH TO DATE    1.61                        1.02    0.59   0.20
 SINCE JUN 1      2.67                        2.32    0.35   2.68
 SINCE JAN 1      4.63                        3.02    1.61   4.30

SNOWFALL
(INCHES)
 YESTERDAY         0.0            0.4  1980    0.0     0.0    0.2
 MONTH TO DATE     0.8                         0.8     0.0    0.5
 SINCE JUN 1       1.8                         1.7     0.1    2.3
 SINCE JUL 1       0.8                         1.0    -0.2    1.4
 SNOW DEPTH (IN)     0                                          T

DEGREE DAYS
 HEATING
  YESTERDAY         29                          28       1     30
  MONTH TO DATE    796                         779      17    809
  SINCE JUN 1     2289                        2406    -117   2570
  SINCE JUL 1     1547                        1526      21   1637

 COOLING
  YESTERDAY          0                           0       0      0
  MONTH TO DATE      0                           0       0      0
  SINCE JUN 1        0                           0       0      0
  SINCE JAN 1        0                           0       0      0
...................................................................

WIND (MPH)
 HIGHEST WIND SPEED    17     HIGHEST WIND DIRECTION     60
 HIGHEST GUST SPEED    21     HIGHEST GUST DIRECTION     30
 AVERAGE WIND SPEED  10.8

WEATHER CONDITIONS
 THE FOLLOWING WEATHER WAS RECORDED YESTERDAY.
  FOG
RAIN


RELATIVE HUMIDITY
 HIGHEST RH     MM PERCENT       MM
 LOWEST  RH     MM PERCENT       MM
 AVERAGE RH     MM PERCENT       MM
...................................................................

THE BARROW CLIMATE NORMALS FOR TODAY
                           NORMAL    RECORD   YEAR
 MAXIMUM TEMPERATURE (F)     41        60     1974
 MINIMUM TEMPERATURE (F)     33        20     1922

SUNRISE AND SUNSET
 AUG 31 2015..........SUNRISE  6:30 AM      SUNSET 10:23 PM
 SEP 1 2015..........SUNRISE  6:35 AM      SUNSET 10:17 PM

-  INDICATES NEGATIVE NUMBERS.
R  INDICATES RECORD HAS BEEN SET OR TIED.
MM INDICATES DATA IS MISSING.
T  INDICATES TRACE OF PRECIPITATION.

&&
-------------------------------------------------------------------

AMOUNT OF DAYLIGHT TODAY  (HOUR:MIN)........15 HOURS 53 MINUTES
GAIN/LOSS SINCE YESTERDAY (HOUR:MIN:SEC)....-0:10:02

$$
DZB AUG 15
