000
CDUS45 KMSO 212230
CLIBTM


CLIMATE REPORT
NATIONAL WEATHER SERVICE MISSOULA, MT
430 PM MDT SUN SEP 21 2014


...................................

...THE BUTTE MT CLIMATE SUMMARY FOR SEPTEMBER 21 2014...
VALID TODAY AS OF 0400 PM LOCAL TIME.

CLIMATE NORMAL PERIOD 1981 TO 2010
CLIMATE RECORD PERIOD 1895 TO 2014


WEATHER ITEM   OBSERVED TIME   RECORD YEAR NORMAL DEPARTURE LAST
                VALUE   (LST)  VALUE       VALUE  FROM      YEAR
                                                  NORMAL
..................................................................
TEMPERATURE (F)
 TODAY
  MAXIMUM         78    225 PM  85    1918  66     12       75
  MINIMUM         37    657 AM  21    1995  34      3       34
  AVERAGE         58                        50      8       55

PRECIPITATION (IN)
  TODAY            0.00          0.70 1937   0.03  -0.03     0.00
  MONTH TO DATE    0.07                      0.73  -0.66     1.07
  SINCE OCT 1     12.58                     12.50   0.08     9.99
  SINCE JAN 1     11.54                     10.61   0.93     8.36

SNOWFALL (IN)
  TODAY           MM
  MONTH TO DATE   MM
  SINCE JAN 1     MM
  SINCE JUL 1     MM
  SNOW DEPTH      MM

DEGREE DAYS
 HEATING
  TODAY            7                        15     -8       10
  MONTH TO DATE  275                       238     37      112
  SINCE SEP 1    275                       238     37      112
  SINCE JUL 1    438                       466    -28      179

 COOLING
  TODAY            0                         0      0        0
  MONTH TO DATE    0                         0      0        8
  SINCE SEP 1      0                         0      0        8
  SINCE JAN 1     77                        79     -2      104
..................................................................


WIND (MPH)
  HIGHEST WIND SPEED    17   HIGHEST WIND DIRECTION     S (170)
  HIGHEST GUST SPEED    21   HIGHEST GUST DIRECTION     S (170)
  AVERAGE WIND SPEED     4.2


SKY COVER
  POSSIBLE SUNSHINE  MM
  AVERAGE SKY COVER 0.0


WEATHER CONDITIONS
 THE FOLLOWING WEATHER WAS RECORDED TODAY.
  NO SIGNIFICANT WEATHER WAS OBSERVED.


RELATIVE HUMIDITY (PERCENT)
 HIGHEST    85           700 AM
 LOWEST     25           300 PM
 AVERAGE    55

..........................................................


THE BUTTE MT CLIMATE NORMALS FOR TOMORROW
                         NORMAL    RECORD    YEAR
 MAXIMUM TEMPERATURE (F)   65        86      1987
 MINIMUM TEMPERATURE (F)   33        19      1993


SUNRISE AND SUNSET
SEPTEMBER 21 2014.....SUNRISE   716 AM MDT   SUNSET   729 PM MDT
SEPTEMBER 22 2014.....SUNRISE   717 AM MDT   SUNSET   727 PM MDT


-  INDICATES NEGATIVE NUMBERS.
R  INDICATES RECORD WAS SET OR TIED.
MM INDICATES DATA IS MISSING.
T  INDICATES TRACE AMOUNT.




$$
