000
CDUS45 KMSO 302300
CLIBTM


CLIMATE REPORT
NATIONAL WEATHER SERVICE MISSOULA, MT
500 PM MDT SAT AUG 30 2014


...................................

...THE BUTTE MT CLIMATE SUMMARY FOR AUGUST 30 2014...
VALID TODAY AS OF 0500 PM LOCAL TIME.

CLIMATE NORMAL PERIOD 1981 TO 2010
CLIMATE RECORD PERIOD 1895 TO 2014


WEATHER ITEM   OBSERVED TIME   RECORD YEAR NORMAL DEPARTURE LAST
                VALUE   (LST)  VALUE       VALUE  FROM      YEAR
                                                  NORMAL
..................................................................
TEMPERATURE (F)
 TODAY
  MAXIMUM         64    111 PM  89    1954  75    -11       83
  MINIMUM         50    555 AM  25    1965  41      9       47
  AVERAGE         57                        58     -1       65

PRECIPITATION (IN)
  TODAY            0.11          0.52 2005   0.05   0.06     0.01
  MONTH TO DATE    3.04                      1.32   1.72     1.62
  SINCE OCT 1     12.48                     11.73   0.75     8.92
  SINCE JAN 1     11.44                      9.84   1.60     7.29

SNOWFALL (IN)
  TODAY            0.0
  MONTH TO DATE    0.0
  SINCE JAN 1      0.0
  SINCE JUL 1      0.0
  SNOW DEPTH       0

DEGREE DAYS
 HEATING
  TODAY            8                         7      1        0
  MONTH TO DATE  116                       120     -4       46
  SINCE JUN 1    504                       507     -3      307
  SINCE JUL 1    151                       220    -69       64

 COOLING
  TODAY            0                         0      0        0
  MONTH TO DATE   16                        24     -8       15
  SINCE JUN 1     77                        75      2       96
  SINCE JAN 1     77                        75      2       96
..................................................................


WIND (MPH)
  HIGHEST WIND SPEED    26   HIGHEST WIND DIRECTION     W (290)
  HIGHEST GUST SPEED    34   HIGHEST GUST DIRECTION    NW (300)
  AVERAGE WIND SPEED     4.0


SKY COVER
  POSSIBLE SUNSHINE  MM
  AVERAGE SKY COVER 0.3


WEATHER CONDITIONS
 THE FOLLOWING WEATHER WAS RECORDED TODAY.
  LIGHT RAIN
  FOG


RELATIVE HUMIDITY (PERCENT)
 HIGHEST    86           200 AM
 LOWEST     52           100 PM
 AVERAGE    69

..........................................................


THE BUTTE MT CLIMATE NORMALS FOR TOMORROW
                         NORMAL    RECORD    YEAR
 MAXIMUM TEMPERATURE (F)   75        91      1955
 MINIMUM TEMPERATURE (F)   41        27      2006


SUNRISE AND SUNSET
AUGUST 30 2014........SUNRISE   648 AM MDT   SUNSET   812 PM MDT
AUGUST 31 2014........SUNRISE   650 AM MDT   SUNSET   810 PM MDT


-  INDICATES NEGATIVE NUMBERS.
R  INDICATES RECORD WAS SET OR TIED.
MM INDICATES DATA IS MISSING.
T  INDICATES TRACE AMOUNT.




$$
