000
CDUS45 KMSO 250739
CLIBTM


CLIMATE REPORT
NATIONAL WEATHER SERVICE MISSOULA, MT
1238 AM MST SUN JAN 25 2015


...................................

...THE BUTTE MT CLIMATE SUMMARY FOR JANUARY 24 2015...

CLIMATE NORMAL PERIOD 1981 TO 2010
CLIMATE RECORD PERIOD 1895 TO 2015


WEATHER ITEM   OBSERVED TIME   RECORD YEAR NORMAL DEPARTURE LAST
                VALUE   (LST)  VALUE       VALUE  FROM      YEAR
                                                  NORMAL
..................................................................
TEMPERATURE (F)
 YESTERDAY
  MAXIMUM         45   1148 AM  56    2005  32     13       42
  MINIMUM         25   1208 AM -38    1949   8     17       11
  AVERAGE         35                        20     15       27

PRECIPITATION (IN)
  YESTERDAY        0.00          0.60 1897   0.01  -0.01     0.00
  MONTH TO DATE    0.17                      0.37  -0.20     0.10
  SINCE OCT 1      2.56                      2.26   0.30     1.14
  SINCE JAN 1      0.17                      0.37  -0.20     0.10

SNOWFALL (IN)
  YESTERDAY       MM
  MONTH TO DATE   MM
  SINCE JAN 1     MM
  SINCE JUL 1     MM
  SNOW DEPTH      MM

DEGREE DAYS
 HEATING
  YESTERDAY       30                        45    -15       38
  MONTH TO DATE 1025                      1094    -69      931
  SINCE DEC 1   2340                      2568   -228     2389
  SINCE JUL 1   4670                      5058   -388     4649

 COOLING
  YESTERDAY        0                         0      0        0
  MONTH TO DATE    0                         0      0        0
  SINCE DEC 1      0                         0      0        0
  SINCE JAN 1      0                         0      0        0
..................................................................


WIND (MPH)
  HIGHEST WIND SPEED    13   HIGHEST WIND DIRECTION    NW (300)
  HIGHEST GUST SPEED    19   HIGHEST GUST DIRECTION     W (280)
  AVERAGE WIND SPEED     4.3


SKY COVER
  POSSIBLE SUNSHINE  MM
  AVERAGE SKY COVER 0.9


WEATHER CONDITIONS
 THE FOLLOWING WEATHER WAS RECORDED YESTERDAY.
  NO SIGNIFICANT WEATHER WAS OBSERVED.


RELATIVE HUMIDITY (PERCENT)
 HIGHEST    89           900 PM
 LOWEST     65          1100 AM
 AVERAGE    77

..........................................................


THE BUTTE MT CLIMATE NORMALS FOR TODAY
                         NORMAL    RECORD    YEAR
 MAXIMUM TEMPERATURE (F)   33        47      2014
                                             2006
                                             1984
 MINIMUM TEMPERATURE (F)    8       -38      1949


SUNRISE AND SUNSET
JANUARY 25 2015.......SUNRISE   800 AM MST   SUNSET   525 PM MST
JANUARY 26 2015.......SUNRISE   759 AM MST   SUNSET   527 PM MST


-  INDICATES NEGATIVE NUMBERS.
R  INDICATES RECORD WAS SET OR TIED.
MM INDICATES DATA IS MISSING.
T  INDICATES TRACE AMOUNT.




$$
