000
CDUS44 KLIX 250807
CLIBTR


CLIMATE REPORT
NATIONAL WEATHER SERVICE NEW ORLEANS
207 AM CST SUN JAN 25 2015


...................................

...THE BATON ROUGE  ASOS CLIMATE SUMMARY FOR JANUARY 24 2015...

CLIMATE NORMAL PERIOD 1981 TO 2010
CLIMATE RECORD PERIOD 1894 TO 2015


WEATHER ITEM   OBSERVED TIME   RECORD YEAR NORMAL DEPARTURE LAST
                VALUE   (LST)  VALUE       VALUE  FROM      YEAR
                                                  NORMAL
..................................................................
TEMPERATURE (F)
 YESTERDAY
  MAXIMUM         59    252 PM  82    1909  63     -4       32
  MINIMUM         33    701 AM  12    1963  41     -8       27
  AVERAGE         46                        52     -6       30

PRECIPITATION (IN)
  YESTERDAY        0.00          2.47 1990   0.19  -0.19     0.21
  MONTH TO DATE    6.37                      4.40   1.97     1.69
  SINCE DEC 1     12.04                     10.00   2.04     5.41
  SINCE JAN 1      6.37                      4.40   1.97     1.69

SNOWFALL (IN)
  YESTERDAY        0.0
  MONTH TO DATE    T
  SINCE DEC 1      T
  SINCE JUL 1      T
  SNOW DEPTH       0

DEGREE DAYS
 HEATING
  YESTERDAY       19                        13      6       35
  MONTH TO DATE  420                       335     85      460
  SINCE DEC 1    704                       716    -12      897
  SINCE JUL 1   1045                       951     94     1184

 COOLING
  YESTERDAY        0                         0      0        0
  MONTH TO DATE    1                         3     -2        0
  SINCE DEC 1     15                        25    -10       44
  SINCE JAN 1      1                         3     -2        0
..................................................................


WIND (MPH)
  HIGHEST WIND SPEED    15   HIGHEST WIND DIRECTION     W (280)
  HIGHEST GUST SPEED    19   HIGHEST GUST DIRECTION     N (340)
  AVERAGE WIND SPEED     7.4


SKY COVER
  POSSIBLE SUNSHINE  MM
  AVERAGE SKY COVER 0.1


WEATHER CONDITIONS
 THE FOLLOWING WEATHER WAS RECORDED YESTERDAY.
  NO SIGNIFICANT WEATHER WAS OBSERVED.


RELATIVE HUMIDITY (PERCENT)
 HIGHEST    96           500 AM
 LOWEST     35           100 PM
 AVERAGE    66

..........................................................


THE BATON ROUGE  ASOS CLIMATE NORMALS FOR TODAY
                         NORMAL    RECORD    YEAR
 MAXIMUM TEMPERATURE (F)   63        85      1909
 MINIMUM TEMPERATURE (F)   41        17      1963


SUNRISE AND SUNSET
JANUARY 25 2015.......SUNRISE   659 AM CST   SUNSET   535 PM CST
JANUARY 26 2015.......SUNRISE   659 AM CST   SUNSET   536 PM CST


-  INDICATES NEGATIVE NUMBERS.
R  INDICATES RECORD WAS SET OR TIED.
MM INDICATES DATA IS MISSING.
T  INDICATES TRACE AMOUNT.




$$
