000
CDUS44 KLIX 290720
CLIBTR


CLIMATE REPORT
NATIONAL WEATHER SERVICE NEW ORLEANS
220 AM CDT SUN MAY 29 2016


...................................

...THE BATON ROUGE  ASOS CLIMATE SUMMARY FOR MAY 28 2016...

CLIMATE NORMAL PERIOD 1981 TO 2010
CLIMATE RECORD PERIOD 1894 TO 2016


WEATHER ITEM   OBSERVED TIME   RECORD YEAR NORMAL DEPARTURE LAST
                VALUE   (LST)  VALUE       VALUE  FROM      YEAR
                                                  NORMAL
..................................................................
TEMPERATURE (F)
 YESTERDAY
  MAXIMUM         88    403 PM  98    1953  89     -1       91
  MINIMUM         69    116 AM  47    1961  68      1       64
  AVERAGE         79                        78      1       78

PRECIPITATION (IN)
  YESTERDAY        0.00          3.34 2014   0.17  -0.17     0.00
  MONTH TO DATE    6.11                      4.39   1.72     5.96
  SINCE MAR 1     20.85                     13.26   7.59    17.42
  SINCE JAN 1     30.16                     24.02   6.14    27.17

SNOWFALL (IN)
  YESTERDAY        0.0
  MONTH TO DATE    0.0
  SINCE MAR 1      0.0
  SINCE JUL 1      0.0
  SNOW DEPTH       0

DEGREE DAYS
 HEATING
  YESTERDAY        0                         0      0        0
  MONTH TO DATE    0                         0      0        0
  SINCE MAR 1     88                       218   -130       99
  SINCE JUL 1   1079                      1553   -474     1641

 COOLING
  YESTERDAY       14                        13      1       13
  MONTH TO DATE  257                       292    -35      319
  SINCE MAR 1    513                       492     21      626
  SINCE JAN 1    530                       523      7      630
..................................................................


WIND (MPH)
  HIGHEST WIND SPEED    18   HIGHEST WIND DIRECTION     S (180)
  HIGHEST GUST SPEED    22   HIGHEST GUST DIRECTION     S (190)
  AVERAGE WIND SPEED     5.8


SKY COVER
  POSSIBLE SUNSHINE  MM
  AVERAGE SKY COVER 0.2


WEATHER CONDITIONS
 THE FOLLOWING WEATHER WAS RECORDED YESTERDAY.
  NO SIGNIFICANT WEATHER WAS OBSERVED.


RELATIVE HUMIDITY (PERCENT)
 HIGHEST    90           200 AM
 LOWEST     50           400 PM
 AVERAGE    70

..........................................................


THE BATON ROUGE  ASOS CLIMATE NORMALS FOR TODAY
                         NORMAL    RECORD    YEAR
 MAXIMUM TEMPERATURE (F)   89        95      1982
                                             1921
 MINIMUM TEMPERATURE (F)   68        51      1961


SUNRISE AND SUNSET
MAY 29 2016...........SUNRISE   603 AM CDT   SUNSET   801 PM CDT
MAY 30 2016...........SUNRISE   603 AM CDT   SUNSET   802 PM CDT


-  INDICATES NEGATIVE NUMBERS.
R  INDICATES RECORD WAS SET OR TIED.
MM INDICATES DATA IS MISSING.
T  INDICATES TRACE AMOUNT.




$$
