000
CDUS44 KLIX 242122
CLIBTR


CLIMATE REPORT
NATIONAL WEATHER SERVICE NEW ORLEANS
422 PM CDT THU APR 24 2014


...................................

...THE BATON ROUGE  ASOS CLIMATE SUMMARY FOR APRIL 24 2014...
VALID TODAY AS OF 0400 PM LOCAL TIME.

CLIMATE NORMAL PERIOD 1981 TO 2010
CLIMATE RECORD PERIOD 1894 TO 2014


WEATHER ITEM   OBSERVED TIME   RECORD YEAR NORMAL DEPARTURE LAST
                VALUE   (LST)  VALUE       VALUE  FROM      YEAR
                                                  NORMAL
..................................................................
TEMPERATURE (F)
 TODAY
  MAXIMUM         85    228 PM  91    1999  81      4       70
                                      1958
  MINIMUM         60    313 AM  44    2012  59      1       55
  AVERAGE         73

PRECIPITATION (IN)
  TODAY            0.00          4.10 1953   0.14  -0.14     1.31
  MONTH TO DATE    3.51                      3.63  -0.12     5.61
  SINCE MAR 1      6.73                      8.04  -1.31     8.52
  SINCE JAN 1     16.00                     18.80  -2.80    30.56

SNOWFALL (IN)
  TODAY            0.0
  MONTH TO DATE    0.0
  SINCE MAR 1      0.0
  SINCE JUL 1      0.4
  SNOW DEPTH       0

DEGREE DAYS
 HEATING
  TODAY            0                         1     -1        2
  MONTH TO DATE   51                        48      3       71
  SINCE MAR 1    272                       215     57      347
  SINCE JUL 1   1978                      1550    428     1519

 COOLING
  TODAY            8                         6      2        0
  MONTH TO DATE   97                       103     -6       87
  SINCE MAR 1    123                       161    -38      106
  SINCE JAN 1    143                       192    -49      131
..................................................................


WIND (MPH)
  HIGHEST WIND SPEED    16   HIGHEST WIND DIRECTION     S (180)
  HIGHEST GUST SPEED    23   HIGHEST GUST DIRECTION    SE (150)
  AVERAGE WIND SPEED     6.2


SKY COVER
  POSSIBLE SUNSHINE  MM
  AVERAGE SKY COVER 0.5


WEATHER CONDITIONS
 THE FOLLOWING WEATHER WAS RECORDED TODAY.
  FOG
  FOG W/VISIBILITY <= 1/4 MILE
  HAZE


RELATIVE HUMIDITY (PERCENT)
 HIGHEST    93           300 AM
 LOWEST     51           100 PM
 AVERAGE    72

..........................................................


THE BATON ROUGE  ASOS CLIMATE NORMALS FOR TOMORROW
                         NORMAL    RECORD    YEAR
 MAXIMUM TEMPERATURE (F)   81        89      2011
                                             1967
                                             1925
 MINIMUM TEMPERATURE (F)   59        42      1910


SUNRISE AND SUNSET
APRIL 24 2014.........SUNRISE   628 AM CDT   SUNSET   738 PM CDT
APRIL 25 2014.........SUNRISE   627 AM CDT   SUNSET   739 PM CDT


-  INDICATES NEGATIVE NUMBERS.
R  INDICATES RECORD WAS SET OR TIED.
MM INDICATES DATA IS MISSING.
T  INDICATES TRACE AMOUNT.




$$
