000
CDUS44 KLIX 290701
CLIBTR


CLIMATE REPORT
NATIONAL WEATHER SERVICE NEW ORLEANS
201 AM CDT SAT AUG 29 2015


...................................

...THE BATON ROUGE  ASOS CLIMATE SUMMARY FOR AUGUST 28 2015...

CLIMATE NORMAL PERIOD 1981 TO 2010
CLIMATE RECORD PERIOD 1894 TO 2015


WEATHER ITEM   OBSERVED TIME   RECORD YEAR NORMAL DEPARTURE LAST
                VALUE   (LST)  VALUE       VALUE  FROM      YEAR
                                                  NORMAL
..................................................................
TEMPERATURE (F)
 YESTERDAY
  MAXIMUM         91    428 PM 100    2011  92     -1       91
                                      1998
  MINIMUM         63    534 AM  61    1968  73    -10       75
  AVERAGE         77                        82     -5       83

PRECIPITATION (IN)
  YESTERDAY        0.00          1.90 1920   0.17  -0.17      T
  MONTH TO DATE    5.30                      5.30   0.00     4.06
  SINCE JUN 1     15.01                     16.67  -1.66    21.20
  SINCE JAN 1     47.39                     41.19   6.20    45.54

SNOWFALL (IN)
  YESTERDAY        0.0
  MONTH TO DATE    0.0
  SINCE JUN 1      0.0
  SINCE JUL 1      0.0
  SNOW DEPTH       0

DEGREE DAYS
 HEATING
  YESTERDAY        0                         0      0        0
  MONTH TO DATE    0                         0      0        0
  SINCE JUN 1      0                         0      0        0
  SINCE JUL 1      0                         0      0        0

 COOLING
  YESTERDAY       12                        17     -5       18
  MONTH TO DATE  525                       503     22      502
  SINCE JUN 1   1656                      1543    113     1475
  SINCE JAN 1   2327                      2108    219     1981
..................................................................


WIND (MPH)
  HIGHEST WIND SPEED     8   HIGHEST WIND DIRECTION     S (190)
  HIGHEST GUST SPEED    12   HIGHEST GUST DIRECTION     S (200)
  AVERAGE WIND SPEED     2.8


SKY COVER
  POSSIBLE SUNSHINE  MM
  AVERAGE SKY COVER 0.0


WEATHER CONDITIONS
 THE FOLLOWING WEATHER WAS RECORDED YESTERDAY.
  NO SIGNIFICANT WEATHER WAS OBSERVED.


RELATIVE HUMIDITY (PERCENT)
 HIGHEST    87           300 AM
 LOWEST     38           100 PM
 AVERAGE    63

..........................................................


THE BATON ROUGE  ASOS CLIMATE NORMALS FOR TODAY
                         NORMAL    RECORD    YEAR
 MAXIMUM TEMPERATURE (F)   92       100      1998
 MINIMUM TEMPERATURE (F)   73        59      1992


SUNRISE AND SUNSET
AUGUST 29 2015........SUNRISE   639 AM CDT   SUNSET   731 PM CDT
AUGUST 30 2015........SUNRISE   640 AM CDT   SUNSET   730 PM CDT


-  INDICATES NEGATIVE NUMBERS.
R  INDICATES RECORD WAS SET OR TIED.
MM INDICATES DATA IS MISSING.
T  INDICATES TRACE AMOUNT.




$$
