000
CDUS41 KBTV 260532
CLIBTV


CLIMATE REPORT
NATIONAL WEATHER SERVICE BURLINGTON VT
131 AM EDT TUE MAY 26 2015


...................................

...THE BURLINGTON VT CLIMATE SUMMARY FOR MAY 25 2015...

CLIMATE NORMAL PERIOD 1981 TO 2010
CLIMATE RECORD PERIOD 1884 TO 2015


WEATHER ITEM   OBSERVED TIME   RECORD YEAR NORMAL DEPARTURE LAST
                VALUE   (LST)  VALUE       VALUE  FROM      YEAR
                                                  NORMAL
..................................................................
TEMPERATURE (F)
 YESTERDAY
  MAXIMUM         74    515 PM  91    2010  70      4       80
                                      1946
  MINIMUM         64   1148 PM  28    1956  48     16       49
  AVERAGE         69                        59     10       65

PRECIPITATION (IN)
  YESTERDAY        0.07          1.25 1897   0.12  -0.05     0.00
  MONTH TO DATE    1.39                      2.72  -1.33     3.30
  SINCE MAR 1      4.93                      7.76  -2.83     8.84
  SINCE JAN 1      7.31                     11.58  -4.27    13.12

SNOWFALL (IN)
  YESTERDAY        0.0           T    1967   0.0    0.0      0.0
  MONTH TO DATE    0.0                       0.0    0.0      0.0
  SINCE MAR 1      7.5                      20.4  -12.9     28.2
  SINCE JUL 1     83.4                      81.2    2.2     86.5
  SNOW DEPTH       0

DEGREE DAYS
 HEATING
  YESTERDAY        0                         7     -7        0
  MONTH TO DATE  124                       252   -128      171
  SINCE MAR 1   1913                      1916     -3     2098
  SINCE JUL 1   7430                      7326    104     7563

 COOLING
  YESTERDAY        4                         1      3        0
  MONTH TO DATE   45                         8     37       20
  SINCE MAR 1     45                        10     35       20
  SINCE JAN 1     45                        10     35       20
..................................................................


WIND (MPH)
  HIGHEST WIND SPEED    18   HIGHEST WIND DIRECTION     S (180)
  HIGHEST GUST SPEED    23   HIGHEST GUST DIRECTION     S (190)
  AVERAGE WIND SPEED     7.9


SKY COVER
  POSSIBLE SUNSHINE  MM
  AVERAGE SKY COVER 0.7


WEATHER CONDITIONS
 THE FOLLOWING WEATHER WAS RECORDED YESTERDAY.
  LIGHT RAIN
  FOG


RELATIVE HUMIDITY (PERCENT)
 HIGHEST    87           800 PM
 LOWEST     30          1200 AM
 AVERAGE    59

..........................................................


THE BURLINGTON VT CLIMATE NORMALS FOR TODAY
                         NORMAL    RECORD    YEAR
 MAXIMUM TEMPERATURE (F)   70        92      2010
 MINIMUM TEMPERATURE (F)   49        32      1969


SUNRISE AND SUNSET
MAY 26 2015...........SUNRISE   515 AM EDT   SUNSET   825 PM EDT
MAY 27 2015...........SUNRISE   514 AM EDT   SUNSET   826 PM EDT


-  INDICATES NEGATIVE NUMBERS.
R  INDICATES RECORD WAS SET OR TIED.
MM INDICATES DATA IS MISSING.
T  INDICATES TRACE AMOUNT.

&&

LAKE CHAMPLAIN DATA:
LEVEL...............96.54 FEET
TEMPERATURE.........54 DEGREES

MOUNT MANSFIELD DATA:
HIGH................62 DEGREES
LOW.................50 DEGREES
PRECIPITATION.......TRACE
NEW SNOW............NONE

$$
