000
CDUS41 KBTV 250541
CLIBTV


CLIMATE REPORT
NATIONAL WEATHER SERVICE BURLINGTON VT
1240 AM EST SUN FEB 25 2018


...................................

...THE BURLINGTON VT CLIMATE SUMMARY FOR FEBRUARY 24 2018...

CLIMATE NORMAL PERIOD 1981 TO 2010
CLIMATE RECORD PERIOD 1884 TO 2018


WEATHER ITEM   OBSERVED TIME   RECORD YEAR NORMAL DEPARTURE LAST
                VALUE   (LST)  VALUE       VALUE  FROM      YEAR
                                                  NORMAL
..................................................................
TEMPERATURE (F)
 YESTERDAY
  MAXIMUM         43    209 PM  55    1930  33     10       50
  MINIMUM         27   1159 PM -19    2015  15     12       36
  AVERAGE         35                        24     11       43

PRECIPITATION (IN)
  YESTERDAY        0.01          1.44 2016   0.06  -0.05     0.04
                                      2010
  MONTH TO DATE    1.17                      1.49  -0.32     1.78
  SINCE DEC 1      5.89                      5.93  -0.04     6.13
  SINCE JAN 1      3.71                      3.55   0.16     3.78

SNOWFALL (IN)
  YESTERDAY        0.0          12.9  2010   0.5   -0.5      0.0
  MONTH TO DATE   12.3                      14.1   -1.8     30.4
  SINCE DEC 1     51.0                      53.1   -2.1     54.7
  SINCE JUL 1     54.0                      58.5   -4.5     59.0
  SNOW DEPTH       0

DEGREE DAYS
 HEATING
  YESTERDAY       30                        41    -11       22
  MONTH TO DATE  858                      1055   -197      881
  SINCE DEC 1   3561                      3704   -143     3078
  SINCE JUL 1   4700                      5249   -549     4283

 COOLING
  YESTERDAY        0                         0      0        0
  MONTH TO DATE    0                         0      0        0
  SINCE DEC 1      0                         0      0        0
  SINCE JAN 1      0                         0      0        0
..................................................................


WIND (MPH)
  HIGHEST WIND SPEED    20   HIGHEST WIND DIRECTION     S (190)
  HIGHEST GUST SPEED    26   HIGHEST GUST DIRECTION     S (200)
  AVERAGE WIND SPEED     7.0


SKY COVER
  POSSIBLE SUNSHINE  MM
  AVERAGE SKY COVER 0.7


WEATHER CONDITIONS
 THE FOLLOWING WEATHER WAS RECORDED YESTERDAY.
  LIGHT RAIN


RELATIVE HUMIDITY (PERCENT)
 HIGHEST    92           300 AM
 LOWEST     53           300 PM
 AVERAGE    73

..........................................................


THE BURLINGTON VT CLIMATE NORMALS FOR TODAY
                         NORMAL    RECORD    YEAR
 MAXIMUM TEMPERATURE (F)   33        72      2017
 MINIMUM TEMPERATURE (F)   15       -17      1962


SUNRISE AND SUNSET
FEBRUARY 25 2018......SUNRISE   637 AM EST   SUNSET   535 PM EST
FEBRUARY 26 2018......SUNRISE   635 AM EST   SUNSET   537 PM EST


-  INDICATES NEGATIVE NUMBERS.
R  INDICATES RECORD WAS SET OR TIED.
MM INDICATES DATA IS MISSING.
T  INDICATES TRACE AMOUNT.




&&

LAKE CHAMPLAIN DATA:
LEVEL...............96.60 FEET
TEMPERATURE.........35 DEGREES

MOUNT MANSFIELD DATA:
HIGH................34 DEGREES
LOW.................23 DEGREES
PRECIPITATION.......0.24 INCHES
SNOW AT STAKE.......46 INCHES

$$
