000
CDUS41 KBTV 032215
CLIBTV


CLIMATE REPORT
NATIONAL WEATHER SERVICE BURLINGTON VT
515 PM EST TUE MAR 3 2015


...................................

...THE BURLINGTON VT CLIMATE SUMMARY FOR MARCH 3 2015...
VALID TODAY AS OF 0500 PM LOCAL TIME.

CLIMATE NORMAL PERIOD 1981 TO 2010
CLIMATE RECORD PERIOD 1884 TO 2015


WEATHER ITEM   OBSERVED TIME   RECORD YEAR NORMAL DEPARTURE LAST
                VALUE   (LST)  VALUE       VALUE  FROM      YEAR
                                                  NORMAL
..................................................................
TEMPERATURE (F)
 TODAY
  MAXIMUM         25    459 PM  59    2002  35    -10       14
  MINIMUM          0    639 AM -20    1938  17    -17       -3
  AVERAGE         13                        26    -13        6

PRECIPITATION (IN)
  TODAY            0.00          0.80 1954   0.06  -0.06     0.00
  MONTH TO DATE    0.03                      0.19  -0.16     0.03
  SINCE MAR 1      0.03                      0.19  -0.16     0.03
  SINCE JAN 1      2.41                      4.01  -1.60     4.31

SNOWFALL (IN)
  TODAY            0.0          15.7  1994   0.7   -0.7      0.0
  MONTH TO DATE    1.6                       1.9   -0.3      1.4
  SINCE MAR 1      1.6                       1.9   -0.3      1.4
  SINCE JUL 1     77.5                      62.7   14.8     59.7
  SNOW DEPTH       8

DEGREE DAYS
 HEATING
  TODAY           52                        39     13       59
  MONTH TO DATE  147                       118     29      156
  SINCE MAR 1    147                       118     29      156
  SINCE JUL 1   5664                      5528    136     5621

 COOLING
  TODAY            0                         0      0        0
  MONTH TO DATE    0                         0      0        0
  SINCE MAR 1      0                         0      0        0
  SINCE JAN 1      0                         0      0        0
..................................................................


WIND (MPH)
  HIGHEST WIND SPEED    20   HIGHEST WIND DIRECTION     S (190)
  HIGHEST GUST SPEED    25   HIGHEST GUST DIRECTION     S (200)
  AVERAGE WIND SPEED     6.0


SKY COVER
  POSSIBLE SUNSHINE  MM
  AVERAGE SKY COVER 0.4


WEATHER CONDITIONS
 THE FOLLOWING WEATHER WAS RECORDED TODAY.
  NO SIGNIFICANT WEATHER WAS OBSERVED.


RELATIVE HUMIDITY (PERCENT)
 HIGHEST    87           600 AM
 LOWEST     36          1100 AM
 AVERAGE    62

..........................................................


THE BURLINGTON VT CLIMATE NORMALS FOR TOMORROW
                         NORMAL    RECORD    YEAR
 MAXIMUM TEMPERATURE (F)   35        57      1953
 MINIMUM TEMPERATURE (F)   17       -24      1938


SUNRISE AND SUNSET
MARCH  3 2015.........SUNRISE   627 AM EST   SUNSET   543 PM EST
MARCH  4 2015.........SUNRISE   625 AM EST   SUNSET   544 PM EST


-  INDICATES NEGATIVE NUMBERS.
R  INDICATES RECORD WAS SET OR TIED.
MM INDICATES DATA IS MISSING.
T  INDICATES TRACE AMOUNT.




$$
