000
CDUS41 KBTV 250552
CLIBTV


CLIMATE REPORT
NATIONAL WEATHER SERVICE BURLINGTON VT
1250 AM EST SAT NOV 25 2017


...................................

...THE BURLINGTON VT CLIMATE SUMMARY FOR NOVEMBER 24 2017...

CLIMATE NORMAL PERIOD 1981 TO 2010
CLIMATE RECORD PERIOD 1884 TO 2017


WEATHER ITEM   OBSERVED TIME   RECORD YEAR NORMAL DEPARTURE LAST
                VALUE   (LST)  VALUE       VALUE  FROM      YEAR
                                                  NORMAL
..................................................................
TEMPERATURE (F)
 YESTERDAY
  MAXIMUM         46   1159 PM  67    2014  42      4       36
  MINIMUM         35    507 AM   2    1956  28      7       31
  AVERAGE         41                        35      6       34

PRECIPITATION (IN)
  YESTERDAY        0.00          0.94 1980   0.10  -0.10     0.14
  MONTH TO DATE    1.41                      2.57  -1.16     1.85
  SINCE SEP 1      7.75                      9.81  -2.06     5.90
  SINCE JAN 1     37.45                     33.88   3.57    25.10

SNOWFALL (IN)
  YESTERDAY        0.0           3.5  1947   0.2   -0.2      1.2
  MONTH TO DATE    1.3                       3.3   -2.0      4.3
  SINCE SEP 1      1.3                       3.6   -2.3      4.3
  SINCE JUL 1      1.3                       3.6   -2.3      4.3
  SNOW DEPTH       0

DEGREE DAYS
 HEATING
  YESTERDAY       24                        30     -6       31
  MONTH TO DATE  640                       615     25      555
  SINCE SEP 1    937                      1314   -377     1039
  SINCE JUL 1    960                      1356   -396     1044

 COOLING
  YESTERDAY        0                         0      0        0
  MONTH TO DATE    0                         0      0        0
  SINCE SEP 1    135                        43     92      111
  SINCE JAN 1    652                       491    161      855
..................................................................


WIND (MPH)
  HIGHEST WIND SPEED    29   HIGHEST WIND DIRECTION     S (180)
  HIGHEST GUST SPEED    40   HIGHEST GUST DIRECTION     S (190)
  AVERAGE WIND SPEED    13.7


SKY COVER
  POSSIBLE SUNSHINE  MM
  AVERAGE SKY COVER 0.6


WEATHER CONDITIONS
 THE FOLLOWING WEATHER WAS RECORDED YESTERDAY.
  NO SIGNIFICANT WEATHER WAS OBSERVED.


RELATIVE HUMIDITY (PERCENT)
 HIGHEST    70           600 AM
 LOWEST     42           800 PM
 AVERAGE    56

..........................................................


THE BURLINGTON VT CLIMATE NORMALS FOR TODAY
                         NORMAL    RECORD    YEAR
 MAXIMUM TEMPERATURE (F)   42        67      2001
 MINIMUM TEMPERATURE (F)   28        -1      1938


SUNRISE AND SUNSET
NOVEMBER 25 2017......SUNRISE   702 AM EST   SUNSET   417 PM EST
NOVEMBER 26 2017......SUNRISE   703 AM EST   SUNSET   416 PM EST


-  INDICATES NEGATIVE NUMBERS.
R  INDICATES RECORD WAS SET OR TIED.
MM INDICATES DATA IS MISSING.
T  INDICATES TRACE AMOUNT.







&&

LAKE CHAMPLAIN DATA:
LEVEL...............94.84 FEET
TEMPERATURE.........47 DEGREES

MOUNT MANSFIELD DATA:
HIGH................29 DEGREES
LOW.................13 DEGREES
PRECIPITATION.......NONE
NEW SNOW............NONE
SNOW AT STAKE.......11 INCHES

$$
