000
CDUS41 KBUF 031012
CLIBUF


CLIMATE REPORT
NATIONAL WEATHER SERVICE BUFFALO NY
611 AM EDT FRI JUL 3 2015


...................................

...THE BUFFALO NY CLIMATE SUMMARY FOR JULY 2 2015...

CLIMATE NORMAL PERIOD 1981 TO 2010
CLIMATE RECORD PERIOD 1871 TO 2015


WEATHER ITEM   OBSERVED TIME   RECORD YEAR NORMAL DEPARTURE LAST
                VALUE   (LST)  VALUE       VALUE  FROM      YEAR
                                                  NORMAL
..................................................................
TEMPERATURE (F)
 YESTERDAY
  MAXIMUM         71    450 PM  94    1966  79     -8       82
  MINIMUM         57   1159 PM  46    2001  61     -4       69
  AVERAGE         64                        70     -6       76

PRECIPITATION (IN)
  YESTERDAY        0.00          1.00 1963   0.10  -0.10      T
  MONTH TO DATE    0.09                      0.20  -0.11     0.06
  SINCE JUN 1      5.12                      3.86   1.26     3.86
  SINCE JAN 1     17.75                     18.87  -1.12    21.39

SNOWFALL (IN)
  YESTERDAY        0.0           0.0    MM   0.0    0.0      0.0
  MONTH TO DATE    0.0                       0.0    0.0      0.0
  SINCE JUN 1      0.0                       0.0    0.0      0.0
  SINCE JUL 1      0.0                       0.0    0.0      0.0
  SNOW DEPTH       0

DEGREE DAYS
 HEATING
  YESTERDAY        1                         1      0        0
  MONTH TO DATE    1                         2     -1        0
  SINCE JUN 1     51                        66    -15       28
  SINCE JUL 1      1                         2     -1        0

 COOLING
  YESTERDAY        0                         6     -6       11
  MONTH TO DATE    1                        12    -11       25
  SINCE JUN 1     77                       115    -38      173
  SINCE JAN 1    168                       141     27      196
..................................................................


WIND (MPH)
  HIGHEST WIND SPEED    15   HIGHEST WIND DIRECTION     N (340)
  HIGHEST GUST SPEED    18   HIGHEST GUST DIRECTION     N (340)
  AVERAGE WIND SPEED     4.6


SKY COVER
  AVERAGE SKY COVER 0.4


WEATHER CONDITIONS
 THE FOLLOWING WEATHER WAS RECORDED YESTERDAY.
  FOG
  HAZE


RELATIVE HUMIDITY (PERCENT)
 HIGHEST    87           200 AM
 LOWEST     37           400 PM
 AVERAGE    62

..........................................................


THE BUFFALO NY CLIMATE NORMALS FOR TODAY
                         NORMAL    RECORD    YEAR
 MAXIMUM TEMPERATURE (F)   79        94      1949
 MINIMUM TEMPERATURE (F)   62        48      1995


SUNRISE AND SUNSET
JULY  3 2015..........SUNRISE   541 AM EDT   SUNSET   857 PM EDT
JULY  4 2015..........SUNRISE   541 AM EDT   SUNSET   857 PM EDT


-  INDICATES NEGATIVE NUMBERS.
R  INDICATES RECORD WAS SET OR TIED.
MM INDICATES DATA IS MISSING.
T  INDICATES TRACE AMOUNT.

$$
