000
CDUS41 KBUF 301013
CLIBUF


CLIMATE REPORT
NATIONAL WEATHER SERVICE BUFFALO NY
612 AM EDT MON MAR 30 2015


...................................

...THE BUFFALO NY CLIMATE SUMMARY FOR MARCH 29 2015...

CLIMATE NORMAL PERIOD 1981 TO 2010
CLIMATE RECORD PERIOD 1871 TO 2015


WEATHER ITEM   OBSERVED TIME   RECORD YEAR NORMAL DEPARTURE LAST
                VALUE   (LST)  VALUE       VALUE  FROM      YEAR
                                                  NORMAL
..................................................................
TEMPERATURE (F)
 YESTERDAY
  MAXIMUM         41    853 PM  79    1905  47     -6       39
  MINIMUM         16    255 AM   5    1923  30    -14       31
  AVERAGE         29                        39    -10       35

PRECIPITATION (IN)
  YESTERDAY        T             2.05 1954   0.09  -0.09     0.62
  MONTH TO DATE    1.25                      2.67  -1.42     2.41
  SINCE MAR 1      1.25                      2.67  -1.42     2.41
  SINCE JAN 1      6.24                      8.34  -2.10     9.19

SNOWFALL (IN)
  YESTERDAY        T            14.8  1954   0.2   -0.2      3.7
  MONTH TO DATE    9.2                      12.4   -3.2     22.6
  SINCE MAR 1      9.2                      12.4   -3.2     22.6
  SINCE JUL 1    112.2                      91.2   21.0    126.8
  SNOW DEPTH       0

DEGREE DAYS
 HEATING
  YESTERDAY       36                        26     10       30
  MONTH TO DATE 1043                       910    133     1122
  SINCE MAR 1   1043                       910    133     1122
  SINCE JUL 1   6191                      5654    537     6228

 COOLING
  YESTERDAY        0                         0      0        0
  MONTH TO DATE    0                         0      0        0
  SINCE MAR 1      0                         0      0        0
  SINCE JAN 1      0                         0      0        0
..................................................................


WIND (MPH)
  HIGHEST WIND SPEED    36   HIGHEST WIND DIRECTION    SW (220)
  HIGHEST GUST SPEED    47   HIGHEST GUST DIRECTION     S (200)
  AVERAGE WIND SPEED    13.4


SKY COVER
  AVERAGE SKY COVER 0.4


WEATHER CONDITIONS
 THE FOLLOWING WEATHER WAS RECORDED YESTERDAY.
  LIGHT RAIN
  LIGHT SNOW
  HAZE


RELATIVE HUMIDITY (PERCENT)
 HIGHEST    80           100 AM
 LOWEST     30           800 PM
 AVERAGE    55

..........................................................


THE BUFFALO NY CLIMATE NORMALS FOR TODAY
                         NORMAL    RECORD    YEAR
 MAXIMUM TEMPERATURE (F)   48        76      1998
                                             1977
 MINIMUM TEMPERATURE (F)   31        12      1887


SUNRISE AND SUNSET
MARCH 30 2015.........SUNRISE   701 AM EDT   SUNSET   739 PM EDT
MARCH 31 2015.........SUNRISE   659 AM EDT   SUNSET   740 PM EDT


-  INDICATES NEGATIVE NUMBERS.
R  INDICATES RECORD WAS SET OR TIED.
MM INDICATES DATA IS MISSING.
T  INDICATES TRACE AMOUNT.

$$
