000
CDUS41 KBUF 041024
CLIBUF


CLIMATE REPORT
NATIONAL WEATHER SERVICE BUFFALO NY
623 AM EDT WED MAY 4 2016


...................................

...THE BUFFALO NY CLIMATE SUMMARY FOR MAY 3 2016...

CLIMATE NORMAL PERIOD 1981 TO 2010
CLIMATE RECORD PERIOD 1871 TO 2016


WEATHER ITEM   OBSERVED TIME   RECORD YEAR NORMAL DEPARTURE LAST
                VALUE   (LST)  VALUE       VALUE  FROM      YEAR
                                                  NORMAL
..................................................................
TEMPERATURE (F)
 YESTERDAY
  MAXIMUM         59    553 PM  85    1944  62     -3       71
  MINIMUM         40    233 AM  29    1926  43     -3       47
                                      1911
  AVERAGE         50                        53     -3       59

PRECIPITATION (IN)
  YESTERDAY        0.00          0.90 1892   0.10  -0.10     0.00
  MONTH TO DATE    0.68                      0.30   0.38     0.00
  SINCE MAR 1      5.43                      6.18  -0.75     4.14
  SINCE JAN 1     10.71                     11.85  -1.14     9.13

SNOWFALL (IN)
  YESTERDAY        0.0           0.0    MM   0.1   -0.1      0.0
  MONTH TO DATE    0.0                       0.1   -0.1      0.0
  SINCE MAR 1      8.0                      15.7   -7.7      9.9
  SINCE JUL 1     55.1                      94.5  -39.4    112.9
  SNOW DEPTH       0

DEGREE DAYS
 HEATING
  YESTERDAY       15                        13      2        6
  MONTH TO DATE   50                        39     11       24
  SINCE MAR 1   1470                      1576   -106     1696
  SINCE JUL 1   5408                      6320   -912     6844

 COOLING
  YESTERDAY        0                         0      0        0
  MONTH TO DATE    0                         0      0        0
  SINCE MAR 1      0                         3     -3        0
  SINCE JAN 1      0                         3     -3        0
..................................................................


WIND (MPH)
  HIGHEST WIND SPEED    15   HIGHEST WIND DIRECTION     E (70)
  HIGHEST GUST SPEED    18   HIGHEST GUST DIRECTION    NE (60)
  AVERAGE WIND SPEED     6.9


SKY COVER
  AVERAGE SKY COVER 0.6


WEATHER CONDITIONS
 THE FOLLOWING WEATHER WAS RECORDED YESTERDAY.
  FOG


RELATIVE HUMIDITY (PERCENT)
 HIGHEST    96           600 AM
 LOWEST     47           400 PM
 AVERAGE    72

..........................................................


THE BUFFALO NY CLIMATE NORMALS FOR TODAY
                         NORMAL    RECORD    YEAR
 MAXIMUM TEMPERATURE (F)   63        85      1960
 MINIMUM TEMPERATURE (F)   43        25      1926


SUNRISE AND SUNSET
MAY  4 2016...........SUNRISE   604 AM EDT   SUNSET   820 PM EDT
MAY  5 2016...........SUNRISE   603 AM EDT   SUNSET   821 PM EDT


-  INDICATES NEGATIVE NUMBERS.
R  INDICATES RECORD WAS SET OR TIED.
MM INDICATES DATA IS MISSING.
T  INDICATES TRACE AMOUNT.




$$
