000
CDUS46 KLOX 060909
CLIBUR


CLIMATE REPORT
NATIONAL WEATHER SERVICE LOS ANGELES/OXNARD CA
209 AM PDT FRI MAY 6 2016


...................................

...THE BOB HOPE AIRPORT (BURBANK) CA CLIMATE SUMMARY FOR MAY 5 2016...

CLIMATE NORMAL PERIOD 1981 TO 2010
CLIMATE RECORD PERIOD 1939 TO 2016


WEATHER ITEM   OBSERVED TIME   RECORD YEAR NORMAL DEPARTURE LAST
                VALUE   (LST)  VALUE       VALUE  FROM      YEAR
                                                  NORMAL
..................................................................
TEMPERATURE (F)
 YESTERDAY
  MAXIMUM         64    300 PM 100    1990  76    -12       65
  MINIMUM         57   1159 PM  42    1964  53      4       56
  AVERAGE         61                        64     -3       61

PRECIPITATION (IN)
  YESTERDAY        T             0.89 1998   0.02  -0.02     0.00
  MONTH TO DATE    T                         0.10  -0.10     0.00
  SINCE OCT 1      7.64                     16.63  -8.99     7.28
  SINCE JAN 1      6.54                     12.19  -5.65     2.78

SNOWFALL (IN)
  YESTERDAY        0.0
  MONTH TO DATE    0.0
  SINCE MAR 1      0.0
  SINCE JUL 1      0.0

DEGREE DAYS
 HEATING
  YESTERDAY        4                         3      1        4
  MONTH TO DATE    7                        15     -8        7
  SINCE MAR 1    179                       371   -192      119
  SINCE JUL 1   1086                      1512   -426      676

 COOLING
  YESTERDAY        0                         2     -2        0
  MONTH TO DATE   10                        10      0       21
  SINCE MAR 1     99                        55     44      216
  SINCE JAN 1    154                        61     93      242
..................................................................


WIND (MPH)
  HIGHEST WIND SPEED    12   HIGHEST WIND DIRECTION    SW (220)
  HIGHEST GUST SPEED    15   HIGHEST GUST DIRECTION     S (190)
  AVERAGE WIND SPEED     5.8


SKY COVER
  POSSIBLE SUNSHINE  MM
  AVERAGE SKY COVER 1.0


WEATHER CONDITIONS
 THE FOLLOWING WEATHER WAS RECORDED YESTERDAY.
  LIGHT RAIN


RELATIVE HUMIDITY (PERCENT)
 HIGHEST    77          1200 AM
 LOWEST     55           700 PM
 AVERAGE    66

..........................................................


THE BOB HOPE AIRPORT (BURBANK) CA CLIMATE NORMALS FOR TODAY
                         NORMAL    RECORD    YEAR
 MAXIMUM TEMPERATURE (F)   76       100      1990
 MINIMUM TEMPERATURE (F)   54        41      1975


SUNRISE AND SUNSET
MAY  6 2016...........SUNRISE   559 AM PDT   SUNSET   742 PM PDT
MAY  7 2016...........SUNRISE   558 AM PDT   SUNSET   743 PM PDT


-  INDICATES NEGATIVE NUMBERS.
R  INDICATES RECORD WAS SET OR TIED.
MM INDICATES DATA IS MISSING.
T  INDICATES TRACE AMOUNT.




$$
