000
CDUS46 KLOX 260915
CLIBUR


CLIMATE REPORT
NATIONAL WEATHER SERVICE LOS ANGELES/OXNARD CA
115 AM PST SUN FEB 26 2017


...................................

...THE BOB HOPE AIRPORT (BURBANK) CA CLIMATE SUMMARY FOR FEBRUARY 25 2017...

CLIMATE NORMAL PERIOD 1981 TO 2010
CLIMATE RECORD PERIOD 1939 TO 2017


WEATHER ITEM   OBSERVED TIME   RECORD YEAR NORMAL DEPARTURE LAST
                VALUE   (LST)  VALUE       VALUE  FROM      YEAR
                                                  NORMAL
..................................................................
TEMPERATURE (F)
 YESTERDAY
  MAXIMUM         60    152 PM  88    1986  69     -9       83
  MINIMUM         37    609 AM  29    1977  45     -8       50
  AVERAGE         49                        57     -8       67

PRECIPITATION (IN)
  YESTERDAY        T             2.33 1969   0.16  -0.16     0.00
  MONTH TO DATE    3.36                      4.04  -0.68     0.63
  SINCE OCT 1     13.31                     12.01   1.30     5.47
  SINCE JAN 1      9.05                      7.57   1.48     4.37

SNOWFALL (IN)
  YESTERDAY       MM
  MONTH TO DATE    0.0
  SINCE DEC 1      0.0
  SINCE JUL 1      0.0

DEGREE DAYS
 HEATING
  YESTERDAY       16                         8      8        0
  MONTH TO DATE  195                       234    -39       89
  SINCE DEC 1    838                       889    -51      729
  SINCE JUL 1    956                      1117   -161      905

 COOLING
  YESTERDAY        0                         0      0        2
  MONTH TO DATE    1                         0      1       51
  SINCE DEC 1      1                         3     -2       55
  SINCE JAN 1      1                         2     -1       51
..................................................................


WIND (MPH)
  HIGHEST WIND SPEED    14   HIGHEST WIND DIRECTION    SE (150)
  HIGHEST GUST SPEED    18   HIGHEST GUST DIRECTION     E (90)
  AVERAGE WIND SPEED     4.5


SKY COVER
  POSSIBLE SUNSHINE  MM
  AVERAGE SKY COVER 0.3


WEATHER CONDITIONS
 THE FOLLOWING WEATHER WAS RECORDED YESTERDAY.
  NO SIGNIFICANT WEATHER WAS OBSERVED.


RELATIVE HUMIDITY (PERCENT)
 HIGHEST    76           600 AM
 LOWEST     33          1200 PM
 AVERAGE    55

..........................................................


THE BOB HOPE AIRPORT (BURBANK) CA CLIMATE NORMALS FOR TODAY
                         NORMAL    RECORD    YEAR
 MAXIMUM TEMPERATURE (F)   69        92      1986
 MINIMUM TEMPERATURE (F)   45        35      1987


SUNRISE AND SUNSET
FEBRUARY 26 2017......SUNRISE   626 AM PST   SUNSET   547 PM PST
FEBRUARY 27 2017......SUNRISE   624 AM PST   SUNSET   548 PM PST


-  INDICATES NEGATIVE NUMBERS.
R  INDICATES RECORD WAS SET OR TIED.
MM INDICATES DATA IS MISSING.
T  INDICATES TRACE AMOUNT.




$$
