000
CDUS46 KLOX 250858
CLIBUR


CLIMATE REPORT
NATIONAL WEATHER SERVICE LOS ANGELES/OXNARD CA
1258 AM PST THU DEC 25 2014


...................................

...THE BOB HOPE AIRPORT (BURBANK) CA CLIMATE SUMMARY FOR DECEMBER 24 2014...

CLIMATE NORMAL PERIOD 1981 TO 2010
CLIMATE RECORD PERIOD 1939 TO 2014


WEATHER ITEM   OBSERVED TIME   RECORD YEAR NORMAL DEPARTURE LAST
                VALUE   (LST)  VALUE       VALUE  FROM      YEAR
                                                  NORMAL
..................................................................
TEMPERATURE (F)
 YESTERDAY
  MAXIMUM         73    130 PM  84    2005  67      6       81
  MINIMUM         50    714 AM  27    1990  41      9       48
  AVERAGE         62                        54      8       65

PRECIPITATION (IN)
  YESTERDAY        0.00          2.29 1971   0.09  -0.09     0.00
  MONTH TO DATE    3.36                      1.69   1.67     0.20
  SINCE JUL 1      4.54                      4.05   0.49     0.64
  SINCE JAN 1      9.45                     16.60  -7.15     3.24

SNOWFALL (IN)
  YESTERDAY        0.0
  MONTH TO DATE    0.0
  SINCE DEC 1      0.0
  SINCE JUL 1      0.0

DEGREE DAYS
 HEATING
  YESTERDAY        3                        11     -8        0
  MONTH TO DATE  137                       258   -121      193
  SINCE DEC 1    137                       258   -121      193
  SINCE JUL 1    197                       486   -289      281

 COOLING
  YESTERDAY        0                         0      0        0
  MONTH TO DATE    3                         0      3       13
  SINCE DEC 1      3                         0      3       13
  SINCE JAN 1   1958                      1245    713     2024
..................................................................


WIND (MPH)
  HIGHEST WIND SPEED    12   HIGHEST WIND DIRECTION     S (190)
  HIGHEST GUST SPEED    MM   HIGHEST GUST DIRECTION    MM
  AVERAGE WIND SPEED     2.7


SKY COVER
  POSSIBLE SUNSHINE  MM
  AVERAGE SKY COVER 0.0


WEATHER CONDITIONS
 THE FOLLOWING WEATHER WAS RECORDED YESTERDAY.
  NO SIGNIFICANT WEATHER WAS OBSERVED.


RELATIVE HUMIDITY (PERCENT)
 HIGHEST    80          1100 PM
 LOWEST     26           300 PM
 AVERAGE    53

..........................................................


THE BOB HOPE AIRPORT (BURBANK) CA CLIMATE NORMALS FOR TODAY
                         NORMAL    RECORD    YEAR
 MAXIMUM TEMPERATURE (F)   67        85      1980
 MINIMUM TEMPERATURE (F)   41        26      1978


SUNRISE AND SUNSET
DECEMBER 25 2014......SUNRISE   657 AM PST   SUNSET   450 PM PST
DECEMBER 26 2014......SUNRISE   658 AM PST   SUNSET   451 PM PST


-  INDICATES NEGATIVE NUMBERS.
R  INDICATES RECORD WAS SET OR TIED.
MM INDICATES DATA IS MISSING.
T  INDICATES TRACE AMOUNT.




$$
