000
CDUS43 KLMK 232108 CCA
CLIBWG

CLIMATE REPORT...CORRECTED
NATIONAL WEATHER SERVICE LOUISVILLE KY
432 PM EDT MON OCT 23 2017

CORRECTED TO INCLUDE 0.01 INCHES FROM OCTOBER 22

...................................

...THE BOWLING GREEN CLIMATE SUMMARY FOR OCTOBER 23 2017...
VALID TODAY AS OF 0400 PM LOCAL TIME.

CLIMATE NORMAL PERIOD 1981 TO 2010
CLIMATE RECORD PERIOD 1870 TO 2017


WEATHER ITEM   OBSERVED TIME   RECORD YEAR NORMAL DEPARTURE LAST
                VALUE   (LST)  VALUE       VALUE  FROM      YEAR
                                                  NORMAL
..................................................................
TEMPERATURE (F)
 TODAY
  MAXIMUM         71    213 AM  88    1927  69      2       78
  MINIMUM         57    214 PM  26    1952  44     13       40
  AVERAGE         64                        56      8       59

PRECIPITATION (IN)
  TODAY            1.10          3.23 2007   0.11   0.99     0.00
  MONTH TO DATE    2.40                      2.48  -0.08     0.55
  SINCE SEP 1      8.87                      6.41   2.46     2.12
  SINCE JAN 1     45.95                     39.97   5.98    40.04

SNOWFALL (IN)
  TODAY            0.0           0.0    MM   0.0    0.0      0.0
  MONTH TO DATE    0.0                       0.0    0.0      0.0
  SINCE SEP 1      0.0                       0.0    0.0      0.0
  SINCE JUL 1      0.0                       0.0    0.0      0.0
  SNOW DEPTH       0

DEGREE DAYS
 HEATING
  TODAY            1                         9     -8        6
  MONTH TO DATE   57                       145    -88       46
  SINCE SEP 1     76                       180   -104       65
  SINCE JUL 1     76                       181   -105       65

 COOLING
  TODAY            0                         1     -1        0
  MONTH TO DATE   66                        32     34       88
  SINCE SEP 1    236                       218     18      393
  SINCE JAN 1   1588                      1487    101     1952
..................................................................


WIND (MPH)
  HIGHEST WIND SPEED    20   HIGHEST WIND DIRECTION     W (250)
  HIGHEST GUST SPEED    27   HIGHEST GUST DIRECTION    SW (240)
  AVERAGE WIND SPEED    10.6


SKY COVER
  POSSIBLE SUNSHINE  MM
  AVERAGE SKY COVER 0.9


WEATHER CONDITIONS
 THE FOLLOWING WEATHER WAS RECORDED TODAY.
  HEAVY RAIN
  RAIN
  LIGHT RAIN
  FOG


RELATIVE HUMIDITY (PERCENT)
 HIGHEST   100           500 AM
 LOWEST     73           100 AM
 AVERAGE    87

..........................................................


THE BOWLING GREEN CLIMATE NORMALS FOR TOMORROW
                         NORMAL    RECORD    YEAR
 MAXIMUM TEMPERATURE (F)   69        87      1921
 MINIMUM TEMPERATURE (F)   44        24      1981


SUNRISE AND SUNSET
OCTOBER 23 2017.......SUNRISE   701 AM CDT   SUNSET   558 PM CDT
OCTOBER 24 2017.......SUNRISE   702 AM CDT   SUNSET   557 PM CDT


-  INDICATES NEGATIVE NUMBERS.
R  INDICATES RECORD WAS SET OR TIED.
MM INDICATES DATA IS MISSING.
T  INDICATES TRACE AMOUNT.




$$
