000
CDUS43 KLMK 302032
CLIBWG

CLIMATE REPORT
NATIONAL WEATHER SERVICE LOUISVILLE KY
429 PM EDT SAT MAY 30 2015
...................................

...THE BOWLING GREEN CLIMATE SUMMARY FOR MAY 30 2015...
VALID TODAY AS OF 0400 PM LOCAL TIME.

CLIMATE NORMAL PERIOD 1981 TO 2010
CLIMATE RECORD PERIOD 1870 TO 2015


WEATHER ITEM   OBSERVED TIME   RECORD YEAR NORMAL DEPARTURE LAST
                VALUE   (LST)  VALUE       VALUE  FROM      YEAR
                                                  NORMAL
..................................................................
TEMPERATURE (F)
 TODAY
  MAXIMUM         86        MM  97    1911  82      4       88
  MINIMUM         70        MM  40    1947  59     11       67
  AVERAGE         78                        70      8       78

PRECIPITATION (IN)
  TODAY            0.00          2.00 1916   0.18  -0.18     0.00
  MONTH TO DATE    2.77                      5.44  -2.67     3.11
  SINCE MAR 1     18.12                     14.19   3.93    13.41
  SINCE JAN 1     24.00                     21.76   2.24    20.58

SNOWFALL (IN)
  TODAY            0.0           0.0    MM   0.0    0.0      0.0
  MONTH TO DATE    0.0                       0.0    0.0      0.0
  SINCE MAR 1      7.2                       1.3    5.9      5.1
  SINCE JUL 1     23.5                       9.1   14.4     10.4
  SNOW DEPTH       0

DEGREE DAYS
 HEATING
  TODAY            0                         1     -1        0
  MONTH TO DATE   38                        73    -35       76
  SINCE MAR 1    750                       844    -94      924
  SINCE JUL 1   4285                      4042    243     4533

 COOLING
  TODAY           13                         6      7       13
  MONTH TO DATE  161                       111     50      171
  SINCE MAR 1    196                       147     49      185
  SINCE JAN 1    196                       147     49      185
..................................................................


WIND (MPH)
  HIGHEST WIND SPEED    21   HIGHEST WIND DIRECTION     S (200)
  HIGHEST GUST SPEED    36   HIGHEST GUST DIRECTION     S (180)
  AVERAGE WIND SPEED    10.7


SKY COVER
  POSSIBLE SUNSHINE   0 PERCENT
  AVERAGE SKY COVER 0.0


WEATHER CONDITIONS
 THE FOLLOWING WEATHER WAS RECORDED TODAY.
  NO SIGNIFICANT WEATHER WAS OBSERVED.


RELATIVE HUMIDITY (PERCENT)
 HIGHEST     0          1200 AM
 LOWEST      0          1200 AM
 AVERAGE     0

..........................................................


THE BOWLING GREEN CLIMATE NORMALS FOR TOMORROW
                         NORMAL    RECORD    YEAR
 MAXIMUM TEMPERATURE (F)   82        97      1918
 MINIMUM TEMPERATURE (F)   60        42      1894


SUNRISE AND SUNSET
MAY 30 2015...........SUNRISE   529 AM CDT   SUNSET   758 PM CDT
MAY 31 2015...........SUNRISE   528 AM CDT   SUNSET   759 PM CDT


-  INDICATES NEGATIVE NUMBERS.
R  INDICATES RECORD WAS SET OR TIED.
MM INDICATES DATA IS MISSING.
T  INDICATES TRACE AMOUNT.

$$
04
