000
CDUS43 KLMK 162128
CLIBWG


CLIMATE REPORT
NATIONAL WEATHER SERVICE LOUISVILLE KY
428 PM EST TUE JAN 16 2018


...................................

...THE BOWLING GREEN CLIMATE SUMMARY FOR JANUARY 16 2018...
VALID TODAY AS OF 0400 PM LOCAL TIME.

CLIMATE NORMAL PERIOD 1981 TO 2010
CLIMATE RECORD PERIOD 1870 TO 2018


WEATHER ITEM   OBSERVED TIME   RECORD YEAR NORMAL DEPARTURE LAST
                VALUE   (LST)  VALUE       VALUE  FROM      YEAR
                                                  NORMAL
..................................................................
TEMPERATURE (F)
 TODAY
  MAXIMUM         19   1254 AM  73    1928  45    -26       68
  MINIMUM         10    104 PM  -9    1982  26    -16       45
  AVERAGE         15                        35    -20       57

PRECIPITATION (IN)
  TODAY            0.05          1.67 1895   0.11  -0.06     0.29
  MONTH TO DATE    1.16                      1.83  -0.67     2.51
  SINCE DEC 1      4.65                      6.63  -1.98     8.15
  SINCE JAN 1      1.16                      1.83  -0.67     2.51

SNOWFALL (IN)
  TODAY            2.7           6.0  1948   0.1    2.6      0.0
  MONTH TO DATE    7.7                       1.5    6.2      0.7
  SINCE DEC 1      7.7                       2.7    5.0      0.7
  SINCE JUL 1      7.7                       2.7    5.0      0.7
  SNOW DEPTH       5

DEGREE DAYS
 HEATING
  TODAY           50                        30     20        8
  MONTH TO DATE  603                       475    128      382
  SINCE DEC 1   1440                      1296    144     1177
  SINCE JUL 1   2141                      2059     82     1663

 COOLING
  TODAY            0                         0      0        0
  MONTH TO DATE    0                         0      0        0
  SINCE DEC 1      0                         1     -1        0
  SINCE JAN 1      0                         0      0        0
..................................................................


WIND (MPH)
  HIGHEST WIND SPEED    14   HIGHEST WIND DIRECTION    NW (330)
  HIGHEST GUST SPEED    24   HIGHEST GUST DIRECTION    NW (320)
  AVERAGE WIND SPEED     6.2


SKY COVER
  POSSIBLE SUNSHINE  MM
  AVERAGE SKY COVER 0.8


WEATHER CONDITIONS
 THE FOLLOWING WEATHER WAS RECORDED TODAY.
  LIGHT SNOW
  FOG


RELATIVE HUMIDITY (PERCENT)
 HIGHEST    84          1200 AM
 LOWEST     58           200 PM
 AVERAGE    71

..........................................................


THE BOWLING GREEN CLIMATE NORMALS FOR TOMORROW
                         NORMAL    RECORD    YEAR
 MAXIMUM TEMPERATURE (F)   45        72      1894
 MINIMUM TEMPERATURE (F)   26       -15      1982


SUNRISE AND SUNSET
JANUARY 16 2018.......SUNRISE   658 AM CST   SUNSET   454 PM CST
JANUARY 17 2018.......SUNRISE   657 AM CST   SUNSET   455 PM CST


-  INDICATES NEGATIVE NUMBERS.
R  INDICATES RECORD WAS SET OR TIED.
MM INDICATES DATA IS MISSING.
T  INDICATES TRACE AMOUNT.




$$
