000
CDUS43 KLMK 180632
CLIBWG


CLIMATE REPORT
NATIONAL WEATHER SERVICE LOUISVILLE KY
230 AM EDT FRI AUG 18 2017


...................................

...THE BOWLING GREEN KY CLIMATE SUMMARY FOR AUGUST 17 2017...

CLIMATE NORMAL PERIOD 1981 TO 2010
CLIMATE RECORD PERIOD 1870 TO 2017


WEATHER ITEM   OBSERVED TIME   RECORD YEAR NORMAL DEPARTURE LAST
                VALUE   (LST)  VALUE       VALUE  FROM      YEAR
                                                  NORMAL
..................................................................
TEMPERATURE (F)
 YESTERDAY
  MAXIMUM         90    314 PM 101    1936  89      1       83
                                      1918
  MINIMUM         74    349 AM  53    2004  66      8       73
                                      1979
  AVERAGE         82                        78      4       78

PRECIPITATION (IN)
  YESTERDAY        0.19          1.57 2013   0.12   0.07     0.61
  MONTH TO DATE    3.32                      1.72   1.60     2.48
  SINCE JUN 1     14.74                     10.02   4.72    16.07
  SINCE JAN 1     35.04                     31.95   3.09    35.24

SNOWFALL (IN)
  YESTERDAY        0.0           0.0    MM   0.0    0.0      0.0
  MONTH TO DATE    0.0                       0.0    0.0      0.0
  SINCE JUN 1      0.0                       0.0    0.0      0.0
  SINCE JUL 1      0.0                       0.0    0.0      0.0
  SNOW DEPTH       0

DEGREE DAYS
 HEATING
  YESTERDAY        0                         0      0        0
  MONTH TO DATE    0                         0      0        0
  SINCE JUN 1      0                         5     -5        0
  SINCE JUL 1      0                         0      0        0

 COOLING
  YESTERDAY       17                        13      4       13
  MONTH TO DATE  194                       222    -28      286
  SINCE JUN 1    952                       950      2     1187
  SINCE JAN 1   1201                      1103     98     1353
..................................................................


WIND (MPH)
  HIGHEST WIND SPEED    23   HIGHEST WIND DIRECTION    SW (220)
  HIGHEST GUST SPEED    30   HIGHEST GUST DIRECTION    SW (220)
  AVERAGE WIND SPEED     9.2


SKY COVER
  POSSIBLE SUNSHINE  MM
  AVERAGE SKY COVER 0.4


WEATHER CONDITIONS
 THE FOLLOWING WEATHER WAS RECORDED YESTERDAY.
  THUNDERSTORM
  HEAVY RAIN
  RAIN
  LIGHT RAIN
  FOG


RELATIVE HUMIDITY (PERCENT)
 HIGHEST   100           600 AM
 LOWEST     63           100 PM
 AVERAGE    82

..........................................................


THE BOWLING GREEN KY CLIMATE NORMALS FOR TODAY
                         NORMAL    RECORD    YEAR
 MAXIMUM TEMPERATURE (F)   89       105      1936
 MINIMUM TEMPERATURE (F)   66        54      1976


SUNRISE AND SUNSET
AUGUST 18 2017........SUNRISE   605 AM CDT   SUNSET   733 PM CDT
AUGUST 19 2017........SUNRISE   606 AM CDT   SUNSET   732 PM CDT


-  INDICATES NEGATIVE NUMBERS.
R  INDICATES RECORD WAS SET OR TIED.
MM INDICATES DATA IS MISSING.
T  INDICATES TRACE AMOUNT.




$$
