307
CDUS41 KLWX 100531
CLIBWI


CLIMATE REPORT
NATIONAL WEATHER SERVICE BALTIMORE MD/WASHINGTON DC
1230 AM EST WED FEB 10 2016


...................................

...THE BALTIMORE MD CLIMATE SUMMARY FOR FEBRUARY 9 2016...

CLIMATE NORMAL PERIOD 1981 TO 2010
CLIMATE RECORD PERIOD 1870 TO 2016


WEATHER ITEM   OBSERVED TIME   RECORD YEAR NORMAL DEPARTURE LAST
                VALUE   (LST)  VALUE       VALUE  FROM      YEAR
                                                  NORMAL
..................................................................
TEMPERATURE (F)
 YESTERDAY
  MAXIMUM         38    421 PM  69    2001  44     -6       41
  MINIMUM         31   1159 PM  -7    1934  26      5       31
  AVERAGE         35                        35      0       36

PRECIPITATION (IN)
  YESTERDAY        0.35          1.64 1885   0.11   0.24     0.08
  MONTH TO DATE    1.27                      0.93   0.34     0.43
  SINCE DEC 1     10.62                      7.35   3.27     7.90
  SINCE JAN 1      4.77                      3.98   0.79     4.32

SNOWFALL (IN)
  YESTERDAY        0.4           5.0  1936   0.3    0.1
  MONTH TO DATE    0.4                       2.9   -2.5
  SINCE JUL 1     30.4                      13.1   17.3
  SNOW DEPTH       T

DEGREE DAYS
 HEATING
  YESTERDAY       30                        30      0       29
  MONTH TO DATE  226                       278    -52      296
  SINCE DEC 1   1732                      2150   -418     2117
  SINCE JUL 1   2452                      3054   -602     3009

 COOLING
  YESTERDAY        0                         0      0        0
  MONTH TO DATE    0                         0      0        0
  SINCE DEC 1      1                         0      1        0
  SINCE JAN 1      0                         0      0        0
..................................................................


WIND (MPH)
  HIGHEST WIND SPEED    18   HIGHEST WIND DIRECTION     W (290)
  HIGHEST GUST SPEED    25   HIGHEST GUST DIRECTION     W (280)
  AVERAGE WIND SPEED     8.3


SKY COVER
  POSSIBLE SUNSHINE  MM
  AVERAGE SKY COVER 0.9


WEATHER CONDITIONS
 THE FOLLOWING WEATHER WAS RECORDED YESTERDAY.
  RAIN
  LIGHT RAIN
  HEAVY SNOW
  SNOW
  LIGHT SNOW
  FOG
  FOG W/VISIBILITY <= 1/4 MILE


RELATIVE HUMIDITY (PERCENT)
 HIGHEST   100           500 AM
 LOWEST     66          1100 PM
 AVERAGE    83

..........................................................


THE BALTIMORE MD CLIMATE NORMALS FOR TODAY
                         NORMAL    RECORD    YEAR
 MAXIMUM TEMPERATURE (F)   44        66      1960
                                             1959
 MINIMUM TEMPERATURE (F)   26        -7      1899


SUNRISE AND SUNSET
FEBRUARY 10 2016......SUNRISE   705 AM EST   SUNSET   537 PM EST
FEBRUARY 11 2016......SUNRISE   704 AM EST   SUNSET   539 PM EST


-  INDICATES NEGATIVE NUMBERS.
R  INDICATES RECORD WAS SET OR TIED.
MM INDICATES DATA IS MISSING.
T  INDICATES TRACE AMOUNT.




$$
