795
CDUS41 KLWX 280527
CLIBWI


CLIMATE REPORT
NATIONAL WEATHER SERVICE BALTIMORE MD/WASHINGTON DC
125 AM EDT FRI APR 28 2017


...................................

...THE BALTIMORE MD CLIMATE SUMMARY FOR APRIL 27 2017...

CLIMATE NORMAL PERIOD 1981 TO 2010
CLIMATE RECORD PERIOD 1870 TO 2017


WEATHER ITEM   OBSERVED TIME   RECORD YEAR NORMAL DEPARTURE LAST
                VALUE   (LST)  VALUE       VALUE  FROM      YEAR
                                                  NORMAL
..................................................................
TEMPERATURE (F)
 YESTERDAY
  MAXIMUM         80    403 PM  92    1994  69     11       68
  MINIMUM         53    334 AM  35    2001  46      7       50
  AVERAGE         67                        57     10       59

PRECIPITATION (IN)
  YESTERDAY        T             2.30 1928   0.10  -0.10     0.01
  MONTH TO DATE    3.52                      2.87   0.65     1.08
  SINCE MAR 1      7.34                      6.77   0.57     3.18
  SINCE JAN 1     11.49                     12.72  -1.23    12.38

SNOWFALL (IN)
  YESTERDAY        0.0           0.0  2002   0.0    0.0
                                      2001
  MONTH TO DATE    0.0                       0.0    0.0
  SINCE JUL 1      3.0                      20.1  -17.1
  SNOW DEPTH       0

DEGREE DAYS
 HEATING
  YESTERDAY        0                         8     -8        6
  MONTH TO DATE  182                       330   -148      304
  SINCE MAR 1    829                       996   -167      764
  SINCE JUL 1   3720                      4591   -871     3785

 COOLING
  YESTERDAY        2                         1      1        0
  MONTH TO DATE   25                         9     16       23
  SINCE MAR 1     25                        10     15       27
  SINCE JAN 1     25                        10     15       27
..................................................................


WIND (MPH)
  HIGHEST WIND SPEED    15   HIGHEST WIND DIRECTION    SE (130)
  HIGHEST GUST SPEED    20   HIGHEST GUST DIRECTION     S (160)
  AVERAGE WIND SPEED     5.3


SKY COVER
  POSSIBLE SUNSHINE  MM
  AVERAGE SKY COVER 0.8


WEATHER CONDITIONS
 THE FOLLOWING WEATHER WAS RECORDED YESTERDAY.
  LIGHT RAIN
  FOG
  FOG W/VISIBILITY <= 1/4 MILE
  HAZE


RELATIVE HUMIDITY (PERCENT)
 HIGHEST   100          1200 AM
 LOWEST     57           700 PM
 AVERAGE    79

..........................................................


THE BALTIMORE MD CLIMATE NORMALS FOR TODAY
                         NORMAL    RECORD    YEAR
 MAXIMUM TEMPERATURE (F)   69        90      1957
 MINIMUM TEMPERATURE (F)   46        33      1998


SUNRISE AND SUNSET
APRIL 28 2017.........SUNRISE   612 AM EDT   SUNSET   757 PM EDT
APRIL 29 2017.........SUNRISE   610 AM EDT   SUNSET   758 PM EDT


-  INDICATES NEGATIVE NUMBERS.
R  INDICATES RECORD WAS SET OR TIED.
MM INDICATES DATA IS MISSING.
T  INDICATES TRACE AMOUNT.




$$
