000
CDUS41 KLWX 012130
CLIBWI


CLIMATE REPORT
NATIONAL WEATHER SERVICE BALTIMORE MD/WASHINGTON DC
527 PM EDT SUN MAY 1 2016


...................................

...THE BALTIMORE MD CLIMATE SUMMARY FOR MAY 1 2016...
VALID TODAY AS OF 0500 PM LOCAL TIME.

CLIMATE NORMAL PERIOD 1981 TO 2010
CLIMATE RECORD PERIOD 1870 TO 2016


WEATHER ITEM   OBSERVED TIME   RECORD YEAR NORMAL DEPARTURE LAST
                VALUE   (LST)  VALUE       VALUE  FROM      YEAR
                                                  NORMAL
..................................................................
TEMPERATURE (F)
 TODAY
  MAXIMUM         55    334 PM  89    1985  70    -15       57
                                      1942
  MINIMUM         49    514 AM  34    1876  47      2       48
  AVERAGE         52                        58     -6       53

PRECIPITATION (IN)
  TODAY            0.36          1.53 1976   0.11   0.25      T
  MONTH TO DATE    0.36                      0.11   0.25      T
  SINCE MAR 1      3.77                      7.20  -3.43     8.97
  SINCE JAN 1     12.97                     13.15  -0.18    15.10

SNOWFALL (IN)
  TODAY           0.0            T    1963   0.0    0.0
  MONTH TO DATE   MM                         0.0   MM
  SINCE JUL 1     35.1                      20.1   15.0
  SNOW DEPTH       0

DEGREE DAYS
 HEATING
  TODAY           13                         7      6       12
  MONTH TO DATE   13                         7      6       12
  SINCE MAR 1    817                      1027   -210     1099
  SINCE JUL 1   3838                      4622   -784     4914

 COOLING
  TODAY            0                         1     -1        0
  MONTH TO DATE    0                         1     -1        0
  SINCE MAR 1     27                        15     12        5
  SINCE JAN 1     27                        15     12        5
..................................................................


WIND (MPH)
  HIGHEST WIND SPEED    10   HIGHEST WIND DIRECTION    SE (120)
  HIGHEST GUST SPEED    14   HIGHEST GUST DIRECTION     E (110)
  AVERAGE WIND SPEED     5.8


SKY COVER
  POSSIBLE SUNSHINE  MM
  AVERAGE SKY COVER 0.9


WEATHER CONDITIONS
 THE FOLLOWING WEATHER WAS RECORDED TODAY.
  LIGHT RAIN
  FOG


RELATIVE HUMIDITY (PERCENT)
 HIGHEST    96           900 AM
 LOWEST     86           200 AM
 AVERAGE    91

..........................................................


THE BALTIMORE MD CLIMATE NORMALS FOR TOMORROW
                         NORMAL    RECORD    YEAR
 MAXIMUM TEMPERATURE (F)   70        88      1951
                                             1930
                                             1913
 MINIMUM TEMPERATURE (F)   48        36      1978


SUNRISE AND SUNSET
MAY  1 2016...........SUNRISE   608 AM EDT   SUNSET   800 PM EDT
MAY  2 2016...........SUNRISE   607 AM EDT   SUNSET   801 PM EDT


-  INDICATES NEGATIVE NUMBERS.
R  INDICATES RECORD WAS SET OR TIED.
MM INDICATES DATA IS MISSING.
T  INDICATES TRACE AMOUNT.




$$
