000
CDUS45 KRIW 240744
CLIBYG


CLIMATE REPORT
NATIONAL WEATHER SERVICE RIVERTON WY
1242 AM MST FRI FEB 24 2017


...................................

...THE BUFFALO WY CLIMATE SUMMARY FOR FEBRUARY 23 2017...

CLIMATE NORMAL PERIOD 1981 TO 2010
CLIMATE RECORD PERIOD 1998 TO 2017


WEATHER ITEM   OBSERVED TIME   RECORD YEAR NORMAL DEPARTURE LAST
                VALUE   (LST)  VALUE       VALUE  FROM      YEAR
                                                  NORMAL
..................................................................
TEMPERATURE (F)
 YESTERDAY
  MAXIMUM         30   1216 AM  57    2009  40    -10       44
  MINIMUM         21   1159 PM -13    2003  19      2       26
  AVERAGE         26                        29     -3       35

PRECIPITATION (IN)
  YESTERDAY        0.10R         0.03 2007   0.01   0.09     0.00
  MONTH TO DATE    0.32                      0.29   0.03     0.45
  SINCE DEC 1      0.67                      1.11  -0.44     0.68
  SINCE JAN 1      0.42                      0.71  -0.29     0.58

DEGREE DAYS
 HEATING
  YESTERDAY       39                        36      3       30
  MONTH TO DATE  700                       858   -158      657
  SINCE DEC 1   3445                      3231    214     2814
  SINCE JUL 1   4627                      5065   -438     4243

 COOLING
  YESTERDAY        0                         0      0        0
  MONTH TO DATE    0                         0      0        0
  SINCE DEC 1      0                         0      0        0
  SINCE JAN 1      0                         0      0        0
..................................................................


WIND (MPH)
  HIGHEST WIND SPEED    20   HIGHEST WIND DIRECTION     N (350)
  HIGHEST GUST SPEED    25   HIGHEST GUST DIRECTION     N (340)
  AVERAGE WIND SPEED    10.4


SKY COVER
  POSSIBLE SUNSHINE  MM
  AVERAGE SKY COVER 1.0


WEATHER CONDITIONS
 THE FOLLOWING WEATHER WAS RECORDED YESTERDAY.
  SNOW
  LIGHT SNOW
  FOG
  FOG W/VISIBILITY <= 1/4 MILE


RELATIVE HUMIDITY (PERCENT)
 HIGHEST    88           700 PM
 LOWEST     81           700 AM
 AVERAGE    85

..........................................................


THE BUFFALO WY CLIMATE NORMALS FOR TODAY
                         NORMAL    RECORD    YEAR
 MAXIMUM TEMPERATURE (F)   40        59      2009
 MINIMUM TEMPERATURE (F)   19       -15      2003


SUNRISE AND SUNSET
FEBRUARY 24 2017......SUNRISE   652 AM MST   SUNSET   549 PM MST
FEBRUARY 25 2017......SUNRISE   650 AM MST   SUNSET   550 PM MST


-  INDICATES NEGATIVE NUMBERS.
R  INDICATES RECORD WAS SET OR TIED.
MM INDICATES DATA IS MISSING.
T  INDICATES TRACE AMOUNT.




$$
