000
CDUS45 KRIW 190734
CLIBYG


CLIMATE REPORT
NATIONAL WEATHER SERVICE RIVERTON WY
1232 AM MST MON FEB 19 2018


...................................

...THE BUFFALO WY CLIMATE SUMMARY FOR FEBRUARY 18 2018...

CLIMATE NORMAL PERIOD 1981 TO 2010
CLIMATE RECORD PERIOD 1998 TO 2018


WEATHER ITEM   OBSERVED TIME   RECORD YEAR NORMAL DEPARTURE LAST
                VALUE   (LST)  VALUE       VALUE  FROM      YEAR
                                                  NORMAL
..................................................................
TEMPERATURE (F)
 YESTERDAY
  MAXIMUM         45   1252 AM  62    2016  38      7       56
                                      2004
  MINIMUM          1   1159 PM -17    2006  18    -17       38
  AVERAGE         23                        28     -5       47

PRECIPITATION (IN)
  YESTERDAY        0.03R         0.02 2009   0.01   0.02     0.00
                                      2008
  MONTH TO DATE    0.20                      0.22  -0.02     0.16
  SINCE DEC 1      0.64                      1.04  -0.40     0.51
  SINCE JAN 1      0.32                      0.64  -0.32     0.26

DEGREE DAYS
 HEATING
  YESTERDAY       42                        37      5       18
  MONTH TO DATE  792                       677    115      589
  SINCE DEC 1   2972                      3050    -78     3334
  SINCE JUL 1   4634                      4884   -250     4516

 COOLING
  YESTERDAY        0                         0      0        0
  MONTH TO DATE    0                         0      0        0
  SINCE DEC 1      0                         0      0        0
  SINCE JAN 1      0                         0      0        0
..................................................................


WIND (MPH)
  HIGHEST WIND SPEED    36   HIGHEST WIND DIRECTION     W (250)
  HIGHEST GUST SPEED    44   HIGHEST GUST DIRECTION    NW (330)
  AVERAGE WIND SPEED    18.4


SKY COVER
  POSSIBLE SUNSHINE  MM
  AVERAGE SKY COVER 0.9


WEATHER CONDITIONS
 THE FOLLOWING WEATHER WAS RECORDED YESTERDAY.
  HEAVY SNOW
  SNOW
  LIGHT SNOW
  FOG
  FOG W/VISIBILITY <= 1/4 MILE
  HAZE


RELATIVE HUMIDITY (PERCENT)
 HIGHEST    92           600 AM
 LOWEST     40          1200 AM
 AVERAGE    66

..........................................................


THE BUFFALO WY CLIMATE NORMALS FOR TODAY
                         NORMAL    RECORD    YEAR
 MAXIMUM TEMPERATURE (F)   39        64      2017
 MINIMUM TEMPERATURE (F)   18        -5      2006


SUNRISE AND SUNSET
FEBRUARY 19 2018......SUNRISE   700 AM MST   SUNSET   542 PM MST
FEBRUARY 20 2018......SUNRISE   659 AM MST   SUNSET   543 PM MST


-  INDICATES NEGATIVE NUMBERS.
R  INDICATES RECORD WAS SET OR TIED.
MM INDICATES DATA IS MISSING.
T  INDICATES TRACE AMOUNT.




$$
