000
CDUS45 KRIW 060736
CLIBYG


CLIMATE REPORT
NATIONAL WEATHER SERVICE RIVERTON WY
127 AM MDT FRI MAY 6 2016


...................................

...THE BUFFALO WY CLIMATE SUMMARY FOR MAY 5 2016...

CLIMATE NORMAL PERIOD 1981 TO 2010
CLIMATE RECORD PERIOD 1998 TO 2016


WEATHER ITEM   OBSERVED TIME   RECORD YEAR NORMAL DEPARTURE LAST
                VALUE   (LST)  VALUE       VALUE  FROM      YEAR
                                                  NORMAL
..................................................................
TEMPERATURE (F)
 YESTERDAY
  MAXIMUM         83R   211 PM  75    2004  60     23       70
  MINIMUM         52    524 AM  25    2006  38     14       42
  AVERAGE         68                        49     19       56

PRECIPITATION (IN)
  YESTERDAY        0.00          1.26 2007   0.06  -0.06     0.00
  MONTH TO DATE    0.00                      0.31  -0.31     0.01
  SINCE MAR 1      2.82                      2.53   0.29     0.87
  SINCE JAN 1      3.41                      3.30   0.11     1.51

DEGREE DAYS
 HEATING
  YESTERDAY        0                        16    -16        9
  MONTH TO DATE    9                        82    -73       39
  SINCE MAR 1   1163                      1686   -523     1294
  SINCE JUL 1   5554                      6926  -1372     5990

 COOLING
  YESTERDAY        3                         0      3        0
  MONTH TO DATE    3                         0      3        0
  SINCE MAR 1      4                         0      4        0
  SINCE JAN 1      4                         0      4        0
..................................................................


WIND (MPH)
  HIGHEST WIND SPEED    12   HIGHEST WIND DIRECTION     W (250)
  HIGHEST GUST SPEED    16   HIGHEST GUST DIRECTION    NE (40)
  AVERAGE WIND SPEED     5.4


SKY COVER
  POSSIBLE SUNSHINE  MM
  AVERAGE SKY COVER 0.0


WEATHER CONDITIONS
 THE FOLLOWING WEATHER WAS RECORDED YESTERDAY.
  NO SIGNIFICANT WEATHER WAS OBSERVED.


RELATIVE HUMIDITY (PERCENT)
 HIGHEST    45           700 PM
 LOWEST     17           200 PM
 AVERAGE    31

..........................................................


THE BUFFALO WY CLIMATE NORMALS FOR TODAY
                         NORMAL    RECORD    YEAR
 MAXIMUM TEMPERATURE (F)   61        76      2005
 MINIMUM TEMPERATURE (F)   39        27      2010


SUNRISE AND SUNSET
MAY  6 2016...........SUNRISE   550 AM MDT   SUNSET   818 PM MDT
MAY  7 2016...........SUNRISE   549 AM MDT   SUNSET   819 PM MDT


-  INDICATES NEGATIVE NUMBERS.
R  INDICATES RECORD WAS SET OR TIED.
MM INDICATES DATA IS MISSING.
T  INDICATES TRACE AMOUNT.




$$
