000
CDUS45 KRIW 060732
CLIBYG


CLIMATE REPORT
NATIONAL WEATHER SERVICE RIVERTON WY
1230 AM MST TUE DEC 6 2016


...................................

...THE BUFFALO WY CLIMATE SUMMARY FOR DECEMBER 5 2016...

CLIMATE NORMAL PERIOD 1981 TO 2010
CLIMATE RECORD PERIOD 1998 TO 2016


WEATHER ITEM   OBSERVED TIME   RECORD YEAR NORMAL DEPARTURE LAST
                VALUE   (LST)  VALUE       VALUE  FROM      YEAR
                                                  NORMAL
..................................................................
TEMPERATURE (F)
 YESTERDAY
  MAXIMUM         31   1230 AM  61    2012  37     -6       46
  MINIMUM          3   1124 PM -15    2013  16    -13       28
  AVERAGE         17                        26     -9       37

PRECIPITATION (IN)
  YESTERDAY        0.07R         0.02 2005   0.02   0.05     0.00
  MONTH TO DATE    0.07                      0.10  -0.03     0.00
  SINCE DEC 1      0.07                      0.10  -0.03     0.00
  SINCE JAN 1     12.11                     13.15  -1.04    13.67

DEGREE DAYS
 HEATING
  YESTERDAY       48                        39      9       28
  MONTH TO DATE  179                       192    -13      156
  SINCE DEC 1    179                       192    -13      156
  SINCE JUL 1   1361                      2026   -665     1585

 COOLING
  YESTERDAY        0                         0      0        0
  MONTH TO DATE    0                         0      0        0
  SINCE DEC 1      0                         0      0        0
  SINCE JAN 1    632                       492    140      560
..................................................................


WIND (MPH)
  HIGHEST WIND SPEED    36   HIGHEST WIND DIRECTION     N (350)
  HIGHEST GUST SPEED    44   HIGHEST GUST DIRECTION    NW (330)
  AVERAGE WIND SPEED    20.8


SKY COVER
  POSSIBLE SUNSHINE  MM
  AVERAGE SKY COVER 0.6


WEATHER CONDITIONS
 THE FOLLOWING WEATHER WAS RECORDED YESTERDAY.
  HEAVY SNOW
  SNOW
  LIGHT SNOW
  FOG
  FOG W/VISIBILITY <= 1/4 MILE
  BLOWING SNOW


RELATIVE HUMIDITY (PERCENT)
 HIGHEST    85           200 AM
 LOWEST     61           400 PM
 AVERAGE    73

..........................................................


THE BUFFALO WY CLIMATE NORMALS FOR TODAY
                         NORMAL    RECORD    YEAR
 MAXIMUM TEMPERATURE (F)   36        60      2003
 MINIMUM TEMPERATURE (F)   16       -19      2013


SUNRISE AND SUNSET
DECEMBER  6 2016......SUNRISE   729 AM MST   SUNSET   428 PM MST
DECEMBER  7 2016......SUNRISE   730 AM MST   SUNSET   427 PM MST


-  INDICATES NEGATIVE NUMBERS.
R  INDICATES RECORD WAS SET OR TIED.
MM INDICATES DATA IS MISSING.
T  INDICATES TRACE AMOUNT.




$$
