000
CDUS45 KRIW 240028
CLIBYG


CLIMATE REPORT
NATIONAL WEATHER SERVICE RIVERTON WY
528 PM MST THU NOV 23 2017


...................................

...THE BUFFALO WY CLIMATE SUMMARY FOR NOVEMBER 23 2017...
VALID TODAY AS OF 0500 PM LOCAL TIME.

CLIMATE NORMAL PERIOD 1981 TO 2010
CLIMATE RECORD PERIOD 1998 TO 2017


WEATHER ITEM   OBSERVED TIME   RECORD YEAR NORMAL DEPARTURE LAST
                VALUE   (LST)  VALUE       VALUE  FROM      YEAR
                                                  NORMAL
..................................................................
TEMPERATURE (F)
 TODAY
  MAXIMUM         65R       MM  60    2006  41     24       43
  MINIMUM         44   1200 AM  -7    2010  20     24       26
  AVERAGE         55

PRECIPITATION (IN)
  TODAY            0.00          0.50 2002   0.02  -0.02     0.00
  MONTH TO DATE    0.61                      0.41   0.20     0.49
  SINCE SEP 1      2.67                      2.65   0.02     5.72
  SINCE JAN 1     14.57                     12.92   1.65    12.04

DEGREE DAYS
 HEATING
  TODAY           10                        35    -25       30
  MONTH TO DATE  677                       675      2      372
  SINCE SEP 1   1479                      1516    -37      946
  SINCE JUL 1   1501                      1581    -80      985

 COOLING
  TODAY            0                         0      0        0
  MONTH TO DATE    0                         0      0        0
  SINCE SEP 1     90                        46     44       38
  SINCE JAN 1    622                       492    130      632
..................................................................


WIND (MPH)
  HIGHEST WIND SPEED    10   HIGHEST WIND DIRECTION     W (250)
  HIGHEST GUST SPEED    MM   HIGHEST GUST DIRECTION    MM
  AVERAGE WIND SPEED     6.2


SKY COVER
  POSSIBLE SUNSHINE  MM
  AVERAGE SKY COVER 0.0


WEATHER CONDITIONS
 THE FOLLOWING WEATHER WAS RECORDED TODAY.
  NO SIGNIFICANT WEATHER WAS OBSERVED.


RELATIVE HUMIDITY (PERCENT)
 HIGHEST    58          1200 AM
 LOWEST     30           200 PM
 AVERAGE    44

..........................................................


THE BUFFALO WY CLIMATE NORMALS FOR TOMORROW
                         NORMAL    RECORD    YEAR
 MAXIMUM TEMPERATURE (F)   40        57      2015
                                             2011
                                             1998
 MINIMUM TEMPERATURE (F)   20       -13      2010


SUNRISE AND SUNSET
NOVEMBER 23 2017......SUNRISE   714 AM MST   SUNSET   433 PM MST
NOVEMBER 24 2017......SUNRISE   715 AM MST   SUNSET   432 PM MST


-  INDICATES NEGATIVE NUMBERS.
R  INDICATES RECORD WAS SET OR TIED.
MM INDICATES DATA IS MISSING.
T  INDICATES TRACE AMOUNT.




$$
