091
CDUS45 KRIW 250730
CLIBYG


CLIMATE REPORT
NATIONAL WEATHER SERVICE RIVERTON WY
128 AM MDT SUN JUN 25 2017


...................................

...THE BUFFALO WY CLIMATE SUMMARY FOR JUNE 24 2017...

CLIMATE NORMAL PERIOD 1981 TO 2010
CLIMATE RECORD PERIOD 1998 TO 2017


WEATHER ITEM   OBSERVED TIME   RECORD YEAR NORMAL DEPARTURE LAST
                VALUE   (LST)  VALUE       VALUE  FROM      YEAR
                                                  NORMAL
..................................................................
TEMPERATURE (F)
 YESTERDAY
  MAXIMUM         70    322 PM 100    2012  78     -8       98
  MINIMUM         44    354 AM  40    2003  51     -7       58
  AVERAGE         57                        65     -8       78

PRECIPITATION (IN)
  YESTERDAY        0.00          0.64 2003   0.07  -0.07     0.00
  MONTH TO DATE    1.14                      1.92  -0.78     0.20
  SINCE JUN 1      1.14                      1.92  -0.78     0.20
  SINCE JAN 1      9.42                      7.44   1.98     5.12

DEGREE DAYS
 HEATING
  YESTERDAY        8                         3      5        0
  MONTH TO DATE   78                       147    -69       12
  SINCE JUN 1     78                       147    -69       12
  SINCE JUL 1   6517                      7401   -884     5911

 COOLING
  YESTERDAY        0                         3     -3       13
  MONTH TO DATE   42                        32     10      103
  SINCE JUN 1     42                        32     10      103
  SINCE JAN 1     53                        39     14      108
..................................................................


WIND (MPH)
  HIGHEST WIND SPEED    20   HIGHEST WIND DIRECTION     N (360)
  HIGHEST GUST SPEED    35   HIGHEST GUST DIRECTION     N (340)
  AVERAGE WIND SPEED     7.0


SKY COVER
  POSSIBLE SUNSHINE  MM
  AVERAGE SKY COVER 0.5


WEATHER CONDITIONS
 THE FOLLOWING WEATHER WAS RECORDED YESTERDAY.
  NO SIGNIFICANT WEATHER WAS OBSERVED.


RELATIVE HUMIDITY (PERCENT)
 HIGHEST    65           400 AM
 LOWEST     28           300 PM
 AVERAGE    47

..........................................................


THE BUFFALO WY CLIMATE NORMALS FOR TODAY
                         NORMAL    RECORD    YEAR
 MAXIMUM TEMPERATURE (F)   78       100      2012
 MINIMUM TEMPERATURE (F)   52        40      2003


SUNRISE AND SUNSET
JUNE 25 2017..........SUNRISE   524 AM MDT   SUNSET   855 PM MDT
JUNE 26 2017..........SUNRISE   524 AM MDT   SUNSET   855 PM MDT


-  INDICATES NEGATIVE NUMBERS.
R  INDICATES RECORD WAS SET OR TIED.
MM INDICATES DATA IS MISSING.
T  INDICATES TRACE AMOUNT.




$$
