000
CDUS45 KRIW 290740
CLIBYG


CLIMATE REPORT
NATIONAL WEATHER SERVICE RIVERTON WY
129 AM MDT SUN MAY 29 2016


...................................

...THE BUFFALO WY CLIMATE SUMMARY FOR MAY 28 2016...

CLIMATE NORMAL PERIOD 1981 TO 2010
CLIMATE RECORD PERIOD 1998 TO 2016


WEATHER ITEM   OBSERVED TIME   RECORD YEAR NORMAL DEPARTURE LAST
                VALUE   (LST)  VALUE       VALUE  FROM      YEAR
                                                  NORMAL
..................................................................
TEMPERATURE (F)
 YESTERDAY
  MAXIMUM         64    544 PM  90    2014  67     -3       61
  MINIMUM         45    358 AM  36    2012  43      2       48
                                      2011
  AVERAGE         55                        55      0       55

PRECIPITATION (IN)
  YESTERDAY        0.01          0.17 2007   0.07  -0.06     0.02
  MONTH TO DATE    1.44                      2.28  -0.84     5.49
  SINCE MAR 1      4.26                      4.50  -0.24     6.35
  SINCE JAN 1      4.85                      5.27  -0.42     6.99

DEGREE DAYS
 HEATING
  YESTERDAY       10                        10      0       10
  MONTH TO DATE  322                       380    -58      450
  SINCE MAR 1   1476                      1984   -508     1705
  SINCE JUL 1   5867                      7224  -1357     6401

 COOLING
  YESTERDAY        0                         0      0        0
  MONTH TO DATE    4                         0      4        0
  SINCE MAR 1      5                         0      5        0
  SINCE JAN 1      5                         0      5        0
..................................................................


WIND (MPH)
  HIGHEST WIND SPEED    22   HIGHEST WIND DIRECTION     N (350)
  HIGHEST GUST SPEED    28   HIGHEST GUST DIRECTION    NW (330)
  AVERAGE WIND SPEED     8.4


SKY COVER
  POSSIBLE SUNSHINE  MM
  AVERAGE SKY COVER 0.4


WEATHER CONDITIONS
 THE FOLLOWING WEATHER WAS RECORDED YESTERDAY.
  RAIN


RELATIVE HUMIDITY (PERCENT)
 HIGHEST    89           400 AM
 LOWEST     52           400 PM
 AVERAGE    71

..........................................................


THE BUFFALO WY CLIMATE NORMALS FOR TODAY
                         NORMAL    RECORD    YEAR
 MAXIMUM TEMPERATURE (F)   67        83      2003
 MINIMUM TEMPERATURE (F)   43        33      2012
                                             2011


SUNRISE AND SUNSET
MAY 29 2016...........SUNRISE   527 AM MDT   SUNSET   842 PM MDT
MAY 30 2016...........SUNRISE   526 AM MDT   SUNSET   843 PM MDT


-  INDICATES NEGATIVE NUMBERS.
R  INDICATES RECORD WAS SET OR TIED.
MM INDICATES DATA IS MISSING.
T  INDICATES TRACE AMOUNT.




$$
