000
CDUS45 KRIW 210730
CLIBYG


CLIMATE REPORT
NATIONAL WEATHER SERVICE RIVERTON WY
129 AM MDT MON AUG 21 2017


...................................

...THE BUFFALO WY CLIMATE SUMMARY FOR AUGUST 20 2017...

CLIMATE NORMAL PERIOD 1981 TO 2010
CLIMATE RECORD PERIOD 1998 TO 2017


WEATHER ITEM   OBSERVED TIME   RECORD YEAR NORMAL DEPARTURE LAST
                VALUE   (LST)  VALUE       VALUE  FROM      YEAR
                                                  NORMAL
..................................................................
TEMPERATURE (F)
 YESTERDAY
  MAXIMUM         89    204 PM  90    2013  84      5       74
                                      2008
  MINIMUM         51    525 AM  44    2016  55     -4       44
  AVERAGE         70                        69      1       59

PRECIPITATION (IN)
  YESTERDAY        0.00          0.05 1998   0.03  -0.03     0.00
  MONTH TO DATE    0.43                      0.60  -0.17     0.52
  SINCE JUN 1      3.54                      4.54  -1.00     1.40
  SINCE JAN 1     11.82                     10.06   1.76     6.32

DEGREE DAYS
 HEATING
  YESTERDAY        0                         1     -1        6
  MONTH TO DATE   22                        20      2       18
  SINCE JUN 1    120                       208    -88       34
  SINCE JUL 1     22                        45    -23       19

 COOLING
  YESTERDAY        5                         5      0        0
  MONTH TO DATE   57                       136    -79      128
  SINCE JUN 1    422                       390     32      524
  SINCE JAN 1    433                       397     36      529
..................................................................


WIND (MPH)
  HIGHEST WIND SPEED    23   HIGHEST WIND DIRECTION     S (160)
  HIGHEST GUST SPEED    29   HIGHEST GUST DIRECTION    NW (310)
  AVERAGE WIND SPEED    11.1


SKY COVER
  POSSIBLE SUNSHINE  MM
  AVERAGE SKY COVER 0.0


WEATHER CONDITIONS
 THE FOLLOWING WEATHER WAS RECORDED YESTERDAY.
  NO SIGNIFICANT WEATHER WAS OBSERVED.


RELATIVE HUMIDITY (PERCENT)
 HIGHEST    54           600 AM
 LOWEST     14           200 PM
 AVERAGE    34

..........................................................


THE BUFFALO WY CLIMATE NORMALS FOR TODAY
                         NORMAL    RECORD    YEAR
 MAXIMUM TEMPERATURE (F)   83        96      2010
 MINIMUM TEMPERATURE (F)   55        48      2009


SUNRISE AND SUNSET
AUGUST 21 2017........SUNRISE   617 AM MDT   SUNSET   802 PM MDT
AUGUST 22 2017........SUNRISE   618 AM MDT   SUNSET   800 PM MDT


-  INDICATES NEGATIVE NUMBERS.
R  INDICATES RECORD WAS SET OR TIED.
MM INDICATES DATA IS MISSING.
T  INDICATES TRACE AMOUNT.




$$
