000
CDUS45 KRIW 250749
CLIBYG


CLIMATE REPORT
NATIONAL WEATHER SERVICE RIVERTON WY
134 AM MDT SAT MAR 25 2017


...................................

...THE BUFFALO WY CLIMATE SUMMARY FOR MARCH 24 2017...

CLIMATE NORMAL PERIOD 1981 TO 2010
CLIMATE RECORD PERIOD 1998 TO 2017


WEATHER ITEM   OBSERVED TIME   RECORD YEAR NORMAL DEPARTURE LAST
                VALUE   (LST)  VALUE       VALUE  FROM      YEAR
                                                  NORMAL
..................................................................
TEMPERATURE (F)
 YESTERDAY
  MAXIMUM         62    339 PM  70    2004  48     14       50
  MINIMUM         34   1258 AM  10    2013  25      9       31
  AVERAGE         48                        36     12       41

PRECIPITATION (IN)
  YESTERDAY        0.00          0.05 2002   0.04  -0.04      T
  MONTH TO DATE    0.83                      0.63   0.20     0.52
  SINCE MAR 1      0.83                      0.63   0.20     0.52
  SINCE JAN 1      1.26                      1.40  -0.14     1.11

DEGREE DAYS
 HEATING
  YESTERDAY       17                        29    -12       24
  MONTH TO DATE  548                       759   -211      560
  SINCE MAR 1    548                       759   -211      560
  SINCE JUL 1   5390                      5999   -609     4951

 COOLING
  YESTERDAY        0                         0      0        0
  MONTH TO DATE    0                         0      0        0
  SINCE MAR 1      0                         0      0        0
  SINCE JAN 1      0                         0      0        0
..................................................................


WIND (MPH)
  HIGHEST WIND SPEED    26   HIGHEST WIND DIRECTION     S (180)
  HIGHEST GUST SPEED    33   HIGHEST GUST DIRECTION     S (170)
  AVERAGE WIND SPEED    11.7


SKY COVER
  POSSIBLE SUNSHINE  MM
  AVERAGE SKY COVER 0.1


WEATHER CONDITIONS
 THE FOLLOWING WEATHER WAS RECORDED YESTERDAY.
  NO SIGNIFICANT WEATHER WAS OBSERVED.


RELATIVE HUMIDITY (PERCENT)
 HIGHEST    70          1200 AM
 LOWEST     25           200 PM
 AVERAGE    48

..........................................................


THE BUFFALO WY CLIMATE NORMALS FOR TODAY
                         NORMAL    RECORD    YEAR
 MAXIMUM TEMPERATURE (F)   48        75      2007
 MINIMUM TEMPERATURE (F)   25         6      2013


SUNRISE AND SUNSET
MARCH 25 2017.........SUNRISE   700 AM MDT   SUNSET   726 PM MDT
MARCH 26 2017.........SUNRISE   658 AM MDT   SUNSET   727 PM MDT


-  INDICATES NEGATIVE NUMBERS.
R  INDICATES RECORD WAS SET OR TIED.
MM INDICATES DATA IS MISSING.
T  INDICATES TRACE AMOUNT.




$$
