000
CDUS45 KPIH 170731
CLIBYI


CLIMATE REPORT
NATIONAL WEATHER SERVICE POCATELLO ID
1229 AM MST TUE JAN 17 2017


...................................

...THE BURLEY ID CLIMATE SUMMARY FOR JANUARY 16 2017...

CLIMATE NORMAL PERIOD 1981 TO 2010
CLIMATE RECORD PERIOD 1948 TO 2017


WEATHER ITEM   OBSERVED TIME   RECORD YEAR NORMAL DEPARTURE LAST
                VALUE   (LST)  VALUE       VALUE  FROM      YEAR
                                                  NORMAL
..................................................................
TEMPERATURE (F)
 YESTERDAY
  MAXIMUM         21    327 PM  60    1974  35    -14       37
  MINIMUM          8   1159 PM -14    1949  19    -11       22
  AVERAGE         15                        27    -12       30

PRECIPITATION (IN)
  YESTERDAY        T             0.55 1950   0.03  -0.03     0.04
  MONTH TO DATE    1.29                      0.51   0.78     0.31
  SINCE OCT 1      6.08                      3.34   2.74     3.11
  SINCE JAN 1      1.29                      0.51   0.78     0.31

SNOWFALL (IN)
  YESTERDAY       MM
  MONTH TO DATE   MM
  SINCE DEC 1     MM
  SINCE JUL 1     MM
  SNOW DEPTH      MM

DEGREE DAYS
 HEATING
  YESTERDAY       50                        38     12       35
  MONTH TO DATE  732                       620    112      618
  SINCE DEC 1   1979                      1812    167     1781
  SINCE JUL 1   3377                      3500   -123     3202

 COOLING
  YESTERDAY        0                         0      0        0
  MONTH TO DATE    0                         0      0        0
  SINCE DEC 1      0                         0      0        0
  SINCE JAN 1      0                         0      0        0
..................................................................


WIND (MPH)
  HIGHEST WIND SPEED    10   HIGHEST WIND DIRECTION    NE (50)
  HIGHEST GUST SPEED    13   HIGHEST GUST DIRECTION    NE (50)
  AVERAGE WIND SPEED     4.3


SKY COVER
  POSSIBLE SUNSHINE  MM
  AVERAGE SKY COVER 0.5


WEATHER CONDITIONS
 THE FOLLOWING WEATHER WAS RECORDED YESTERDAY.
  LIGHT SNOW
  FOG
  HAZE


RELATIVE HUMIDITY (PERCENT)
 HIGHEST    91           300 AM
 LOWEST     67           300 PM
 AVERAGE    79

..........................................................


THE BURLEY ID CLIMATE NORMALS FOR TODAY
                         NORMAL    RECORD    YEAR
 MAXIMUM TEMPERATURE (F)   35        55      1961
 MINIMUM TEMPERATURE (F)   19       -20      1984


SUNRISE AND SUNSET
JANUARY 17 2017.......SUNRISE   801 AM MST   SUNSET   530 PM MST
JANUARY 18 2017.......SUNRISE   800 AM MST   SUNSET   531 PM MST


-  INDICATES NEGATIVE NUMBERS.
R  INDICATES RECORD WAS SET OR TIED.
MM INDICATES DATA IS MISSING.
T  INDICATES TRACE AMOUNT.




$$
