000
CDUS45 KPIH 290735
CLIBYI


CLIMATE REPORT
NATIONAL WEATHER SERVICE POCATELLO ID
133 AM MDT SAT APR 29 2017


...................................

...THE BURLEY ID CLIMATE SUMMARY FOR APRIL 28 2017...

CLIMATE NORMAL PERIOD 1981 TO 2010
CLIMATE RECORD PERIOD 1948 TO 2017


WEATHER ITEM   OBSERVED TIME   RECORD YEAR NORMAL DEPARTURE LAST
                VALUE   (LST)  VALUE       VALUE  FROM      YEAR
                                                  NORMAL
..................................................................
TEMPERATURE (F)
 YESTERDAY
  MAXIMUM         54    400 PM  84    1987  62     -8       61
  MINIMUM         32    712 AM  22    1966  36     -4       37
  AVERAGE         43                        49     -6       49

PRECIPITATION (IN)
  YESTERDAY        0.01          0.80 1951   0.05  -0.04     0.01
  MONTH TO DATE    1.80                      1.00   0.80     0.84
  SINCE OCT 1     11.12                      6.54   4.58     6.38
  SINCE JAN 1      6.33                      3.71   2.62     3.58

SNOWFALL (IN)
  YESTERDAY       MM
  MONTH TO DATE   MM
  SINCE MAR 1     MM
  SINCE JUL 1     MM
  SNOW DEPTH      MM

DEGREE DAYS
 HEATING
  YESTERDAY       22                        16      6       16
  MONTH TO DATE  531                       537     -6      381
  SINCE MAR 1   1111                      1334   -223     1072
  SINCE JUL 1   5917                      6356   -439     5579

 COOLING
  YESTERDAY        0                         0      0        0
  MONTH TO DATE    0                         0      0        0
  SINCE MAR 1      0                         0      0        0
  SINCE JAN 1      0                         0      0        0
..................................................................


WIND (MPH)
  HIGHEST WIND SPEED    21   HIGHEST WIND DIRECTION     W (290)
  HIGHEST GUST SPEED    28   HIGHEST GUST DIRECTION     W (290)
  AVERAGE WIND SPEED    13.1


SKY COVER
  POSSIBLE SUNSHINE  MM
  AVERAGE SKY COVER 0.7


WEATHER CONDITIONS
 THE FOLLOWING WEATHER WAS RECORDED YESTERDAY.
  SNOW
  LIGHT SNOW
  FOG


RELATIVE HUMIDITY (PERCENT)
 HIGHEST    92           400 AM
 LOWEST     32           400 PM
 AVERAGE    62

..........................................................


THE BURLEY ID CLIMATE NORMALS FOR TODAY
                         NORMAL    RECORD    YEAR
 MAXIMUM TEMPERATURE (F)   62        87      1992
 MINIMUM TEMPERATURE (F)   37        24      2014


SUNRISE AND SUNSET
APRIL 29 2017.........SUNRISE   632 AM MDT   SUNSET   833 PM MDT
APRIL 30 2017.........SUNRISE   631 AM MDT   SUNSET   834 PM MDT


-  INDICATES NEGATIVE NUMBERS.
R  INDICATES RECORD WAS SET OR TIED.
MM INDICATES DATA IS MISSING.
T  INDICATES TRACE AMOUNT.




$$
