000
CDUS45 KPIH 070743
CLIBYI


CLIMATE REPORT
NATIONAL WEATHER SERVICE POCATELLO ID
1239 AM MST WED DEC 7 2016


...................................

...THE BURLEY ID CLIMATE SUMMARY FOR DECEMBER 6 2016...

CLIMATE NORMAL PERIOD 1981 TO 2010
CLIMATE RECORD PERIOD 1948 TO 2016


WEATHER ITEM   OBSERVED TIME   RECORD YEAR NORMAL DEPARTURE LAST
                VALUE   (LST)  VALUE       VALUE  FROM      YEAR
                                                  NORMAL
..................................................................
TEMPERATURE (F)
 YESTERDAY
  MAXIMUM         23    316 PM  59    2014  36    -13       41
                                      1981
  MINIMUM          7    537 AM  -2    1992  19    -12       15
  AVERAGE         15                        28    -13       28

PRECIPITATION (IN)
  YESTERDAY        0.02          0.33 2001   0.04  -0.02      T
  MONTH TO DATE    0.10                      0.23  -0.13      T
  SINCE OCT 1      3.36                      1.93   1.43     1.95
  SINCE JAN 1     12.06                      9.24   2.82     8.82

SNOWFALL (IN)
  YESTERDAY       MM
  MONTH TO DATE   MM
  SINCE DEC 1     MM
  SINCE JUL 1     MM
  SNOW DEPTH      MM

DEGREE DAYS
 HEATING
  YESTERDAY       50                        37     13       37
  MONTH TO DATE  225                       219      6      249
  SINCE DEC 1    225                       219      6      249
  SINCE JUL 1   1623                      1907   -284     1670

 COOLING
  YESTERDAY        0                         0      0        0
  MONTH TO DATE    0                         0      0        0
  SINCE DEC 1      0                         0      0        0
  SINCE JAN 1    353                       365    -12      472
..................................................................


WIND (MPH)
  HIGHEST WIND SPEED    13   HIGHEST WIND DIRECTION     W (290)
  HIGHEST GUST SPEED    17   HIGHEST GUST DIRECTION     W (270)
  AVERAGE WIND SPEED     5.5


SKY COVER
  POSSIBLE SUNSHINE  MM
  AVERAGE SKY COVER 0.6


WEATHER CONDITIONS
 THE FOLLOWING WEATHER WAS RECORDED YESTERDAY.
  SNOW
  LIGHT SNOW
  FOG


RELATIVE HUMIDITY (PERCENT)
 HIGHEST    92           700 PM
 LOWEST     74           100 PM
 AVERAGE    83

..........................................................


THE BURLEY ID CLIMATE NORMALS FOR TODAY
                         NORMAL    RECORD    YEAR
 MAXIMUM TEMPERATURE (F)   36        58      1981
 MINIMUM TEMPERATURE (F)   19        -1      1951


SUNRISE AND SUNSET
DECEMBER  7 2016......SUNRISE   752 AM MST   SUNSET   502 PM MST
DECEMBER  8 2016......SUNRISE   753 AM MST   SUNSET   502 PM MST


-  INDICATES NEGATIVE NUMBERS.
R  INDICATES RECORD WAS SET OR TIED.
MM INDICATES DATA IS MISSING.
T  INDICATES TRACE AMOUNT.




$$
