000
CDUS45 KPIH 062322
CLIBYI


CLIMATE REPORT
NATIONAL WEATHER SERVICE POCATELLO ID
520 PM MDT MON JUL 6 2015


...................................

...THE BURLEY ID CLIMATE SUMMARY FOR JULY 6 2015...
VALID TODAY AS OF 0500 PM LOCAL TIME.

CLIMATE NORMAL PERIOD 1981 TO 2010
CLIMATE RECORD PERIOD 1948 TO 2015


WEATHER ITEM   OBSERVED TIME   RECORD YEAR NORMAL DEPARTURE LAST
                VALUE   (LST)  VALUE       VALUE  FROM      YEAR
                                                  NORMAL
..................................................................
TEMPERATURE (F)
 TODAY
  MAXIMUM         85    325 PM 102    1999  83      2       93
  MINIMUM         59    539 AM  36    1986  52      7       53
  AVERAGE         72                        68      4       73

PRECIPITATION (IN)
  TODAY            0.00          0.25 1984   0.01  -0.01     0.00
  MONTH TO DATE    T                         0.07  -0.07      T
  SINCE OCT 1      7.22                      8.96  -1.74     7.37
  SINCE JAN 1      5.17                      6.13  -0.96     6.76

SNOWFALL (IN)
  TODAY           MM
  MONTH TO DATE   MM
  SINCE JUN 1     MM
  SINCE JUL 1     MM
  SNOW DEPTH      MM

DEGREE DAYS
 HEATING
  TODAY            0                         1     -1        0
  MONTH TO DATE    0                         8     -8        0
  SINCE JUN 1     26                       142   -116      104
  SINCE JUL 1      0                         8     -8        0

 COOLING
  TODAY            7                         4      3        8
  MONTH TO DATE   67                        21     46       42
  SINCE JUN 1    215                        68    147       61
  SINCE JAN 1    220                        74    146       62
..................................................................


WIND (MPH)
  HIGHEST WIND SPEED    12   HIGHEST WIND DIRECTION     N (350)
  HIGHEST GUST SPEED    14   HIGHEST GUST DIRECTION     N (10)
  AVERAGE WIND SPEED     3.4


SKY COVER
  POSSIBLE SUNSHINE  MM
  AVERAGE SKY COVER 0.4


WEATHER CONDITIONS
 THE FOLLOWING WEATHER WAS RECORDED TODAY.
  NO SIGNIFICANT WEATHER WAS OBSERVED.


RELATIVE HUMIDITY (PERCENT)
 HIGHEST    78           100 AM
 LOWEST     31           400 PM
 AVERAGE    55

..........................................................


THE BURLEY ID CLIMATE NORMALS FOR TOMORROW
                         NORMAL    RECORD    YEAR
 MAXIMUM TEMPERATURE (F)   84       100      1989
 MINIMUM TEMPERATURE (F)   53        41      1971


SUNRISE AND SUNSET
JULY  6 2015..........SUNRISE   604 AM MDT   SUNSET   915 PM MDT
JULY  7 2015..........SUNRISE   605 AM MDT   SUNSET   915 PM MDT


-  INDICATES NEGATIVE NUMBERS.
R  INDICATES RECORD WAS SET OR TIED.
MM INDICATES DATA IS MISSING.
T  INDICATES TRACE AMOUNT.




$$
