000
CDUS45 KPIH 282322
CLIBYI


CLIMATE REPORT
NATIONAL WEATHER SERVICE POCATELLO ID
420 PM MST FRI NOV 28 2014


...................................

...THE BURLEY ID CLIMATE SUMMARY FOR NOVEMBER 28 2014...
VALID TODAY AS OF 0400 PM LOCAL TIME.

CLIMATE NORMAL PERIOD 1981 TO 2010
CLIMATE RECORD PERIOD 1948 TO 2014


WEATHER ITEM   OBSERVED TIME   RECORD YEAR NORMAL DEPARTURE LAST
                VALUE   (LST)  VALUE       VALUE  FROM      YEAR
                                                  NORMAL
..................................................................
TEMPERATURE (F)
 TODAY
  MAXIMUM         58R   345 PM  57    1953  39     19       54
  MINIMUM         48    743 AM  -7    1952  22     26       24
  AVERAGE         53                        30     23       39

PRECIPITATION (IN)
  TODAY            0.00          0.33 1975   0.03  -0.03     0.00
  MONTH TO DATE    1.05                      0.87   0.18     0.19
  SINCE OCT 1      1.17                      1.63  -0.46     0.44
  SINCE JAN 1     11.09                      8.94   2.15     4.52

SNOWFALL (IN)
  TODAY           MM
  MONTH TO DATE   MM
  SINCE SEP 1     MM
  SINCE JUL 1     MM
  SNOW DEPTH      MM

DEGREE DAYS
 HEATING
  TODAY           12                        35    -23       26
  MONTH TO DATE  790                       810    -20      758
  SINCE SEP 1   1293                      1561   -268     1507
  SINCE JUL 1   1323                      1618   -295     1507

 COOLING
  TODAY            0                         0      0        0
  MONTH TO DATE    0                         0      0        0
  SINCE SEP 1     27                        21      6       54
  SINCE JAN 1    428                       365     63      642
..................................................................


WIND (MPH)
  HIGHEST WIND SPEED    23   HIGHEST WIND DIRECTION     S (200)
  HIGHEST GUST SPEED    31   HIGHEST GUST DIRECTION     S (200)
  AVERAGE WIND SPEED    16.4


SKY COVER
  POSSIBLE SUNSHINE  MM
  AVERAGE SKY COVER 0.0


WEATHER CONDITIONS
 THE FOLLOWING WEATHER WAS RECORDED TODAY.
  NO SIGNIFICANT WEATHER WAS OBSERVED.


RELATIVE HUMIDITY (PERCENT)
 HIGHEST    38           100 AM
 LOWEST     23           100 PM
 AVERAGE    31

..........................................................


THE BURLEY ID CLIMATE NORMALS FOR TOMORROW
                         NORMAL    RECORD    YEAR
 MAXIMUM TEMPERATURE (F)   39        61      1995
 MINIMUM TEMPERATURE (F)   21         2      2004


SUNRISE AND SUNSET
NOVEMBER 28 2014......SUNRISE   742 AM MST   SUNSET   504 PM MST
NOVEMBER 29 2014......SUNRISE   743 AM MST   SUNSET   504 PM MST


-  INDICATES NEGATIVE NUMBERS.
R  INDICATES RECORD WAS SET OR TIED.
MM INDICATES DATA IS MISSING.
T  INDICATES TRACE AMOUNT.




$$
