000
CDUS45 KPIH 180735
CLIBYI


CLIMATE REPORT
NATIONAL WEATHER SERVICE POCATELLO ID
135 AM MDT THU SEP 18 2014


...................................

...THE BURLEY ID CLIMATE SUMMARY FOR SEPTEMBER 17 2014...

CLIMATE NORMAL PERIOD 1981 TO 2010
CLIMATE RECORD PERIOD 1948 TO 2014


WEATHER ITEM   OBSERVED TIME   RECORD YEAR NORMAL DEPARTURE LAST
                VALUE   (LST)  VALUE       VALUE  FROM      YEAR
                                                  NORMAL
..................................................................
TEMPERATURE (F)
 YESTERDAY
  MAXIMUM         92    337 PM  93    1981  74     18       74
  MINIMUM         50    548 AM  23    1965  43      7       51
  AVERAGE         71                        58     13       63

PRECIPITATION (IN)
  YESTERDAY        T             0.79 1961   0.02  -0.02     0.04
  MONTH TO DATE    T                         0.28  -0.28     1.22
  SINCE OCT 1     10.09                      9.87   0.22     7.52
  SINCE JAN 1      9.48                      7.04   2.44     3.92

SNOWFALL (IN)
  YESTERDAY       MM
  MONTH TO DATE   MM
  SINCE SEP 1     MM
  SINCE JUL 1     MM
  SNOW DEPTH      MM

DEGREE DAYS
 HEATING
  YESTERDAY        0                         7     -7        2
  MONTH TO DATE   65                        85    -20        4
  SINCE SEP 1     65                        85    -20        4
  SINCE JUL 1     95                       142    -47        4

 COOLING
  YESTERDAY        6                         0      6        0
  MONTH TO DATE   16                        19     -3       53
  SINCE SEP 1     16                        19     -3       53
  SINCE JAN 1    417                       363     54      641
..................................................................


WIND (MPH)
  HIGHEST WIND SPEED    23   HIGHEST WIND DIRECTION     W (280)
  HIGHEST GUST SPEED    30   HIGHEST GUST DIRECTION     W (260)
  AVERAGE WIND SPEED     4.2


SKY COVER
  POSSIBLE SUNSHINE  MM
  AVERAGE SKY COVER 0.0


WEATHER CONDITIONS
 THE FOLLOWING WEATHER WAS RECORDED YESTERDAY.
  LIGHT RAIN


RELATIVE HUMIDITY (PERCENT)
 HIGHEST    80           200 AM
 LOWEST     19           200 PM
 AVERAGE    50

..........................................................


THE BURLEY ID CLIMATE NORMALS FOR TODAY
                         NORMAL    RECORD    YEAR
 MAXIMUM TEMPERATURE (F)   73        95      1962
 MINIMUM TEMPERATURE (F)   42        18      1965


SUNRISE AND SUNSET
SEPTEMBER 18 2014.....SUNRISE   718 AM MDT   SUNSET   739 PM MDT
SEPTEMBER 19 2014.....SUNRISE   719 AM MDT   SUNSET   738 PM MDT


-  INDICATES NEGATIVE NUMBERS.
R  INDICATES RECORD WAS SET OR TIED.
MM INDICATES DATA IS MISSING.
T  INDICATES TRACE AMOUNT.




$$
