000
CDUS45 KPIH 270738
CLIBYI


CLIMATE REPORT
NATIONAL WEATHER SERVICE POCATELLO ID
1236 AM MST SAT DEC 27 2014


...................................

...THE BURLEY ID CLIMATE SUMMARY FOR DECEMBER 26 2014...

CLIMATE NORMAL PERIOD 1981 TO 2010
CLIMATE RECORD PERIOD 1948 TO 2014


WEATHER ITEM   OBSERVED TIME   RECORD YEAR NORMAL DEPARTURE LAST
                VALUE   (LST)  VALUE       VALUE  FROM      YEAR
                                                  NORMAL
..................................................................
TEMPERATURE (F)
 YESTERDAY
  MAXIMUM         27    959 PM  62    1980  34     -7       42
  MINIMUM         16    607 AM  -4    1985  18     -2       15
  AVERAGE         22                        26     -4       29

PRECIPITATION (IN)
  YESTERDAY        T             0.54 1996   0.04  -0.04     0.00
  MONTH TO DATE    0.68                      0.96  -0.28     0.17
  SINCE OCT 1      2.02                      2.66  -0.64     0.61
  SINCE JAN 1     11.94                      9.97   1.97     4.69

SNOWFALL (IN)
  YESTERDAY       MM
  MONTH TO DATE   MM
  SINCE DEC 1     MM
  SINCE JUL 1     MM
  SNOW DEPTH      MM

DEGREE DAYS
 HEATING
  YESTERDAY       43                        39      4       36
  MONTH TO DATE  628                       992   -364     1091
  SINCE DEC 1    628                       992   -364     1091
  SINCE JUL 1   2009                      2680   -671     2659

 COOLING
  YESTERDAY        0                         0      0        0
  MONTH TO DATE    0                         0      0        0
  SINCE DEC 1      0                         0      0        0
  SINCE JAN 1    428                       365     63      642
..................................................................


WIND (MPH)
  HIGHEST WIND SPEED    17   HIGHEST WIND DIRECTION     W (250)
  HIGHEST GUST SPEED    23   HIGHEST GUST DIRECTION     W (260)
  AVERAGE WIND SPEED     7.5


SKY COVER
  POSSIBLE SUNSHINE  MM
  AVERAGE SKY COVER 0.8


WEATHER CONDITIONS
 THE FOLLOWING WEATHER WAS RECORDED YESTERDAY.
  NO SIGNIFICANT WEATHER WAS OBSERVED.


RELATIVE HUMIDITY (PERCENT)
 HIGHEST    88           600 PM
 LOWEST     71           400 AM
 AVERAGE    80

..........................................................


THE BURLEY ID CLIMATE NORMALS FOR TODAY
                         NORMAL    RECORD    YEAR
 MAXIMUM TEMPERATURE (F)   34        61      1980
 MINIMUM TEMPERATURE (F)   18        -5      1988


SUNRISE AND SUNSET
DECEMBER 27 2014......SUNRISE   804 AM MST   SUNSET   509 PM MST
DECEMBER 28 2014......SUNRISE   804 AM MST   SUNSET   509 PM MST


-  INDICATES NEGATIVE NUMBERS.
R  INDICATES RECORD WAS SET OR TIED.
MM INDICATES DATA IS MISSING.
T  INDICATES TRACE AMOUNT.




$$
