000
CDUS45 KTFX 280728
CLIBZN


CLIMATE REPORT
NATIONAL WEATHER SERVICE GREAT FALLS MT
128 AM MDT SUN MAY 28 2017


...................................

...THE BOZEMAN/GALLATIN FIELD MT CLIMATE SUMMARY FOR MAY 27 2017...

CLIMATE NORMAL PERIOD 1981 TO 2010
CLIMATE RECORD PERIOD 1935 TO 2017


WEATHER ITEM   OBSERVED TIME   RECORD YEAR NORMAL DEPARTURE LAST
                VALUE   (LST)  VALUE       VALUE  FROM      YEAR
                                                  NORMAL
..................................................................
TEMPERATURE (F)
 YESTERDAY
  MAXIMUM         71    432 PM  86    1966  71      0       61
  MINIMUM         37    525 AM  29    1973  42     -5       39
  AVERAGE         54                        57     -3       50

PRECIPITATION (IN)
  YESTERDAY        0.00          0.85 1987   0.09  -0.09     0.22
  MONTH TO DATE    1.72                      2.06  -0.34     2.50
  SINCE OCT 1      8.88                      7.89   0.99     7.74
  SINCE JAN 1      5.55                      5.51   0.04     4.89

SNOWFALL (IN)
  YESTERDAY        0.0           T    1982   0.0    0.0      0.0
                                      1995
  MONTH TO DATE    1.0                       2.3   -1.3       T
  SINCE MAR 1      5.3                      17.5  -12.2      2.1
  SINCE JUL 1     44.5                      39.8    4.7     25.7
  SNOW DEPTH       0

DEGREE DAYS
 HEATING
  YESTERDAY       11                         9      2       15
  MONTH TO DATE  384                       324     60      389
  SINCE MAR 1   1752                      1805    -53     1763
  SINCE JUL 1   7945                      7385    560     7448

 COOLING
  YESTERDAY        0                         0      0        0
  MONTH TO DATE    0                         0      0        0
  SINCE MAR 1      0                         0      0        0
  SINCE JAN 1      0                         0      0        0
..................................................................


WIND (MPH)
  HIGHEST WIND SPEED    12   HIGHEST WIND DIRECTION    SE (150)
  HIGHEST GUST SPEED    17   HIGHEST GUST DIRECTION     W (290)
  AVERAGE WIND SPEED     5.3


SKY COVER
  AVERAGE SKY COVER 0.3


WEATHER CONDITIONS
 THE FOLLOWING WEATHER WAS RECORDED YESTERDAY.
  NO SIGNIFICANT WEATHER WAS OBSERVED.


RELATIVE HUMIDITY (PERCENT)
 HIGHEST    92
 LOWEST     29
 AVERAGE    61

..........................................................


THE BOZEMAN/GALLATIN FIELD MT CLIMATE NORMALS FOR TODAY
                         NORMAL    RECORD    YEAR
 MAXIMUM TEMPERATURE (F)   71        87      2014
                                             1958
 MINIMUM TEMPERATURE (F)   42        24      1947


SUNRISE AND SUNSET
MAY 28 2017...........SUNRISE   541 AM MDT   SUNSET   904 PM MDT
MAY 29 2017...........SUNRISE   540 AM MDT   SUNSET   905 PM MDT


-  INDICATES NEGATIVE NUMBERS.
R  INDICATES RECORD WAS SET OR TIED.
MM INDICATES DATA IS MISSING.
T  INDICATES TRACE AMOUNT.




$$
