000
CDUS45 KTFX 172330
CLIBZN


CLIMATE REPORT
NATIONAL WEATHER SERVICE GREAT FALLS MT
430 PM MST SAT FEB 17 2018


...................................

...THE BOZEMAN/GALLATIN FIELD MT CLIMATE SUMMARY FOR FEBRUARY 17 2018...
VALID TODAY AS OF 0400 PM LOCAL TIME.

CLIMATE NORMAL PERIOD 1981 TO 2010
CLIMATE RECORD PERIOD 1935 TO 2018


WEATHER ITEM   OBSERVED TIME   RECORD YEAR NORMAL DEPARTURE LAST
                VALUE   (LST)  VALUE       VALUE  FROM      YEAR
                                                  NORMAL
..................................................................
TEMPERATURE (F)
 TODAY
  MAXIMUM         40    202 PM  56    1994  40      0       45
  MINIMUM         21    525 AM -30    1942  15      6       30
  AVERAGE         31                        27      4       38

PRECIPITATION (IN)
  TODAY            0.00          0.13 1970   0.01  -0.01     0.00
  MONTH TO DATE    0.35                      0.23   0.12     0.16
  SINCE OCT 1      4.32                      3.09   1.23     3.79
  SINCE JAN 1      1.34                      0.71   0.63     0.46

DEGREE DAYS
 HEATING
  TODAY           34                        38     -4       27
  MONTH TO DATE  779                       664    115      742
  SINCE DEC 1   3594                      3305    289     4047
  SINCE JUL 1   5725                      5186    539     5824

 COOLING
  TODAY            0                         0      0        0
  MONTH TO DATE    0                         0      0        0
  SINCE DEC 1      0                         0      0        0
  SINCE JAN 1      0                         0      0        0
..................................................................


WIND (MPH)
  HIGHEST WIND SPEED    31   HIGHEST WIND DIRECTION     W (250)
  HIGHEST GUST SPEED    36   HIGHEST GUST DIRECTION     W (250)
  AVERAGE WIND SPEED     8.5


SKY COVER
  AVERAGE SKY COVER 1.0


WEATHER CONDITIONS
 THE FOLLOWING WEATHER WAS RECORDED TODAY.
  NO SIGNIFICANT WEATHER WAS OBSERVED.


RELATIVE HUMIDITY (PERCENT)
 HIGHEST    75          1200 AM
 LOWEST     37           100 PM
 AVERAGE    56

..........................................................


THE BOZEMAN/GALLATIN FIELD MT CLIMATE NORMALS FOR TOMORROW
                         NORMAL    RECORD    YEAR
 MAXIMUM TEMPERATURE (F)   40        56      2015
 MINIMUM TEMPERATURE (F)   15       -35      1942


SUNRISE AND SUNSET
FEBRUARY 17 2018......SUNRISE   723 AM MST   SUNSET   554 PM MST
FEBRUARY 18 2018......SUNRISE   722 AM MST   SUNSET   556 PM MST


-  INDICATES NEGATIVE NUMBERS.
R  INDICATES RECORD WAS SET OR TIED.
MM INDICATES DATA IS MISSING.
T  INDICATES TRACE AMOUNT.




$$
