000
CDUS45 KTFX 022320
CLIBZN


CLIMATE REPORT
NATIONAL WEATHER SERVICE GREAT FALLS MT
420 PM MST MON MAR 2 2015


...................................

...THE BOZEMAN/GALLATIN FIELD MT CLIMATE SUMMARY FOR MARCH 2 2015...
VALID TODAY AS OF 0400 PM LOCAL TIME.

CLIMATE NORMAL PERIOD 1981 TO 2010
CLIMATE RECORD PERIOD 1935 TO 2015


WEATHER ITEM   OBSERVED TIME   RECORD YEAR NORMAL DEPARTURE LAST
                VALUE   (LST)  VALUE       VALUE  FROM      YEAR
                                                  NORMAL
..................................................................
TEMPERATURE (F)
 TODAY
  MAXIMUM         43    324 PM  62    1994  44     -1       12
  MINIMUM          9    552 AM -25    1976  19    -10       -7
  AVERAGE         26                        32     -6        3

PRECIPITATION (IN)
  TODAY            0.00          0.41 1982   0.02  -0.02      T
  MONTH TO DATE    0.00                      0.04  -0.04     0.02
  SINCE OCT 1      2.30                      3.33  -1.03     2.02
  SINCE JAN 1      0.37                      0.95  -0.58     0.97

SNOWFALL (IN)
  TODAY            0.0           4.1  1982   0.2   -0.2       T
  MONTH TO DATE    0.0                       0.4   -0.4      2.0
  SINCE MAR 1      0.0                       0.4   -0.4      2.0
  SINCE JUL 1     30.4                      22.7    7.7     27.0
  SNOW DEPTH       0

DEGREE DAYS
 HEATING
  TODAY           39                        34      5       62
  MONTH TO DATE   86                        68     18      130
  SINCE MAR 1     86                        68     18      130
  SINCE JUL 1   5668                      5648     20     6145

 COOLING
  TODAY            0                         0      0        0
  MONTH TO DATE    0                         0      0        0
  SINCE MAR 1      0                         0      0        0
  SINCE JAN 1      0                         0      0        0
..................................................................


WIND (MPH)
  HIGHEST WIND SPEED    22   HIGHEST WIND DIRECTION     N (350)
  HIGHEST GUST SPEED    26   HIGHEST GUST DIRECTION     N (350)
  AVERAGE WIND SPEED     3.4


SKY COVER
  AVERAGE SKY COVER 0.0


WEATHER CONDITIONS
 THE FOLLOWING WEATHER WAS RECORDED TODAY.
  NO SIGNIFICANT WEATHER WAS OBSERVED.


RELATIVE HUMIDITY (PERCENT)
 HIGHEST    80           500 AM
 LOWEST     22           300 PM
 AVERAGE    51

..........................................................


THE BOZEMAN/GALLATIN FIELD MT CLIMATE NORMALS FOR TOMORROW
                         NORMAL    RECORD    YEAR
 MAXIMUM TEMPERATURE (F)   45        64      1994
 MINIMUM TEMPERATURE (F)   19       -27      1976


SUNRISE AND SUNSET
MARCH  2 2015.........SUNRISE   702 AM MST   SUNSET   612 PM MST
MARCH  3 2015.........SUNRISE   700 AM MST   SUNSET   614 PM MST


-  INDICATES NEGATIVE NUMBERS.
R  INDICATES RECORD WAS SET OR TIED.
MM INDICATES DATA IS MISSING.
T  INDICATES TRACE AMOUNT.




$$
