000
CDUS45 KTFX 061146
CLIBZN


CLIMATE REPORT
NATIONAL WEATHER SERVICE GREAT FALLS MT
545 AM MDT FRI MAY 6 2016


...................................

...THE BOZEMAN/GALLATIN FIELD MT CLIMATE SUMMARY FOR MAY 5 2016...

CLIMATE NORMAL PERIOD 1981 TO 2010
CLIMATE RECORD PERIOD 1935 TO 2016


WEATHER ITEM   OBSERVED TIME   RECORD YEAR NORMAL DEPARTURE LAST
                VALUE   (LST)  VALUE       VALUE  FROM      YEAR
                                                  NORMAL
..................................................................
TEMPERATURE (F)
 YESTERDAY
  MAXIMUM         83    306 PM  84    1966  65     18       70
  MINIMUM         43    555 AM  19    2010  36      7       38
  AVERAGE         63                        51     12       54

PRECIPITATION (IN)
  YESTERDAY        0.00          0.33 1968   0.07  -0.07     0.00
  MONTH TO DATE    0.00                      0.32  -0.32     0.00
  SINCE OCT 1      5.24                      6.15  -0.91     4.56
  SINCE JAN 1      2.39                      3.77  -1.38     2.63

SNOWFALL (IN)
  YESTERDAY        0.0           2.2  1984   0.1   -0.1      0.0
  MONTH TO DATE    0.0                       0.6   -0.6      0.0
  SINCE MAR 1      2.1                      15.8  -13.7      7.0
  SINCE JUL 1     25.7                      38.1  -12.4     37.4
  SNOW DEPTH       0

DEGREE DAYS
 HEATING
  YESTERDAY        2                        14    -12       11
  MONTH TO DATE   53                        75    -22       61
  SINCE MAR 1   1427                      1556   -129     1503
  SINCE JUL 1   7112                      7136    -24     7085

 COOLING
  YESTERDAY        0                         0      0        0
  MONTH TO DATE    0                         0      0        0
  SINCE MAR 1      0                         0      0        0
  SINCE JAN 1      0                         0      0        0
..................................................................


WIND (MPH)
  HIGHEST WIND SPEED    13   HIGHEST WIND DIRECTION    NW (320)
  HIGHEST GUST SPEED    16   HIGHEST GUST DIRECTION    NW (330)
  AVERAGE WIND SPEED     5.1


SKY COVER
  AVERAGE SKY COVER 0.0


WEATHER CONDITIONS
 THE FOLLOWING WEATHER WAS RECORDED YESTERDAY.
  NO SIGNIFICANT WEATHER WAS OBSERVED.


RELATIVE HUMIDITY (PERCENT)
 HIGHEST    70
 LOWEST     18
 AVERAGE    44

..........................................................


THE BOZEMAN/GALLATIN FIELD MT CLIMATE NORMALS FOR TODAY
                         NORMAL    RECORD    YEAR
 MAXIMUM TEMPERATURE (F)   66        86      1992
 MINIMUM TEMPERATURE (F)   36        20      1999
                                             1968


SUNRISE AND SUNSET
MAY  6 2016...........SUNRISE   604 AM MDT   SUNSET   839 PM MDT
MAY  7 2016...........SUNRISE   603 AM MDT   SUNSET   840 PM MDT


-  INDICATES NEGATIVE NUMBERS.
R  INDICATES RECORD WAS SET OR TIED.
MM INDICATES DATA IS MISSING.
T  INDICATES TRACE AMOUNT.




$$
