000
CDUS45 KTFX 242226
CLIBZN


CLIMATE REPORT
NATIONAL WEATHER SERVICE GREAT FALLS MT
426 PM MDT THU APR 24 2014


...................................

...THE BOZEMAN/GALLATIN FIELD MT CLIMATE SUMMARY FOR APRIL 24 2014...
VALID TODAY AS OF 0400 PM LOCAL TIME.

CLIMATE NORMAL PERIOD 1981 TO 2010
CLIMATE RECORD PERIOD 1935 TO 2014


WEATHER ITEM   OBSERVED TIME   RECORD YEAR NORMAL DEPARTURE LAST
                VALUE   (LST)  VALUE       VALUE  FROM      YEAR
                                                  NORMAL
..................................................................
TEMPERATURE (F)
 TODAY
  MAXIMUM         56    253 PM  81    1962  62     -6       59
  MINIMUM         38    608 AM  17    2002  33      5       20
  AVERAGE         47                        47      0       40

PRECIPITATION (IN)
  TODAY            0.00          0.64 1940   0.05  -0.05     0.00
  MONTH TO DATE    0.46                      1.23  -0.77     0.65
  SINCE OCT 1      3.95                      5.46  -1.51     3.47
  SINCE JAN 1      2.90                      3.08  -0.18     1.16

SNOWFALL (IN)
  TODAY            0.0           2.8  1960   0.2   -0.2      0.0
  MONTH TO DATE    0.3                       6.5   -6.2      3.3
  SINCE MAR 1      4.8                      14.2   -9.4      4.7
  SINCE JUL 1     29.8                      36.5   -6.7     22.6
  SNOW DEPTH       0

DEGREE DAYS
 HEATING
  TODAY           18                        18      0       25
  MONTH TO DATE  536                       498     38      672
  SINCE MAR 1   1507                      1382    125     1622
  SINCE JUL 1   7522                      6962    560     7354

 COOLING
  TODAY            0                         0      0        0
  MONTH TO DATE    0                         0      0        0
  SINCE MAR 1      0                         0      0        0
  SINCE JAN 1      0                         0      0        0
..................................................................


WIND (MPH)
  HIGHEST WIND SPEED    23   HIGHEST WIND DIRECTION    SW (240)
  HIGHEST GUST SPEED    29   HIGHEST GUST DIRECTION    SW (240)
  AVERAGE WIND SPEED    11.8


SKY COVER
  AVERAGE SKY COVER 1.0


WEATHER CONDITIONS
 THE FOLLOWING WEATHER WAS RECORDED TODAY.
  NO SIGNIFICANT WEATHER WAS OBSERVED.


RELATIVE HUMIDITY (PERCENT)
 HIGHEST    54           600 AM
 LOWEST     37           100 AM
 AVERAGE    46

..........................................................


THE BOZEMAN/GALLATIN FIELD MT CLIMATE NORMALS FOR TOMORROW
                         NORMAL    RECORD    YEAR
 MAXIMUM TEMPERATURE (F)   62        83      1946
 MINIMUM TEMPERATURE (F)   33        16      2002


SUNRISE AND SUNSET
APRIL 24 2014.........SUNRISE   623 AM MDT   SUNSET   823 PM MDT
APRIL 25 2014.........SUNRISE   621 AM MDT   SUNSET   824 PM MDT


-  INDICATES NEGATIVE NUMBERS.
R  INDICATES RECORD WAS SET OR TIED.
MM INDICATES DATA IS MISSING.
T  INDICATES TRACE AMOUNT.




$$
