000
CDUS45 KTFX 222230
CLIBZN


CLIMATE REPORT
NATIONAL WEATHER SERVICE GREAT FALLS MT
430 PM MDT SAT JUL 22 2017


...................................

...THE BOZEMAN/GALLATIN FIELD MT CLIMATE SUMMARY FOR JULY 22 2017...
VALID TODAY AS OF 0400 PM LOCAL TIME.

CLIMATE NORMAL PERIOD 1981 TO 2010
CLIMATE RECORD PERIOD 1935 TO 2017


WEATHER ITEM   OBSERVED TIME   RECORD YEAR NORMAL DEPARTURE LAST
                VALUE   (LST)  VALUE       VALUE  FROM      YEAR
                                                  NORMAL
..................................................................
TEMPERATURE (F)
 TODAY
  MAXIMUM         88    259 PM 100    2007  90     -2       98
                                      1960
  MINIMUM         45    416 AM  37    1993  52     -7       56
  AVERAGE         67                        71     -4       77

PRECIPITATION (IN)
  TODAY            0.00          0.42 1970   0.03  -0.03     0.00
  MONTH TO DATE    0.13                      0.86  -0.73     1.25
  SINCE OCT 1     11.58                     11.54   0.04    10.17
  SINCE JAN 1      8.25                      9.16  -0.91     7.32

SNOWFALL (IN)
  TODAY            0.0           0.0  1999   0.0    0.0      0.0
                                      2001
                                      1994
  MONTH TO DATE    0.0                       0.0    0.0      0.0
  SINCE JUN 1      0.0                       0.0    0.0      0.0
  SINCE JUL 1      0.0                       0.0    0.0      0.0

DEGREE DAYS
 HEATING
  TODAY            0                         0      0        0
  MONTH TO DATE    0                        27    -27       41
  SINCE JUN 1    164                       168     -4      140
  SINCE JUL 1      0                        27    -27       41

 COOLING
  TODAY            2                         6     -4       12
  MONTH TO DATE  142                       108     34       68
  SINCE JUN 1    163                       146     17      123
  SINCE JAN 1    163                       150     13      123
..................................................................


WIND (MPH)
  HIGHEST WIND SPEED    12   HIGHEST WIND DIRECTION    NW (320)
  HIGHEST GUST SPEED    15   HIGHEST GUST DIRECTION    NW (330)
  AVERAGE WIND SPEED     4.7


SKY COVER
  AVERAGE SKY COVER 0.0


WEATHER CONDITIONS
 THE FOLLOWING WEATHER WAS RECORDED TODAY.
  NO SIGNIFICANT WEATHER WAS OBSERVED.


RELATIVE HUMIDITY (PERCENT)
 HIGHEST    71           400 AM
 LOWEST     12           200 PM
 AVERAGE    42

..........................................................


THE BOZEMAN/GALLATIN FIELD MT CLIMATE NORMALS FOR TOMORROW
                         NORMAL    RECORD    YEAR
 MAXIMUM TEMPERATURE (F)   90       105      2007
 MINIMUM TEMPERATURE (F)   52        38      1954


SUNRISE AND SUNSET
JULY 22 2017..........SUNRISE   557 AM MDT   SUNSET   905 PM MDT
JULY 23 2017..........SUNRISE   558 AM MDT   SUNSET   904 PM MDT


-  INDICATES NEGATIVE NUMBERS.
R  INDICATES RECORD WAS SET OR TIED.
MM INDICATES DATA IS MISSING.
T  INDICATES TRACE AMOUNT.




$$
