000
CDUS45 KTFX 270817
CLIBZN


CLIMATE REPORT
NATIONAL WEATHER SERVICE GREAT FALLS MT
216 AM MDT FRI MAR 27 2015


...................................

...THE BOZEMAN/GALLATIN FIELD MT CLIMATE SUMMARY FOR MARCH 26 2015...

CLIMATE NORMAL PERIOD 1981 TO 2010
CLIMATE RECORD PERIOD 1935 TO 2015


WEATHER ITEM   OBSERVED TIME   RECORD YEAR NORMAL DEPARTURE LAST
                VALUE   (LST)  VALUE       VALUE  FROM      YEAR
                                                  NORMAL
..................................................................
TEMPERATURE (F)
 YESTERDAY
  MAXIMUM         61    309 PM  70    1997  53      8       48
  MINIMUM         35   1137 PM -24    1955  27      8       31
  AVERAGE         48                        40      8       40

PRECIPITATION (IN)
  YESTERDAY        0.00          0.33 1999   0.04  -0.04     0.14
                                      1999
                                      2006
  MONTH TO DATE    0.30                      0.74  -0.44     1.26
  SINCE OCT 1      2.60                      4.03  -1.43     3.26
  SINCE JAN 1      0.67                      1.65  -0.98     2.21

SNOWFALL (IN)
  YESTERDAY        0.0           3.3  1952   0.2   -0.2     MM
  MONTH TO DATE    2.0                       6.3   -4.3      4.1
  SINCE MAR 1      2.0                       6.3   -4.3      4.1
  SINCE JUL 1     32.4                      28.6    3.8     29.1
  SNOW DEPTH       0

DEGREE DAYS
 HEATING
  YESTERDAY       17                        25     -8       25
  MONTH TO DATE  677                       762    -85      831
  SINCE MAR 1    677                       762    -85      831
  SINCE JUL 1   6259                      6342    -83     6846

 COOLING
  YESTERDAY        0                         0      0        0
  MONTH TO DATE    0                         0      0        0
  SINCE MAR 1      0                         0      0        0
  SINCE JAN 1      0                         0      0        0
..................................................................


WIND (MPH)
  HIGHEST WIND SPEED    23   HIGHEST WIND DIRECTION     W (290)
  HIGHEST GUST SPEED    27   HIGHEST GUST DIRECTION     W (290)
  AVERAGE WIND SPEED     7.4


SKY COVER
  AVERAGE SKY COVER 0.9


WEATHER CONDITIONS
 THE FOLLOWING WEATHER WAS RECORDED YESTERDAY.
  NO SIGNIFICANT WEATHER WAS OBSERVED.


RELATIVE HUMIDITY (PERCENT)
 HIGHEST    85
 LOWEST     37
 AVERAGE    61

..........................................................


THE BOZEMAN/GALLATIN FIELD MT CLIMATE NORMALS FOR TODAY
                         NORMAL    RECORD    YEAR
 MAXIMUM TEMPERATURE (F)   54        71      1986
 MINIMUM TEMPERATURE (F)   27       -12      1955


SUNRISE AND SUNSET
MARCH 27 2015.........SUNRISE   715 AM MDT   SUNSET   746 PM MDT
MARCH 28 2015.........SUNRISE   713 AM MDT   SUNSET   748 PM MDT


-  INDICATES NEGATIVE NUMBERS.
R  INDICATES RECORD WAS SET OR TIED.
MM INDICATES DATA IS MISSING.
T  INDICATES TRACE AMOUNT.




$$
