000
CDUS45 KTFX 192229
CLIBZN


CLIMATE REPORT
NATIONAL WEATHER SERVICE GREAT FALLS MT
428 PM MDT SAT APR 19 2014


...................................

...THE BOZEMAN/GALLATIN FIELD MT CLIMATE SUMMARY FOR APRIL 19 2014...
VALID TODAY AS OF 0400 PM LOCAL TIME.

CLIMATE NORMAL PERIOD 1981 TO 2010
CLIMATE RECORD PERIOD 1935 TO 2014


WEATHER ITEM   OBSERVED TIME   RECORD YEAR NORMAL DEPARTURE LAST
                VALUE   (LST)  VALUE       VALUE  FROM      YEAR
                                                  NORMAL
..................................................................
TEMPERATURE (F)
 TODAY
  MAXIMUM         65    259 PM  86    1962  60      5       55
  MINIMUM         19    532 AM   2    1941  32    -13       22
  AVERAGE         42                        46     -4       39

PRECIPITATION (IN)
  TODAY            0.00          0.34 2004   0.06  -0.06     0.10
  MONTH TO DATE    0.14                      0.96  -0.82     0.59
  SINCE OCT 1      3.63                      5.19  -1.56     3.41
  SINCE JAN 1      2.58                      2.81  -0.23     1.10

SNOWFALL (IN)
  TODAY            0.0           2.0  1987   0.2   -0.2      0.0
  MONTH TO DATE    0.3                       5.4   -5.1      2.8
  SINCE MAR 1      4.8                      13.1   -8.3      4.2
  SINCE JUL 1     29.8                      35.4   -5.6     22.1
  SNOW DEPTH       0

DEGREE DAYS
 HEATING
  TODAY           23                        19      4       26
  MONTH TO DATE  450                       406     44      528
  SINCE MAR 1   1421                      1290    131     1478
  SINCE JUL 1   7436                      6870    566     7210

 COOLING
  TODAY            0                         0      0        0
  MONTH TO DATE    0                         0      0        0
  SINCE MAR 1      0                         0      0        0
  SINCE JAN 1      0                         0      0        0
..................................................................


WIND (MPH)
  HIGHEST WIND SPEED    15   HIGHEST WIND DIRECTION     W (260)
  HIGHEST GUST SPEED    19   HIGHEST GUST DIRECTION    SW (220)
  AVERAGE WIND SPEED     5.1


SKY COVER
  AVERAGE SKY COVER 0.0


WEATHER CONDITIONS
 THE FOLLOWING WEATHER WAS RECORDED TODAY.
  NO SIGNIFICANT WEATHER WAS OBSERVED.


RELATIVE HUMIDITY (PERCENT)
 HIGHEST    77           600 AM
 LOWEST     12           200 PM
 AVERAGE    45

..........................................................


THE BOZEMAN/GALLATIN FIELD MT CLIMATE NORMALS FOR TOMORROW
                         NORMAL    RECORD    YEAR
 MAXIMUM TEMPERATURE (F)   61        85      1980
 MINIMUM TEMPERATURE (F)   32        14      1966


SUNRISE AND SUNSET
APRIL 19 2014.........SUNRISE   632 AM MDT   SUNSET   817 PM MDT
APRIL 20 2014.........SUNRISE   630 AM MDT   SUNSET   818 PM MDT


-  INDICATES NEGATIVE NUMBERS.
R  INDICATES RECORD WAS SET OR TIED.
MM INDICATES DATA IS MISSING.
T  INDICATES TRACE AMOUNT.




$$
