000
CDUS45 KTFX 311017
CLIBZN


CLIMATE REPORT
NATIONAL WEATHER SERVICE GREAT FALLS MT
415 AM MDT FRI JUL 31 2015


...................................

...THE BOZEMAN/GALLATIN FIELD MT CLIMATE SUMMARY FOR JULY 30 2015...

CLIMATE NORMAL PERIOD 1981 TO 2010
CLIMATE RECORD PERIOD 1935 TO 2015


WEATHER ITEM   OBSERVED TIME   RECORD YEAR NORMAL DEPARTURE LAST
                VALUE   (LST)  VALUE       VALUE  FROM      YEAR
                                                  NORMAL
..................................................................
TEMPERATURE (F)
 YESTERDAY
  MAXIMUM         87    406 PM 101    2007  90     -3       90
  MINIMUM         45    513 AM  38    1971  52     -7       50
  AVERAGE         66                        71     -5       70

PRECIPITATION (IN)
  YESTERDAY        0.00          0.81 1975   0.03  -0.03     0.00
  MONTH TO DATE    1.78                      1.09   0.69     0.38
  SINCE OCT 1     10.27                     11.77  -1.50    10.43
  SINCE JAN 1      8.34                      9.39  -1.05     9.38

SNOWFALL (IN)
  YESTERDAY        0.0           0.0  1999   0.0    0.0      0.0
                                      1994
  MONTH TO DATE    0.0                       0.0    0.0      0.0
  SINCE JUN 1      0.0                       0.0    0.0      0.0
  SINCE JUL 1      0.0                       0.0    0.0      0.0
  SNOW DEPTH       0

DEGREE DAYS
 HEATING
  YESTERDAY        0                         0      0        0
  MONTH TO DATE   31                        27      4       13
  SINCE JUN 1    103                       168    -65      249
  SINCE JUL 1     31                        27      4       13

 COOLING
  YESTERDAY        1                         6     -5        5
  MONTH TO DATE   74                       156    -82      120
  SINCE JUN 1    144                       194    -50      120
  SINCE JAN 1    144                       198    -54      120
..................................................................


WIND (MPH)
  HIGHEST WIND SPEED    13   HIGHEST WIND DIRECTION     S (180)
  HIGHEST GUST SPEED    15   HIGHEST GUST DIRECTION     S (160)
  AVERAGE WIND SPEED     4.6


SKY COVER
  AVERAGE SKY COVER 0.0


WEATHER CONDITIONS
 THE FOLLOWING WEATHER WAS RECORDED YESTERDAY.
  NO SIGNIFICANT WEATHER WAS OBSERVED.


RELATIVE HUMIDITY (PERCENT)
 HIGHEST    86
 LOWEST     20
 AVERAGE    53

..........................................................


THE BOZEMAN/GALLATIN FIELD MT CLIMATE NORMALS FOR TODAY
                         NORMAL    RECORD    YEAR
 MAXIMUM TEMPERATURE (F)   90       102      1989
 MINIMUM TEMPERATURE (F)   52        32      1968


SUNRISE AND SUNSET
JULY 31 2015..........SUNRISE   606 AM MDT   SUNSET   855 PM MDT
AUGUST  1 2015........SUNRISE   607 AM MDT   SUNSET   854 PM MDT


-  INDICATES NEGATIVE NUMBERS.
R  INDICATES RECORD WAS SET OR TIED.
MM INDICATES DATA IS MISSING.
T  INDICATES TRACE AMOUNT.




$$
