000
CDUS45 KTFX 110804
CLIBZN


CLIMATE REPORT
NATIONAL WEATHER SERVICE GREAT FALLS MT
103 AM MST MON DEC 11 2017


...................................

...THE BOZEMAN/GALLATIN FIELD MT CLIMATE SUMMARY FOR DECEMBER 10 2017...

CLIMATE NORMAL PERIOD 1981 TO 2010
CLIMATE RECORD PERIOD 1935 TO 2017


WEATHER ITEM   OBSERVED TIME   RECORD YEAR NORMAL DEPARTURE LAST
                VALUE   (LST)  VALUE       VALUE  FROM      YEAR
                                                  NORMAL
..................................................................
TEMPERATURE (F)
 YESTERDAY
  MAXIMUM         31    251 PM  58    1939  33     -2       21
  MINIMUM          6    801 AM -29    1972  10     -4        5
  AVERAGE         19                        21     -2       13

PRECIPITATION (IN)
  YESTERDAY        0.00          0.37 1945   0.02  -0.02     0.06
  MONTH TO DATE    0.16                      0.20  -0.04     0.08
  SINCE OCT 1      2.23                      2.06   0.17     2.95
  SINCE JAN 1     12.33                     13.67  -1.34    12.84

SNOWFALL (IN)
  YESTERDAY        0.0           1.4  1949   0.2   -0.2      1.3
  MONTH TO DATE    2.0                       2.3   -0.3      4.0
  SINCE DEC 1      2.0                       2.3   -0.3      4.0
  SINCE JUL 1     18.2                       9.7    8.5      7.9
  SNOW DEPTH       1

DEGREE DAYS
 HEATING
  YESTERDAY       46                        44      2       52
  MONTH TO DATE  431                       424      7      467
  SINCE DEC 1    431                       424      7      467
  SINCE JUL 1   2562                      2305    257     2244

 COOLING
  YESTERDAY        0                         0      0        0
  MONTH TO DATE    0                         0      0        0
  SINCE DEC 1      0                         0      0        0
  SINCE JAN 1    327                       368    -41      232
..................................................................


WIND (MPH)
  HIGHEST WIND SPEED    10   HIGHEST WIND DIRECTION    SE (150)
  HIGHEST GUST SPEED    11   HIGHEST GUST DIRECTION    SE (140)
  AVERAGE WIND SPEED     4.2


SKY COVER
  AVERAGE SKY COVER 0.0


WEATHER CONDITIONS
 THE FOLLOWING WEATHER WAS RECORDED YESTERDAY.
  HAZE


RELATIVE HUMIDITY (PERCENT)
 HIGHEST    84
 LOWEST     58
 AVERAGE    71

..........................................................


THE BOZEMAN/GALLATIN FIELD MT CLIMATE NORMALS FOR TODAY
                         NORMAL    RECORD    YEAR
 MAXIMUM TEMPERATURE (F)   33        60      2004
 MINIMUM TEMPERATURE (F)    9       -25      1961


SUNRISE AND SUNSET
DECEMBER 11 2017......SUNRISE   756 AM MST   SUNSET   440 PM MST
DECEMBER 12 2017......SUNRISE   757 AM MST   SUNSET   440 PM MST


-  INDICATES NEGATIVE NUMBERS.
R  INDICATES RECORD WAS SET OR TIED.
MM INDICATES DATA IS MISSING.
T  INDICATES TRACE AMOUNT.




$$
