000
CDUS45 KTFX 231209
CLIBZN


CLIMATE REPORT
NATIONAL WEATHER SERVICE GREAT FALLS MT
509 AM MST THU FEB 23 2017


...................................

...THE BOZEMAN/GALLATIN FIELD MT CLIMATE SUMMARY FOR FEBRUARY 22 2017...

CLIMATE NORMAL PERIOD 1981 TO 2010
CLIMATE RECORD PERIOD 1935 TO 2017


WEATHER ITEM   OBSERVED TIME   RECORD YEAR NORMAL DEPARTURE LAST
                VALUE   (LST)  VALUE       VALUE  FROM      YEAR
                                                  NORMAL
..................................................................
TEMPERATURE (F)
 YESTERDAY
  MAXIMUM         39   1252 PM  57    1991  41     -2       45
  MINIMUM         25   1058 PM -16    1942  16      9       26
  AVERAGE         32                        29      3       36

PRECIPITATION (IN)
  YESTERDAY        T             0.40 1982   0.02  -0.02     0.00
  MONTH TO DATE    0.24                      0.32  -0.08     0.17
  SINCE OCT 1      3.87                      3.18   0.69     3.38
  SINCE JAN 1      0.54                      0.80  -0.26     0.53

SNOWFALL (IN)
  YESTERDAY        T             3.8  1943   0.2   -0.2      0.0
  MONTH TO DATE    7.0                       3.7    3.3       T
  SINCE DEC 1     33.7                      13.7   20.0     17.0
  SINCE JUL 1     37.6                      21.1   16.5     23.6
  SNOW DEPTH       0

DEGREE DAYS
 HEATING
  YESTERDAY       33                        36     -3       29
  MONTH TO DATE  877                       848     29      770
  SINCE DEC 1   4182                      3489    693     3521
  SINCE JUL 1   5959                      5370    589     5485

 COOLING
  YESTERDAY        0                         0      0        0
  MONTH TO DATE    0                         0      0        0
  SINCE DEC 1      0                         0      0        0
  SINCE JAN 1      0                         0      0        0
..................................................................


WIND (MPH)
  HIGHEST WIND SPEED    20   HIGHEST WIND DIRECTION     W (250)
  HIGHEST GUST SPEED    24   HIGHEST GUST DIRECTION     W (250)
  AVERAGE WIND SPEED     5.8


SKY COVER
  AVERAGE SKY COVER 0.7


WEATHER CONDITIONS
 THE FOLLOWING WEATHER WAS RECORDED YESTERDAY.
  LIGHT SNOW
  FOG


RELATIVE HUMIDITY (PERCENT)
 HIGHEST    88
 LOWEST     48
 AVERAGE    68

..........................................................


THE BOZEMAN/GALLATIN FIELD MT CLIMATE NORMALS FOR TODAY
                         NORMAL    RECORD    YEAR
 MAXIMUM TEMPERATURE (F)   42        61      2009
 MINIMUM TEMPERATURE (F)   17       -28      1942


SUNRISE AND SUNSET
FEBRUARY 23 2017......SUNRISE   713 AM MST   SUNSET   603 PM MST
FEBRUARY 24 2017......SUNRISE   711 AM MST   SUNSET   605 PM MST


-  INDICATES NEGATIVE NUMBERS.
R  INDICATES RECORD WAS SET OR TIED.
MM INDICATES DATA IS MISSING.
T  INDICATES TRACE AMOUNT.




$$
