376
CDUS42 KCAE 292116
CLICAE


CLIMATE REPORT
NATIONAL WEATHER SERVICE COLUMBIA SC
515 PM EDT FRI JUL 29 2016


...................................

...THE COLUMBIA METRO AIRPORT SC CLIMATE SUMMARY FOR JULY 29 2016...
VALID TODAY AS OF 0500 PM LOCAL TIME.

CLIMATE NORMAL PERIOD 1981 TO 2010
CLIMATE RECORD PERIOD 1887 TO 2016


WEATHER ITEM   OBSERVED TIME   RECORD YEAR NORMAL DEPARTURE LAST
                VALUE   (LST)  VALUE       VALUE  FROM      YEAR
                                                  NORMAL
..................................................................
TEMPERATURE (F)
 TODAY
  MAXIMUM        100    221 PM 107    1952  92      8       99
  MINIMUM         78    607 AM  60    1920  72      6       76
  AVERAGE         89                        82      7       88

PRECIPITATION (IN)
  TODAY            0.00          2.03 1991   0.20  -0.20     0.00
  MONTH TO DATE    1.76                      5.07  -3.31     1.50
  SINCE JUN 1      4.15                      9.76  -5.61    10.29
  SINCE JAN 1     18.07                     26.27  -8.20    26.17

SNOWFALL (IN)
  TODAY            0.0          MM      MM   0.0             0.0
  MONTH TO DATE    0.0                       0.0             0.0
  SINCE JUN 1      0.0                       0.0             0.0
  SINCE JUL 1      0.0                       0.0             0.0

DEGREE DAYS
 HEATING
  TODAY            0                         0      0        0
  MONTH TO DATE    0                         0      0        0
  SINCE JUN 1      0                         1     -1        0
  SINCE JUL 1      0                         0      0        0

 COOLING
  TODAY           24                        17      7       23
  MONTH TO DATE  648                       493    155      593
  SINCE JUN 1   1194                       917    277     1130
  SINCE JAN 1   1633                      1238    395     1551
..................................................................


WIND (MPH)
  HIGHEST WIND SPEED    18   HIGHEST WIND DIRECTION     W (280)
  HIGHEST GUST SPEED    24   HIGHEST GUST DIRECTION     W (280)
  AVERAGE WIND SPEED     8.6


SKY COVER
  AVERAGE SKY COVER 0.2


WEATHER CONDITIONS
 THE FOLLOWING WEATHER WAS RECORDED TODAY.
  NO SIGNIFICANT WEATHER WAS OBSERVED.


RELATIVE HUMIDITY (PERCENT)
 HIGHEST    74           400 AM
 LOWEST     35           200 PM
 AVERAGE    55

..........................................................


THE COLUMBIA METRO AIRPORT SC CLIMATE NORMALS FOR TOMORROW
                         NORMAL    RECORD    YEAR
 MAXIMUM TEMPERATURE (F)   92       103      1952
 MINIMUM TEMPERATURE (F)   72        62      1983
                                             1914


SUNRISE AND SUNSET
JULY 29 2016..........SUNRISE   634 AM EDT   SUNSET   827 PM EDT
JULY 30 2016..........SUNRISE   635 AM EDT   SUNSET   826 PM EDT


-  INDICATES NEGATIVE NUMBERS.
R  INDICATES RECORD WAS SET OR TIED.
MM INDICATES DATA IS MISSING.
T  INDICATES TRACE AMOUNT.




$$
