000
CDUS42 KCAE 280638
CLICAE


CLIMATE REPORT
NATIONAL WEATHER SERVICE COLUMBIA SC
238 AM EDT FRI AUG 28 2015


...................................

...THE COLUMBIA METRO AIRPORT SC CLIMATE SUMMARY FOR AUGUST 27 2015...

CLIMATE NORMAL PERIOD 1981 TO 2010
CLIMATE RECORD PERIOD 1887 TO 2015


WEATHER ITEM   OBSERVED TIME   RECORD YEAR NORMAL DEPARTURE LAST
                VALUE   (LST)  VALUE       VALUE  FROM      YEAR
                                                  NORMAL
..................................................................
TEMPERATURE (F)
 YESTERDAY
  MAXIMUM         90    411 PM 102    1954  90      0       94
  MINIMUM         74    709 AM  56    1904  70      4       64
  AVERAGE         82                        80      2       79

PRECIPITATION (IN)
  YESTERDAY        0.00          1.57 1892   0.15  -0.15     0.00
  MONTH TO DATE    2.63                      4.70  -2.07     4.79
  SINCE JUN 1     12.95                     14.85  -1.90     9.03
  SINCE JAN 1     28.83                     31.36  -2.53    27.99

SNOWFALL (IN)
  YESTERDAY        0.0          MM      MM   0.0             0.0
  MONTH TO DATE    0.0                       0.0             0.0
  SINCE JUN 1      0.0                       0.0             0.0
  SINCE JUL 1      0.0                       0.0             0.0

DEGREE DAYS
 HEATING
  YESTERDAY        0                         0      0        0
  MONTH TO DATE    0                         0      0        0
  SINCE JUN 1      0                         1     -1        0
  SINCE JUL 1      0                         0      0        0

 COOLING
  YESTERDAY       17                        15      2       14
  MONTH TO DATE  500                       436     64      460
  SINCE JUN 1   1676                      1392    284     1547
  SINCE JAN 1   2097                      1713    384     1961
..................................................................


WIND (MPH)
  HIGHEST WIND SPEED    16   HIGHEST WIND DIRECTION     E (110)
  HIGHEST GUST SPEED    19   HIGHEST GUST DIRECTION     E (110)
  AVERAGE WIND SPEED     8.5


SKY COVER
  AVERAGE SKY COVER 0.6


WEATHER CONDITIONS
 THE FOLLOWING WEATHER WAS RECORDED YESTERDAY.
  NO SIGNIFICANT WEATHER WAS OBSERVED.


RELATIVE HUMIDITY (PERCENT)
 HIGHEST    79           500 AM
 LOWEST     41           400 PM
 AVERAGE    60

..........................................................


THE COLUMBIA METRO AIRPORT SC CLIMATE NORMALS FOR TODAY
                         NORMAL    RECORD    YEAR
 MAXIMUM TEMPERATURE (F)   89       100      1948
 MINIMUM TEMPERATURE (F)   70        56      1969


SUNRISE AND SUNSET
AUGUST 28 2015........SUNRISE   655 AM EDT   SUNSET   756 PM EDT
AUGUST 29 2015........SUNRISE   656 AM EDT   SUNSET   754 PM EDT


-  INDICATES NEGATIVE NUMBERS.
R  INDICATES RECORD WAS SET OR TIED.
MM INDICATES DATA IS MISSING.
T  INDICATES TRACE AMOUNT.




$$
