000
CDUS42 KCAE 300558
CLICAE


CLIMATE REPORT
NATIONAL WEATHER SERVICE COLUMBIA SC
158 AM EDT SAT MAY 30 2015


...................................

...THE COLUMBIA METRO AIRPORT SC CLIMATE SUMMARY FOR MAY 29 2015...

CLIMATE NORMAL PERIOD 1981 TO 2010
CLIMATE RECORD PERIOD 1887 TO 2015


WEATHER ITEM   OBSERVED TIME   RECORD YEAR NORMAL DEPARTURE LAST
                VALUE   (LST)  VALUE       VALUE  FROM      YEAR
                                                  NORMAL
..................................................................
TEMPERATURE (F)
 YESTERDAY
  MAXIMUM         89    411 PM  98    1941  87      2       91
                                      1898
  MINIMUM         66    505 AM  49    1968  64      2       68
  AVERAGE         78                        75      3       80

PRECIPITATION (IN)
  YESTERDAY        0.00          1.88 1893   0.10  -0.10     1.36
  MONTH TO DATE    1.71                      2.74  -1.03     5.58
  SINCE MAR 1      8.52                      9.09  -0.57    12.50
  SINCE JAN 1     15.88                     16.28  -0.40    18.82

SNOWFALL (IN)
  YESTERDAY        0.0          MM      MM   0.0             0.0
  MONTH TO DATE    0.0                       0.0             0.0
  SINCE MAR 1      0.0                       0.1             0.0
  SINCE JUL 1      T                         1.5             4.2

DEGREE DAYS
 HEATING
  YESTERDAY        0                         0      0        0
  MONTH TO DATE    6                        18    -12       10
  SINCE MAR 1    274                       450   -176      476
  SINCE JUL 1   2463                      2549    -86     2560

 COOLING
  YESTERDAY       13                        10      3       15
  MONTH TO DATE  254                       203     51      282
  SINCE MAR 1    397                       294    103      383
  SINCE JAN 1    397                       298     99      390
..................................................................


WIND (MPH)
  HIGHEST WIND SPEED    15   HIGHEST WIND DIRECTION     E (110)
  HIGHEST GUST SPEED    20   HIGHEST GUST DIRECTION     E (110)
  AVERAGE WIND SPEED     6.2


SKY COVER
  AVERAGE SKY COVER 0.4


WEATHER CONDITIONS
 THE FOLLOWING WEATHER WAS RECORDED YESTERDAY.
  NO SIGNIFICANT WEATHER WAS OBSERVED.


RELATIVE HUMIDITY (PERCENT)
 HIGHEST    87           500 AM
 LOWEST     26           200 PM
 AVERAGE    57

..........................................................


THE COLUMBIA METRO AIRPORT SC CLIMATE NORMALS FOR TODAY
                         NORMAL    RECORD    YEAR
 MAXIMUM TEMPERATURE (F)   87       101      1898
 MINIMUM TEMPERATURE (F)   64        52      1990
                                             1971


SUNRISE AND SUNSET
MAY 30 2015...........SUNRISE   615 AM EDT   SUNSET   829 PM EDT
MAY 31 2015...........SUNRISE   615 AM EDT   SUNSET   830 PM EDT


-  INDICATES NEGATIVE NUMBERS.
R  INDICATES RECORD WAS SET OR TIED.
MM INDICATES DATA IS MISSING.
T  INDICATES TRACE AMOUNT.




$$
