000
CDUS42 KCAE 290534
CLICAE


CLIMATE REPORT
NATIONAL WEATHER SERVICE COLUMBIA SC
132 AM EDT FRI APR 29 2016


...................................

...THE COLUMBIA METRO AIRPORT SC CLIMATE SUMMARY FOR APRIL 28 2016...

CLIMATE NORMAL PERIOD 1981 TO 2010
CLIMATE RECORD PERIOD 1887 TO 2016


WEATHER ITEM   OBSERVED TIME   RECORD YEAR NORMAL DEPARTURE LAST
                VALUE   (LST)  VALUE       VALUE  FROM      YEAR
                                                  NORMAL
..................................................................
TEMPERATURE (F)
 YESTERDAY
  MAXIMUM         89    254 PM  94    1986  80      9       74
  MINIMUM         68    727 AM  36    1993  54     14       49
  AVERAGE         79                        67     12       62

PRECIPITATION (IN)
  YESTERDAY        T             1.73 2013   0.09  -0.09     0.00
  MONTH TO DATE    2.80                      2.44   0.36     3.47
  SINCE MAR 1      4.68                      6.17  -1.49     6.25
  SINCE JAN 1     11.31                     13.36  -2.05    13.61

SNOWFALL (IN)
  YESTERDAY        0.0          MM      MM   0.0             0.0
  MONTH TO DATE    0.0                       0.0             0.0
  SINCE MAR 1      0.0                       0.1             0.0
  SINCE JUL 1      T                         1.5              T

DEGREE DAYS
 HEATING
  YESTERDAY        0                         2     -2        3
  MONTH TO DATE   75                       118    -43       42
  SINCE MAR 1    222                       428   -206      257
  SINCE JUL 1   1785                      2527   -742     2446

 COOLING
  YESTERDAY       14                         4     10        0
  MONTH TO DATE   85                        65     20      118
  SINCE MAR 1    158                        83     75      143
  SINCE JAN 1    162                        87     75      143
..................................................................


WIND (MPH)
  HIGHEST WIND SPEED    17   HIGHEST WIND DIRECTION    SW (230)
  HIGHEST GUST SPEED    24   HIGHEST GUST DIRECTION     W (260)
  AVERAGE WIND SPEED     7.7


SKY COVER
  AVERAGE SKY COVER 0.5


WEATHER CONDITIONS
 THE FOLLOWING WEATHER WAS RECORDED YESTERDAY.
  LIGHT RAIN


RELATIVE HUMIDITY (PERCENT)
 HIGHEST    84          1100 PM
 LOWEST     43           500 PM
 AVERAGE    64

..........................................................


THE COLUMBIA METRO AIRPORT SC CLIMATE NORMALS FOR TODAY
                         NORMAL    RECORD    YEAR
 MAXIMUM TEMPERATURE (F)   80        94      1970
 MINIMUM TEMPERATURE (F)   54        35      1967


SUNRISE AND SUNSET
APRIL 29 2016.........SUNRISE   637 AM EDT   SUNSET   807 PM EDT
APRIL 30 2016.........SUNRISE   636 AM EDT   SUNSET   808 PM EDT


-  INDICATES NEGATIVE NUMBERS.
R  INDICATES RECORD WAS SET OR TIED.
MM INDICATES DATA IS MISSING.
T  INDICATES TRACE AMOUNT.




$$
