000
CDUS42 KCAE 190530
CLICAE


CLIMATE REPORT
NATIONAL WEATHER SERVICE COLUMBIA SC
1230 AM EST SUN NOV 19 2017


...................................

...THE COLUMBIA METRO AIRPORT SC CLIMATE SUMMARY FOR NOVEMBER 18 2017...

CLIMATE NORMAL PERIOD 1981 TO 2010
CLIMATE RECORD PERIOD 1887 TO 2017


WEATHER ITEM   OBSERVED TIME   RECORD YEAR NORMAL DEPARTURE LAST
                VALUE   (LST)  VALUE       VALUE  FROM      YEAR
                                                  NORMAL
..................................................................
TEMPERATURE (F)
 YESTERDAY
  MAXIMUM         74    359 PM  85    2013  67      7       79
  MINIMUM         36    538 AM  24    1997  42     -6       39
  AVERAGE         55                        54      1       59

PRECIPITATION (IN)
  YESTERDAY        0.00          1.74 1915   0.10  -0.10     0.00
  MONTH TO DATE    1.02                      1.59  -0.57     0.85
  SINCE SEP 1      7.14                      8.30  -1.16    12.11
  SINCE JAN 1     43.89                     40.22   3.67    35.04

SNOWFALL (IN)
  YESTERDAY        0.0          MM      MM   0.0             0.0
  MONTH TO DATE    0.0                       0.0             0.0
  SINCE SEP 1      0.0                       0.0             0.0
  SINCE JUL 1      0.0                       0.0             0.0

DEGREE DAYS
 HEATING
  YESTERDAY       10                        11     -1        6
  MONTH TO DATE  142                       162    -20      142
  SINCE SEP 1    220                       282    -62      177
  SINCE JUL 1    220                       282    -62      177

 COOLING
  YESTERDAY        0                         0      0        0
  MONTH TO DATE   25                        14     11        4
  SINCE SEP 1    576                       398    178      589
  SINCE JAN 1   2684                      2166    518     2876
..................................................................


WIND (MPH)
  HIGHEST WIND SPEED    23   HIGHEST WIND DIRECTION     S (200)
  HIGHEST GUST SPEED    34   HIGHEST GUST DIRECTION     S (190)
  AVERAGE WIND SPEED     6.8


SKY COVER
  AVERAGE SKY COVER 0.5


WEATHER CONDITIONS
 THE FOLLOWING WEATHER WAS RECORDED YESTERDAY.
  FOG


RELATIVE HUMIDITY (PERCENT)
 HIGHEST   100           500 AM
 LOWEST     46           200 PM
 AVERAGE    73

..........................................................


THE COLUMBIA METRO AIRPORT SC CLIMATE NORMALS FOR TODAY
                         NORMAL    RECORD    YEAR
 MAXIMUM TEMPERATURE (F)   66        84      1942
 MINIMUM TEMPERATURE (F)   41        20      2014


SUNRISE AND SUNSET
NOVEMBER 19 2017......SUNRISE   701 AM EST   SUNSET   519 PM EST
NOVEMBER 20 2017......SUNRISE   702 AM EST   SUNSET   518 PM EST


-  INDICATES NEGATIVE NUMBERS.
R  INDICATES RECORD WAS SET OR TIED.
MM INDICATES DATA IS MISSING.
T  INDICATES TRACE AMOUNT.




$$
