623
CDUS42 KCAE 270550
CLICAE


CLIMATE REPORT
NATIONAL WEATHER SERVICE COLUMBIA SC
150 AM EDT TUE SEP 27 2016


...................................

...THE COLUMBIA METRO AIRPORT SC CLIMATE SUMMARY FOR SEPTEMBER 26 2016...

CLIMATE NORMAL PERIOD 1981 TO 2010
CLIMATE RECORD PERIOD 1887 TO 2016


WEATHER ITEM   OBSERVED TIME   RECORD YEAR NORMAL DEPARTURE LAST
                VALUE   (LST)  VALUE       VALUE  FROM      YEAR
                                                  NORMAL
..................................................................
TEMPERATURE (F)
 YESTERDAY
  MAXIMUM         87    301 PM  97    1984  82      5       74
  MINIMUM         73   1159 PM  45    1950  60     13       69
  AVERAGE         80                        71      9       72

PRECIPITATION (IN)
  YESTERDAY        0.00          4.23 1953   0.11  -0.11     0.09
  MONTH TO DATE    6.68                      3.08   3.60     5.91
  SINCE SEP 1      6.68                      3.08   3.60     5.91
  SINCE JAN 1     29.61                     35.00  -5.39    36.96

SNOWFALL (IN)
  YESTERDAY        0.0          MM      MM   0.0             0.0
  MONTH TO DATE    0.0                       0.0             0.0
  SINCE SEP 1      0.0                       0.0             0.0
  SINCE JUL 1      0.0                       0.0             0.0

DEGREE DAYS
 HEATING
  YESTERDAY        0                         1     -1        0
  MONTH TO DATE    0                         3     -3        0
  SINCE SEP 1      0                         3     -3        0
  SINCE JUL 1      0                         3     -3        0

 COOLING
  YESTERDAY       15                         7      8        7
  MONTH TO DATE  388                       274    114      311
  SINCE SEP 1    388                       274    114      311
  SINCE JAN 1   2675                      2042    633     2459
..................................................................


WIND (MPH)
  HIGHEST WIND SPEED    13   HIGHEST WIND DIRECTION    SE (120)
  HIGHEST GUST SPEED    16   HIGHEST GUST DIRECTION    SE (130)
  AVERAGE WIND SPEED     5.1


SKY COVER
  AVERAGE SKY COVER 0.6


WEATHER CONDITIONS
 THE FOLLOWING WEATHER WAS RECORDED YESTERDAY.
  FOG
  HAZE


RELATIVE HUMIDITY (PERCENT)
 HIGHEST    93           300 AM
 LOWEST     57           300 PM
 AVERAGE    75

..........................................................


THE COLUMBIA METRO AIRPORT SC CLIMATE NORMALS FOR TODAY
                         NORMAL    RECORD    YEAR
 MAXIMUM TEMPERATURE (F)   82        96      1900
 MINIMUM TEMPERATURE (F)   60        46      2001
                                             1983


SUNRISE AND SUNSET
SEPTEMBER 27 2016.....SUNRISE   716 AM EDT   SUNSET   714 PM EDT
SEPTEMBER 28 2016.....SUNRISE   717 AM EDT   SUNSET   712 PM EDT


-  INDICATES NEGATIVE NUMBERS.
R  INDICATES RECORD WAS SET OR TIED.
MM INDICATES DATA IS MISSING.
T  INDICATES TRACE AMOUNT.




$$
