000
CDUS42 KCAE 270618
CLICAE


CLIMATE REPORT
NATIONAL WEATHER SERVICE COLUMBIA SC
217 AM EDT THU JUL 27 2017


...................................

...THE COLUMBIA METRO AIRPORT SC CLIMATE SUMMARY FOR JULY 26 2017...

CLIMATE NORMAL PERIOD 1981 TO 2010
CLIMATE RECORD PERIOD 1887 TO 2017


WEATHER ITEM   OBSERVED TIME   RECORD YEAR NORMAL DEPARTURE LAST
                VALUE   (LST)  VALUE       VALUE  FROM      YEAR
                                                  NORMAL
..................................................................
TEMPERATURE (F)
 YESTERDAY
  MAXIMUM         88    133 PM 102    2016  93     -5      102
                                      1940
                                      1914
  MINIMUM         74    617 AM  60    1911  72      2       77
  AVERAGE         81                        82     -1       90

PRECIPITATION (IN)
  YESTERDAY        0.00          1.79 1899   0.19  -0.19     0.00
  MONTH TO DATE    5.42                      4.48   0.94     1.76
  SINCE JUN 1     10.55                      9.17   1.38     4.15
  SINCE JAN 1     34.83                     25.68   9.15    18.07

SNOWFALL (IN)
  YESTERDAY        0.0          MM      MM   0.0             0.0
  MONTH TO DATE    0.0                       0.0             0.0
  SINCE JUN 1      0.0                       0.0             0.0
  SINCE JUL 1      0.0                       0.0             0.0

DEGREE DAYS
 HEATING
  YESTERDAY        0                         0      0        0
  MONTH TO DATE    0                         0      0        0
  SINCE JUN 1      0                         1     -1        0
  SINCE JUL 1      0                         0      0        0

 COOLING
  YESTERDAY       16                        17     -1       25
  MONTH TO DATE  499                       442     57      575
  SINCE JUN 1    949                       866     83     1121
  SINCE JAN 1   1478                      1187    291     1560
..................................................................


WIND (MPH)
  HIGHEST WIND SPEED    17   HIGHEST WIND DIRECTION     S (190)
  HIGHEST GUST SPEED    20   HIGHEST GUST DIRECTION     S (190)
  AVERAGE WIND SPEED     5.0


SKY COVER
  AVERAGE SKY COVER 0.6


WEATHER CONDITIONS
 THE FOLLOWING WEATHER WAS RECORDED YESTERDAY.
  NO SIGNIFICANT WEATHER WAS OBSERVED.


RELATIVE HUMIDITY (PERCENT)
 HIGHEST    93           400 AM
 LOWEST     65           700 PM
 AVERAGE    79

..........................................................


THE COLUMBIA METRO AIRPORT SC CLIMATE NORMALS FOR TODAY
                         NORMAL    RECORD    YEAR
 MAXIMUM TEMPERATURE (F)   93       103      1949
 MINIMUM TEMPERATURE (F)   72        60      1911


SUNRISE AND SUNSET
JULY 27 2017..........SUNRISE   633 AM EDT   SUNSET   829 PM EDT
JULY 28 2017..........SUNRISE   633 AM EDT   SUNSET   828 PM EDT


-  INDICATES NEGATIVE NUMBERS.
R  INDICATES RECORD WAS SET OR TIED.
MM INDICATES DATA IS MISSING.
T  INDICATES TRACE AMOUNT.




$$
