000
CDUS42 KCAE 280522
CLICAE


CLIMATE REPORT
NATIONAL WEATHER SERVICE COLUMBIA SC
122 AM EDT THU AUG 28 2014


...................................

...THE COLUMBIA METRO AIRPORT SC CLIMATE SUMMARY FOR AUGUST 27 2014...

CLIMATE NORMAL PERIOD 1981 TO 2010
CLIMATE RECORD PERIOD 1887 TO 2014


WEATHER ITEM   OBSERVED TIME   RECORD YEAR NORMAL DEPARTURE LAST
                VALUE   (LST)  VALUE       VALUE  FROM      YEAR
                                                  NORMAL
..................................................................
TEMPERATURE (F)
 YESTERDAY
  MAXIMUM         94    401 PM 102    1954  90      4       90
  MINIMUM         64    455 AM  56    1904  70     -6       61
  AVERAGE         79                        80     -1       76

PRECIPITATION (IN)
  YESTERDAY        0.00          1.57 1892   0.15  -0.15     0.00
  MONTH TO DATE    4.79                      4.70   0.09     7.51
  SINCE JUN 1      9.03                     14.85  -5.82    24.89
  SINCE JAN 1     27.99                     31.36  -3.37    43.51

SNOWFALL (IN)
  YESTERDAY        0.0          MM      MM   0.0             0.0
  MONTH TO DATE    0.0                       0.0             0.0
  SINCE JUN 1      0.0                       0.0             0.0
  SINCE JUL 1      0.0                       0.0             0.0

DEGREE DAYS
 HEATING
  YESTERDAY        0                         0      0        0
  MONTH TO DATE    0                         0      0        0
  SINCE JUN 1      0                         1     -1        0
  SINCE JUL 1      0                         0      0        0

 COOLING
  YESTERDAY       14                        15     -1       11
  MONTH TO DATE  460                       436     24      384
  SINCE JUN 1   1547                      1392    155     1306
  SINCE JAN 1   1961                      1713    248     1626
..................................................................


WIND (MPH)
  HIGHEST WIND SPEED    14   HIGHEST WIND DIRECTION     N (10)
  HIGHEST GUST SPEED    19   HIGHEST GUST DIRECTION     N (20)
  AVERAGE WIND SPEED     3.9


SKY COVER
  AVERAGE SKY COVER 0.1


WEATHER CONDITIONS
 THE FOLLOWING WEATHER WAS RECORDED YESTERDAY.
  NO SIGNIFICANT WEATHER WAS OBSERVED.


RELATIVE HUMIDITY (PERCENT)
 HIGHEST    84           500 AM
 LOWEST     22           400 PM
 AVERAGE    53

..........................................................


THE COLUMBIA METRO AIRPORT SC CLIMATE NORMALS FOR TODAY
                         NORMAL    RECORD    YEAR
 MAXIMUM TEMPERATURE (F)   89       100      1948
 MINIMUM TEMPERATURE (F)   70        56      1969


SUNRISE AND SUNSET
AUGUST 28 2014........SUNRISE   655 AM EDT   SUNSET   755 PM EDT
AUGUST 29 2014........SUNRISE   656 AM EDT   SUNSET   754 PM EDT


-  INDICATES NEGATIVE NUMBERS.
R  INDICATES RECORD WAS SET OR TIED.
MM INDICATES DATA IS MISSING.
T  INDICATES TRACE AMOUNT.




$$
