000
CDUS45 KGJT 220733
CLICAG


CLIMATE REPORT
NATIONAL WEATHER SERVICE GRAND JUNCTION CO
131 AM MDT FRI AUG 22 2014


...................................

...THE CRAIG CO CLIMATE SUMMARY FOR AUGUST 21 2014...

CLIMATE NORMAL PERIOD 1981 TO 2010
CLIMATE RECORD PERIOD 9999 TO 9999


WEATHER ITEM   OBSERVED TIME   RECORD YEAR NORMAL DEPARTURE LAST
                VALUE   (LST)  VALUE       VALUE  FROM      YEAR
                                                  NORMAL
..................................................................
TEMPERATURE (F)
 YESTERDAY
  MAXIMUM         76    512 PM  MM      MM  83     -7       90
  MINIMUM         52   1119 PM  MM      MM  45      7       57
  AVERAGE         64                        64      0       74

PRECIPITATION (IN)
  YESTERDAY        0.06         MM      MM   0.04   0.02      T
  MONTH TO DATE    1.55                      0.87   0.68     0.26
  SINCE JUN 1      3.42                      3.35   0.07     0.73
  SINCE JAN 1      7.74                      9.54  -1.80     5.98

SNOWFALL (IN)
  YESTERDAY       MM            MM      MM  MM     MM       MM
  MONTH TO DATE   MM                        MM     MM       MM
  SINCE JUN 1     MM                        MM     MM       MM
  SINCE JUL 1     MM                        MM     MM       MM
  SNOW DEPTH      MM

DEGREE DAYS
 HEATING
  YESTERDAY        1                         2     -1        0
  MONTH TO DATE   17                        23     -6        5
  SINCE JUN 1    247                       223     24       93
  SINCE JUL 1     61                        48     13        5

 COOLING
  YESTERDAY        0                         1     -1        9
  MONTH TO DATE   28                        47    -19       58
  SINCE JUN 1     69                       136    -67      290
  SINCE JAN 1     69                       136    -67      290
..................................................................


WIND (MPH)
  HIGHEST WIND SPEED    18   HIGHEST WIND DIRECTION    SW (230)
  HIGHEST GUST SPEED    25   HIGHEST GUST DIRECTION     N (10)
  AVERAGE WIND SPEED     6.6


SKY COVER
  POSSIBLE SUNSHINE  MM
  AVERAGE SKY COVER 0.3


WEATHER CONDITIONS
 THE FOLLOWING WEATHER WAS RECORDED YESTERDAY.
  THUNDERSTORM
  RAIN
  LIGHT RAIN
  FOG


RELATIVE HUMIDITY (PERCENT)
 HIGHEST    89           600 AM
 LOWEST     33           200 PM
 AVERAGE    61

..........................................................


THE CRAIG CO CLIMATE NORMALS FOR TODAY
                         NORMAL    RECORD    YEAR
 MAXIMUM TEMPERATURE (F)   83        MM        MM
 MINIMUM TEMPERATURE (F)   45        MM        MM


SUNRISE AND SUNSET
AUGUST 22 2014........SUNRISE   628 AM MDT   SUNSET   757 PM MDT
AUGUST 23 2014........SUNRISE   629 AM MDT   SUNSET   756 PM MDT


-  INDICATES NEGATIVE NUMBERS.
R  INDICATES RECORD WAS SET OR TIED.
MM INDICATES DATA IS MISSING.
T  INDICATES TRACE AMOUNT.




$$
