000
CDUS41 KCLE 280545
CLICAK


CLIMATE REPORT
NATIONAL WEATHER SERVICE CLEVELAND OH
145 AM EDT THU MAY 28 2015


...................................

...THE AKRON CANTON OH CLIMATE SUMMARY FOR MAY 27 2015...

CLIMATE NORMAL PERIOD 1981 TO 2010
CLIMATE RECORD PERIOD 1887 TO 2015


WEATHER ITEM   OBSERVED TIME   RECORD YEAR NORMAL DEPARTURE LAST
                VALUE   (LST)  VALUE       VALUE  FROM      YEAR
                                                  NORMAL
..................................................................
TEMPERATURE (F)
 YESTERDAY
  MAXIMUM         82        MM  92    1978  72     10       84
  MINIMUM         64        MM  30    1961  52     12       65
  AVERAGE         73                        62     11       75

PRECIPITATION (IN)
  YESTERDAY        1.43                      0.14   1.29     0.78
  MONTH TO DATE    3.05                      3.71  -0.66     4.09
  SINCE MAR 1      9.65                     10.24  -0.59    12.91
  SINCE JAN 1     15.13                     15.16  -0.03    16.42

SNOWFALL (IN)
  YESTERDAY        0.0                       0.0    0.0      0.0
  MONTH TO DATE    0.0                       0.1   -0.1       T
  SINCE MAR 1      6.9                      11.0   -4.1     10.6
  SINCE JUL 1     59.8                      47.5   12.3     69.9
  SNOW DEPTH       0

DEGREE DAYS
 HEATING
  YESTERDAY        0                         5     -5        0
  MONTH TO DATE  101                       209   -108      156
  SINCE MAR 1   1431                      1541   -110     1584
  SINCE JUL 1   6274                      6085    189     6407

 COOLING
  YESTERDAY        8                         2      6       10
  MONTH TO DATE  116                        27     89       59
  SINCE MAR 1    118                        33     85       62
  SINCE JAN 1    118                        33     85       62
..................................................................


WIND (MPH)
  HIGHEST WIND SPEED    18   HIGHEST WIND DIRECTION    SW (210)
  HIGHEST GUST SPEED    31   HIGHEST GUST DIRECTION     S (200)
  AVERAGE WIND SPEED    13.7


SKY COVER
  POSSIBLE SUNSHINE  MM
  AVERAGE SKY COVER 0.7


WEATHER CONDITIONS
 THE FOLLOWING WEATHER WAS RECORDED YESTERDAY.
  THUNDERSTORM
  HEAVY RAIN
  RAIN
  LIGHT RAIN
  FOG


RELATIVE HUMIDITY (PERCENT)
 HIGHEST    93           100 AM
 LOWEST     47           300 PM
 AVERAGE    70

..........................................................


THE AKRON CANTON OH CLIMATE NORMALS FOR TODAY
                         NORMAL    RECORD    YEAR
 MAXIMUM TEMPERATURE (F)   73        93      1911
 MINIMUM TEMPERATURE (F)   52        34      1907


SUNRISE AND SUNSET
MAY 28 2015...........SUNRISE   558 AM EDT   SUNSET   848 PM EDT
MAY 29 2015...........SUNRISE   558 AM EDT   SUNSET   849 PM EDT


-  INDICATES NEGATIVE NUMBERS.
R  INDICATES RECORD WAS SET OR TIED.
MM INDICATES DATA IS MISSING.
T  INDICATES TRACE AMOUNT.




$$
