966
CDUS41 KCLE 080528
CLICAK


CLIMATE REPORT
NATIONAL WEATHER SERVICE CLEVELAND OH
1227 AM EST THU DEC 8 2016


...................................

...THE AKRON CANTON OH CLIMATE SUMMARY FOR DECEMBER 7 2016...

CLIMATE NORMAL PERIOD 1981 TO 2010
CLIMATE RECORD PERIOD 1887 TO 2016


WEATHER ITEM   OBSERVED TIME   RECORD YEAR NORMAL DEPARTURE LAST
                VALUE   (LST)  VALUE       VALUE  FROM      YEAR
                                                  NORMAL
..................................................................
TEMPERATURE (F)
 YESTERDAY
  MAXIMUM         38    313 PM  66    1998  40     -2       53
  MINIMUM         30    837 AM   3    1958  27      3       29
  AVERAGE         34                        33      1       41

PRECIPITATION (IN)
  YESTERDAY        0.00                      0.10  -0.10     0.00
  MONTH TO DATE    0.59                      0.69  -0.10     0.15
  SINCE DEC 1      0.59                      0.69  -0.10     0.15
  SINCE JAN 1     36.24                     37.47  -1.23    37.68

SNOWFALL (IN)
  YESTERDAY        0.0                       0.3   -0.3      0.0
  MONTH TO DATE    0.1                       1.8   -1.7      0.2
  SINCE DEC 1      0.1                       1.8   -1.7      0.2
  SINCE JUL 1      2.2                       5.2   -3.0      0.2
  SNOW DEPTH       0

DEGREE DAYS
 HEATING
  YESTERDAY       31                        32     -1       24
  MONTH TO DATE  202                       216    -14      181
  SINCE DEC 1    202                       216    -14      181
  SINCE JUL 1   1080                      1475   -395     1061

 COOLING
  YESTERDAY        0                         0      0        0
  MONTH TO DATE    0                         0      0        0
  SINCE DEC 1      0                         0      0        0
  SINCE JAN 1   1133                       652    481      958
..................................................................


WIND (MPH)
  HIGHEST WIND SPEED    18   HIGHEST WIND DIRECTION    SW (220)
  HIGHEST GUST SPEED    24   HIGHEST GUST DIRECTION     W (280)
  AVERAGE WIND SPEED    10.2


SKY COVER
  POSSIBLE SUNSHINE  MM
  AVERAGE SKY COVER 0.8


WEATHER CONDITIONS
 THE FOLLOWING WEATHER WAS RECORDED YESTERDAY.
  FOG
  HAZE


RELATIVE HUMIDITY (PERCENT)
 HIGHEST    85          1200 AM
 LOWEST     48           400 PM
 AVERAGE    67

..........................................................


THE AKRON CANTON OH CLIMATE NORMALS FOR TODAY
                         NORMAL    RECORD    YEAR
 MAXIMUM TEMPERATURE (F)   39        67      1966
 MINIMUM TEMPERATURE (F)   26         6      1977
                                             1942


SUNRISE AND SUNSET
DECEMBER  8 2016......SUNRISE   738 AM EST   SUNSET   458 PM EST
DECEMBER  9 2016......SUNRISE   739 AM EST   SUNSET   458 PM EST


-  INDICATES NEGATIVE NUMBERS.
R  INDICATES RECORD WAS SET OR TIED.
MM INDICATES DATA IS MISSING.
T  INDICATES TRACE AMOUNT.




$$
