000
CDUS41 KCLE 280528
CLICAK


CLIMATE REPORT
NATIONAL WEATHER SERVICE CLEVELAND OH
1227 AM EST SUN DEC 28 2014


...................................

...THE AKRON CANTON OH CLIMATE SUMMARY FOR DECEMBER 27 2014...

CLIMATE NORMAL PERIOD 1981 TO 2010
CLIMATE RECORD PERIOD 1887 TO 2014


WEATHER ITEM   OBSERVED TIME   RECORD YEAR NORMAL DEPARTURE LAST
                VALUE   (LST)  VALUE       VALUE  FROM      YEAR
                                                  NORMAL
..................................................................
TEMPERATURE (F)
 YESTERDAY
  MAXIMUM         56    256 PM  64    2008  34     22       44
  MINIMUM         35    622 AM  -9    1950  21     14       27
  AVERAGE         46                        28     18       36

PRECIPITATION (IN)
  YESTERDAY        0.08                      0.08   0.00     0.00
  MONTH TO DATE    1.94                      2.49  -0.55     3.25
  SINCE DEC 1      1.94                      2.49  -0.55     3.25
  SINCE JAN 1     45.32                     39.27   6.05    41.95

SNOWFALL (IN)
  YESTERDAY        0.0                       0.4   -0.4      0.0
  MONTH TO DATE    0.5                       8.7   -8.2     11.0
  SINCE DEC 1      0.5                       8.7   -8.2     11.0
  SINCE JUL 1      8.5                      12.1   -3.6     21.7
  SNOW DEPTH       0

DEGREE DAYS
 HEATING
  YESTERDAY       19                        38    -19       29
  MONTH TO DATE  775                       921   -146      892
  SINCE DEC 1    775                       921   -146      892
  SINCE JUL 1   2058                      2180   -122     2142

 COOLING
  YESTERDAY        0                         0      0        0
  MONTH TO DATE    0                         0      0        0
  SINCE DEC 1      0                         0      0        0
  SINCE JAN 1    719                       652     67      829
..................................................................


WIND (MPH)
  HIGHEST WIND SPEED    22   HIGHEST WIND DIRECTION    SW (210)
  HIGHEST GUST SPEED    29   HIGHEST GUST DIRECTION    SW (220)
  AVERAGE WIND SPEED     9.6


SKY COVER
  POSSIBLE SUNSHINE  MM
  AVERAGE SKY COVER 0.8


WEATHER CONDITIONS
 THE FOLLOWING WEATHER WAS RECORDED YESTERDAY.
  RAIN
  LIGHT RAIN
  FOG


RELATIVE HUMIDITY (PERCENT)
 HIGHEST    76          1200 AM
 LOWEST     38           100 PM
 AVERAGE    57

..........................................................


THE AKRON CANTON OH CLIMATE NORMALS FOR TODAY
                         NORMAL    RECORD    YEAR
 MAXIMUM TEMPERATURE (F)   34        66      1982
 MINIMUM TEMPERATURE (F)   21        -5      1924


SUNRISE AND SUNSET
DECEMBER 28 2014......SUNRISE   750 AM EST   SUNSET   505 PM EST
DECEMBER 29 2014......SUNRISE   750 AM EST   SUNSET   506 PM EST


-  INDICATES NEGATIVE NUMBERS.
R  INDICATES RECORD WAS SET OR TIED.
MM INDICATES DATA IS MISSING.
T  INDICATES TRACE AMOUNT.




$$
