000
CDUS45 KABQ 030842
CLICAO


CLIMATE REPORT
NATIONAL WEATHER SERVICE ALBUQUERQUE NM
139 AM MST TUE MAR 3 2015


...................................

...THE CLAYTON  NM CLIMATE SUMMARY FOR MARCH 2 2015...

CLIMATE NORMAL PERIOD 1981 TO 2010
CLIMATE RECORD PERIOD 1896 TO 2015


WEATHER ITEM   OBSERVED TIME   RECORD YEAR NORMAL DEPARTURE
                VALUE   (LST)  VALUE       VALUE  FROM
                                                  NORMAL
...............................................................
TEMPERATURE (F)
 YESTERDAY
  MAXIMUM         37   1159 PM  80    2009  55    -18
  MINIMUM         23    417 AM  -2    1960  27     -4
  AVERAGE         30                        41    -11

PRECIPITATION (IN)
  YESTERDAY        0.00          0.66 2000   0.03  -0.03
  MONTH TO DATE    0.00                      0.05  -0.05
  SINCE MAR 1      0.00                      0.05  -0.05
  SINCE JAN 1      3.02                      0.67   2.35

SNOWFALL (IN)
  YESTERDAY        0.0
  MONTH TO DATE    0.0
  SINCE MAR 1      0.0
  SINCE JUL 1     25.2

DEGREE DAYS
 HEATING
  YESTERDAY       35                        24     11
  MONTH TO DATE   74                        49     25
  SINCE MAR 1     74                        49     25
  SINCE JUL 1   3517                      3726   -209

 COOLING
  YESTERDAY        0                         0      0
  MONTH TO DATE    0                         0      0
  SINCE MAR 1      0                         0      0
  SINCE JAN 1      0                         0      0
...............................................................


WIND (MPH)
  HIGHEST WIND SPEED    35   HIGHEST WIND DIRECTION    SW (210)
  HIGHEST GUST SPEED    41   HIGHEST GUST DIRECTION    SW (210)
  AVERAGE WIND SPEED    20.1


SKY COVER
  AVERAGE SKY COVER 0.9


WEATHER CONDITIONS
 THE FOLLOWING WEATHER WAS RECORDED YESTERDAY.
  FOG


RELATIVE HUMIDITY (PERCENT)
 HIGHEST    96          1200 AM
 LOWEST     82           200 PM
 AVERAGE    89

..........................................................


THE CLAYTON  NM CLIMATE NORMALS FOR TODAY
                         NORMAL    RECORD    YEAR
 MAXIMUM TEMPERATURE (F)   55        77      1972
 MINIMUM TEMPERATURE (F)   27        -3      1960


SUNRISE AND SUNSET
MARCH  3 2015.........SUNRISE   621 AM MST   SUNSET   549 PM MST
MARCH  4 2015.........SUNRISE   619 AM MST   SUNSET   550 PM MST


-  INDICATES NEGATIVE NUMBERS.
R  INDICATES RECORD WAS SET OR TIED.
MM INDICATES DATA IS MISSING.
T  INDICATES TRACE AMOUNT.




$$
