000
CDUS45 KABQ 020840
CLICAO


CLIMATE REPORT
NATIONAL WEATHER SERVICE ALBUQUERQUE NM
140 AM MST FRI DEC 2 2016


...................................

...THE CLAYTON  NM CLIMATE SUMMARY FOR DECEMBER 1 2016...

CLIMATE NORMAL PERIOD 1981 TO 2010
CLIMATE RECORD PERIOD 1896 TO 2016


WEATHER ITEM   OBSERVED TIME   RECORD YEAR NORMAL DEPARTURE
                VALUE   (LST)  VALUE       VALUE  FROM
                                                  NORMAL
...............................................................
TEMPERATURE (F)
 YESTERDAY
  MAXIMUM         45    213 PM  75    1926  50     -5
  MINIMUM         18    422 AM   6    1985  24     -6
  AVERAGE         32                        37     -5

PRECIPITATION (IN)
  YESTERDAY        0.00          0.32 1989   0.01  -0.01
  MONTH TO DATE    0.00                      0.01  -0.01
  SINCE DEC 1      0.00                      0.01  -0.01
  SINCE JAN 1     19.92                     15.44   4.48

SNOWFALL (IN)
  YESTERDAY        0.0
  MONTH TO DATE    0.0
  SINCE DEC 1      0.0
  SINCE JUL 1      T

DEGREE DAYS
 HEATING
  YESTERDAY       33                        28      5
  MONTH TO DATE   33                        28      5
  SINCE DEC 1     33                        28      5
  SINCE JUL 1    701                      1080   -379

 COOLING
  YESTERDAY        0                         0      0
  MONTH TO DATE    0                         0      0
  SINCE DEC 1      0                         0      0
  SINCE JAN 1   1115                       909    206
...............................................................


WIND (MPH)
  HIGHEST WIND SPEED    13   HIGHEST WIND DIRECTION     N (10)
  HIGHEST GUST SPEED    15   HIGHEST GUST DIRECTION     N (20)
  AVERAGE WIND SPEED     4.9


SKY COVER
  AVERAGE SKY COVER 0.0


WEATHER CONDITIONS
 THE FOLLOWING WEATHER WAS RECORDED YESTERDAY.
  NO SIGNIFICANT WEATHER WAS OBSERVED.


RELATIVE HUMIDITY (PERCENT)
 HIGHEST    77           300 AM
 LOWEST     33           100 PM
 AVERAGE    55

..........................................................


THE CLAYTON  NM CLIMATE NORMALS FOR TODAY
                         NORMAL    RECORD    YEAR
 MAXIMUM TEMPERATURE (F)   50        76      1926
 MINIMUM TEMPERATURE (F)   24         2      1985


SUNRISE AND SUNSET
DECEMBER  2 2016......SUNRISE   647 AM MST   SUNSET   437 PM MST
DECEMBER  3 2016......SUNRISE   648 AM MST   SUNSET   437 PM MST


-  INDICATES NEGATIVE NUMBERS.
R  INDICATES RECORD WAS SET OR TIED.
MM INDICATES DATA IS MISSING.
T  INDICATES TRACE AMOUNT.




$$
