000
CDUS45 KABQ 230837
CLICAO


CLIMATE REPORT
NATIONAL WEATHER SERVICE ALBUQUERQUE NM
236 AM MDT TUE SEP 23 2014


...................................

...THE CLAYTON  NM CLIMATE SUMMARY FOR SEPTEMBER 22 2014...

CLIMATE NORMAL PERIOD 1981 TO 2010
CLIMATE RECORD PERIOD 1896 TO 2014


WEATHER ITEM   OBSERVED TIME   RECORD YEAR NORMAL DEPARTURE
                VALUE   (LST)  VALUE       VALUE  FROM
                                                  NORMAL
...............................................................
TEMPERATURE (F)
 YESTERDAY
  MAXIMUM         72    312 PM  94    1898  77     -5
  MINIMUM         60    856 AM  34    1970  50     10
  AVERAGE         66                        63      3

PRECIPITATION (IN)
  YESTERDAY        0.06          3.74 1941   0.05   0.01
  MONTH TO DATE    2.74                      1.29   1.45
  SINCE SEP 1      2.74                      1.29   1.45
  SINCE JAN 1     11.27                     13.49  -2.22

SNOWFALL (IN)
  YESTERDAY        0.0
  MONTH TO DATE    0.0
  SINCE SEP 1      0.0
  SINCE JUL 1      0.0

DEGREE DAYS
 HEATING
  YESTERDAY        0                         4     -4
  MONTH TO DATE   43                        39      4
  SINCE SEP 1     43                        39      4
  SINCE JUL 1     43                        45     -2

 COOLING
  YESTERDAY        1                         2     -1
  MONTH TO DATE   89                        91     -2
  SINCE SEP 1     89                        91     -2
  SINCE JAN 1   1093                       888    205
...............................................................


WIND (MPH)
  HIGHEST WIND SPEED    26   HIGHEST WIND DIRECTION     S (170)
  HIGHEST GUST SPEED    32   HIGHEST GUST DIRECTION     S (180)
  AVERAGE WIND SPEED    16.5


SKY COVER
  AVERAGE SKY COVER 0.9


WEATHER CONDITIONS
 THE FOLLOWING WEATHER WAS RECORDED YESTERDAY.
  RAIN
  LIGHT RAIN
  FOG


RELATIVE HUMIDITY (PERCENT)
 HIGHEST    90           800 PM
 LOWEST     61           300 PM
 AVERAGE    76

..........................................................


THE CLAYTON  NM CLIMATE NORMALS FOR TODAY
                         NORMAL    RECORD    YEAR
 MAXIMUM TEMPERATURE (F)   77        94      1898
 MINIMUM TEMPERATURE (F)   49        34      1985
                                             1970


SUNRISE AND SUNSET
SEPTEMBER 23 2014.....SUNRISE   641 AM MDT   SUNSET   648 PM MDT
SEPTEMBER 24 2014.....SUNRISE   642 AM MDT   SUNSET   646 PM MDT


-  INDICATES NEGATIVE NUMBERS.
R  INDICATES RECORD WAS SET OR TIED.
MM INDICATES DATA IS MISSING.
T  INDICATES TRACE AMOUNT.




$$
