000
CDUS45 KABQ 220835
CLICAO


CLIMATE REPORT
NATIONAL WEATHER SERVICE ALBUQUERQUE NM
234 AM MDT SUN OCT 22 2017


...................................

...THE CLAYTON  NM CLIMATE SUMMARY FOR OCTOBER 21 2017...

CLIMATE NORMAL PERIOD 1981 TO 2010
CLIMATE RECORD PERIOD 1896 TO 2017


WEATHER ITEM   OBSERVED TIME   RECORD YEAR NORMAL DEPARTURE
                VALUE   (LST)  VALUE       VALUE  FROM
                                                  NORMAL
...............................................................
TEMPERATURE (F)
 YESTERDAY
  MAXIMUM         60    250 PM  89    1921  67     -7
  MINIMUM         34   1012 PM  24    1996  40     -6
  AVERAGE         47                        53     -6

PRECIPITATION (IN)
  YESTERDAY        0.00          1.74 1918   0.04  -0.04
  MONTH TO DATE    1.02                      0.81   0.21
  SINCE SEP 1      5.41                      2.48   2.93
  SINCE JAN 1     20.33                     14.68   5.65

SNOWFALL (IN)
  YESTERDAY        0.0
  MONTH TO DATE    T
  SINCE SEP 1      T
  SINCE JUL 1      T

DEGREE DAYS
 HEATING
  YESTERDAY       18                        12      6
  MONTH TO DATE  153                       192    -39
  SINCE SEP 1    230                       270    -40
  SINCE JUL 1    234                       276    -42

 COOLING
  YESTERDAY        0                         0      0
  MONTH TO DATE    5                         6     -1
  SINCE SEP 1    117                       108      9
  SINCE JAN 1    827                       905    -78
...............................................................


WIND (MPH)
  HIGHEST WIND SPEED    25   HIGHEST WIND DIRECTION    NE (30)
  HIGHEST GUST SPEED    30   HIGHEST GUST DIRECTION    NE (30)
  AVERAGE WIND SPEED    11.8


SKY COVER
  AVERAGE SKY COVER 0.0


WEATHER CONDITIONS
 THE FOLLOWING WEATHER WAS RECORDED YESTERDAY.
  HAZE


RELATIVE HUMIDITY (PERCENT)
 HIGHEST    74           300 AM
 LOWEST     27           400 PM
 AVERAGE    51

..........................................................


THE CLAYTON  NM CLIMATE NORMALS FOR TODAY
                         NORMAL    RECORD    YEAR
 MAXIMUM TEMPERATURE (F)   67        88      2016
 MINIMUM TEMPERATURE (F)   39        22      1996


SUNRISE AND SUNSET
OCTOBER 22 2017.......SUNRISE   706 AM MDT   SUNSET   607 PM MDT
OCTOBER 23 2017.......SUNRISE   707 AM MDT   SUNSET   606 PM MDT


-  INDICATES NEGATIVE NUMBERS.
R  INDICATES RECORD WAS SET OR TIED.
MM INDICATES DATA IS MISSING.
T  INDICATES TRACE AMOUNT.




$$
