000
CDUS45 KABQ 300826
CLICAO


CLIMATE REPORT
NATIONAL WEATHER SERVICE ALBUQUERQUE NM
226 AM MDT TUE AUG 30 2016


...................................

...THE CLAYTON  NM CLIMATE SUMMARY FOR AUGUST 29 2016...

CLIMATE NORMAL PERIOD 1981 TO 2010
CLIMATE RECORD PERIOD 1896 TO 2016


WEATHER ITEM   OBSERVED TIME   RECORD YEAR NORMAL DEPARTURE
                VALUE   (LST)  VALUE       VALUE  FROM
                                                  NORMAL
...............................................................
TEMPERATURE (F)
 YESTERDAY
  MAXIMUM         72   1124 AM  98    1922  85    -13
  MINIMUM         58   1152 PM  43    1928  59     -1
  AVERAGE         65                        72     -7

PRECIPITATION (IN)
  YESTERDAY        T             0.83 1968   0.07  -0.07
  MONTH TO DATE    6.49                      2.79   3.70
  SINCE JUN 1     12.11                      7.58   4.53
  SINCE JAN 1     15.75                     12.05   3.70

SNOWFALL (IN)
  YESTERDAY        0.0
  MONTH TO DATE    0.0
  SINCE JUN 1      0.0
  SINCE JUL 1      0.0

DEGREE DAYS
 HEATING
  YESTERDAY        0                         0      0
  MONTH TO DATE    1                         0      1
  SINCE JUN 1      8                        25    -17
  SINCE JUL 1      1                         2     -1

 COOLING
  YESTERDAY        0                         7     -7
  MONTH TO DATE  211                       245    -34
  SINCE JUN 1    916                       731    185
  SINCE JAN 1    935                       782    153
...............................................................


WIND (MPH)
  HIGHEST WIND SPEED    15   HIGHEST WIND DIRECTION    NW (310)
  HIGHEST GUST SPEED    20   HIGHEST GUST DIRECTION     N (340)
  AVERAGE WIND SPEED     6.8


SKY COVER
  AVERAGE SKY COVER 0.8


WEATHER CONDITIONS
 THE FOLLOWING WEATHER WAS RECORDED YESTERDAY.
  LIGHT RAIN


RELATIVE HUMIDITY (PERCENT)
 HIGHEST    93           200 AM
 LOWEST     57           900 AM
 AVERAGE    75

..........................................................


THE CLAYTON  NM CLIMATE NORMALS FOR TODAY
                         NORMAL    RECORD    YEAR
 MAXIMUM TEMPERATURE (F)   85        99      1922
 MINIMUM TEMPERATURE (F)   58        43      1915


SUNRISE AND SUNSET
AUGUST 30 2016........SUNRISE   623 AM MDT   SUNSET   723 PM MDT
AUGUST 31 2016........SUNRISE   624 AM MDT   SUNSET   721 PM MDT


-  INDICATES NEGATIVE NUMBERS.
R  INDICATES RECORD WAS SET OR TIED.
MM INDICATES DATA IS MISSING.
T  INDICATES TRACE AMOUNT.




$$
