000
CDUS45 KABQ 250834
CLICAO


CLIMATE REPORT
NATIONAL WEATHER SERVICE ALBUQUERQUE NM
233 AM MDT SAT MAR 25 2017


...................................

...THE CLAYTON  NM CLIMATE SUMMARY FOR MARCH 24 2017...

CLIMATE NORMAL PERIOD 1981 TO 2010
CLIMATE RECORD PERIOD 1896 TO 2017


WEATHER ITEM   OBSERVED TIME   RECORD YEAR NORMAL DEPARTURE
                VALUE   (LST)  VALUE       VALUE  FROM
                                                  NORMAL
...............................................................
TEMPERATURE (F)
 YESTERDAY
  MAXIMUM         47    412 PM  83    2012  61    -14
  MINIMUM         33   1026 PM  11    1974  32      1
  AVERAGE         40                        46     -6

PRECIPITATION (IN)
  YESTERDAY        0.03          1.08 1941   0.03   0.00
  MONTH TO DATE    0.03                      0.73  -0.70
  SINCE MAR 1      0.03                      0.73  -0.70
  SINCE JAN 1      1.41                      1.35   0.06

SNOWFALL (IN)
  YESTERDAY        0.0
  MONTH TO DATE    0.0
  SINCE MAR 1      0.0
  SINCE JUL 1     11.4

DEGREE DAYS
 HEATING
  YESTERDAY       25                        19      6
  MONTH TO DATE  297                       519   -222
  SINCE MAR 1    297                       519   -222
  SINCE JUL 1   3317                      4196   -879

 COOLING
  YESTERDAY        0                         0      0
  MONTH TO DATE    6                         0      6
  SINCE MAR 1      6                         0      6
  SINCE JAN 1      8                         0      8
...............................................................


WIND (MPH)
  HIGHEST WIND SPEED    49   HIGHEST WIND DIRECTION     N (350)
  HIGHEST GUST SPEED    63   HIGHEST GUST DIRECTION     N (340)
  AVERAGE WIND SPEED    27.3


SKY COVER
  AVERAGE SKY COVER 0.5


WEATHER CONDITIONS
 THE FOLLOWING WEATHER WAS RECORDED YESTERDAY.
  RAIN
  LIGHT RAIN
  FOG


RELATIVE HUMIDITY (PERCENT)
 HIGHEST    92          1000 PM
 LOWEST     58           200 AM
 AVERAGE    75

..........................................................


THE CLAYTON  NM CLIMATE NORMALS FOR TODAY
                         NORMAL    RECORD    YEAR
 MAXIMUM TEMPERATURE (F)   61        85      2012
 MINIMUM TEMPERATURE (F)   32         8      1965


SUNRISE AND SUNSET
MARCH 25 2017.........SUNRISE   648 AM MDT   SUNSET   709 PM MDT
MARCH 26 2017.........SUNRISE   647 AM MDT   SUNSET   710 PM MDT


-  INDICATES NEGATIVE NUMBERS.
R  INDICATES RECORD WAS SET OR TIED.
MM INDICATES DATA IS MISSING.
T  INDICATES TRACE AMOUNT.




$$
