000
CDUS45 KABQ 010828
CLICAO


CLIMATE REPORT
NATIONAL WEATHER SERVICE ALBUQUERQUE NM
227 AM MDT SAT OCT 1 2016


...................................

...THE CLAYTON  NM CLIMATE SUMMARY FOR SEPTEMBER 30 2016...

CLIMATE NORMAL PERIOD 1981 TO 2010
CLIMATE RECORD PERIOD 1896 TO 2016


WEATHER ITEM   OBSERVED TIME   RECORD YEAR NORMAL DEPARTURE
                VALUE   (LST)  VALUE       VALUE  FROM
                                                  NORMAL
...............................................................
TEMPERATURE (F)
 YESTERDAY
  MAXIMUM         80    413 PM  91    2009  74      6
                                      1928
  MINIMUM         45   1259 AM  28    1985  46     -1
                                      1984
  AVERAGE         63                        60      3

PRECIPITATION (IN)
  YESTERDAY        0.00          2.15 1930   0.04  -0.04
  MONTH TO DATE    2.63                      1.67   0.96
  SINCE SEP 1      2.63                      1.67   0.96
  SINCE JAN 1     18.39                     13.87   4.52

SNOWFALL (IN)
  YESTERDAY        0.0
  MONTH TO DATE    0.0
  SINCE SEP 1      0.0
  SINCE JUL 1      0.0

DEGREE DAYS
 HEATING
  YESTERDAY        2                         6     -4
  MONTH TO DATE   37                        79    -42
  SINCE SEP 1     37                        78    -41
  SINCE JUL 1     39                        84    -45

 COOLING
  YESTERDAY        0                         1     -1
  MONTH TO DATE  131                       102     29
  SINCE SEP 1    131                       102     29
  SINCE JAN 1   1069                       899    170
...............................................................


WIND (MPH)
  HIGHEST WIND SPEED    21   HIGHEST WIND DIRECTION    SW (220)
  HIGHEST GUST SPEED    28   HIGHEST GUST DIRECTION    SW (220)
  AVERAGE WIND SPEED    11.2


SKY COVER
  AVERAGE SKY COVER 0.1


WEATHER CONDITIONS
 THE FOLLOWING WEATHER WAS RECORDED YESTERDAY.
  NO SIGNIFICANT WEATHER WAS OBSERVED.


RELATIVE HUMIDITY (PERCENT)
 HIGHEST    92           100 AM
 LOWEST     33           200 PM
 AVERAGE    63

..........................................................


THE CLAYTON  NM CLIMATE NORMALS FOR TODAY
                         NORMAL    RECORD    YEAR
 MAXIMUM TEMPERATURE (F)   73        90      2000
 MINIMUM TEMPERATURE (F)   46        32      1961


SUNRISE AND SUNSET
OCTOBER  1 2016.......SUNRISE   648 AM MDT   SUNSET   635 PM MDT
OCTOBER  2 2016.......SUNRISE   649 AM MDT   SUNSET   634 PM MDT


-  INDICATES NEGATIVE NUMBERS.
R  INDICATES RECORD WAS SET OR TIED.
MM INDICATES DATA IS MISSING.
T  INDICATES TRACE AMOUNT.




$$
