000
CDUS45 KABQ 280836
CLICAO


CLIMATE REPORT
NATIONAL WEATHER SERVICE ALBUQUERQUE NM
236 AM MDT SAT MAY 28 2016


...................................

...THE CLAYTON  NM CLIMATE SUMMARY FOR MAY 27 2016...

CLIMATE NORMAL PERIOD 1981 TO 2010
CLIMATE RECORD PERIOD 1896 TO 2016


WEATHER ITEM   OBSERVED TIME   RECORD YEAR NORMAL DEPARTURE
                VALUE   (LST)  VALUE       VALUE  FROM
                                                  NORMAL
...............................................................
TEMPERATURE (F)
 YESTERDAY
  MAXIMUM         73    237 PM  99    1896  79     -6
  MINIMUM         45   1036 PM  32    1917  51     -6
  AVERAGE         59                        65     -6

PRECIPITATION (IN)
  YESTERDAY        T             1.32 1926   0.08  -0.08
  MONTH TO DATE    0.82                      1.62  -0.80
  SINCE MAR 1      2.92                      3.51  -0.59
  SINCE JAN 1      3.36                      4.13  -0.77

SNOWFALL (IN)
  YESTERDAY        0.0
  MONTH TO DATE    0.5
  SINCE MAR 1      2.1
  SINCE JUL 1     25.5

DEGREE DAYS
 HEATING
  YESTERDAY        6                         3      3
  MONTH TO DATE  177                       145     32
  SINCE MAR 1   1050                      1174   -124
  SINCE JUL 1   4300                      4851   -551

 COOLING
  YESTERDAY        0                         2     -2
  MONTH TO DATE   16                        35    -19
  SINCE MAR 1     16                        41    -25
  SINCE JAN 1     16                        41    -25
...............................................................


WIND (MPH)
  HIGHEST WIND SPEED    31   HIGHEST WIND DIRECTION    NW (320)
  HIGHEST GUST SPEED    39   HIGHEST GUST DIRECTION    NW (320)
  AVERAGE WIND SPEED    15.0


SKY COVER
  AVERAGE SKY COVER 0.3


WEATHER CONDITIONS
 THE FOLLOWING WEATHER WAS RECORDED YESTERDAY.
  THUNDERSTORM
  LIGHT RAIN


RELATIVE HUMIDITY (PERCENT)
 HIGHEST    76          1100 PM
 LOWEST     31           300 PM
 AVERAGE    54

..........................................................


THE CLAYTON  NM CLIMATE NORMALS FOR TODAY
                         NORMAL    RECORD    YEAR
 MAXIMUM TEMPERATURE (F)   79        95      1974
                                             1938
                                             1934
 MINIMUM TEMPERATURE (F)   51        34      1947


SUNRISE AND SUNSET
MAY 28 2016...........SUNRISE   537 AM MDT   SUNSET   803 PM MDT
MAY 29 2016...........SUNRISE   537 AM MDT   SUNSET   804 PM MDT


-  INDICATES NEGATIVE NUMBERS.
R  INDICATES RECORD WAS SET OR TIED.
MM INDICATES DATA IS MISSING.
T  INDICATES TRACE AMOUNT.




$$
