000
CDUS41 KCAR 030528
CLICAR


CLIMATE REPORT
NATIONAL WEATHER SERVICE CARIBOU, ME
127 AM EDT FRI JUL 3 2015


...................................

...THE CARIBOU ME CLIMATE SUMMARY FOR JULY 2 2015...

CLIMATE NORMAL PERIOD 1981 TO 2010
CLIMATE RECORD PERIOD 1939 TO 2015


WEATHER ITEM   OBSERVED TIME   RECORD YEAR NORMAL DEPARTURE LAST
                VALUE   (LST)  VALUE       VALUE  FROM      YEAR
                                                  NORMAL
..................................................................
TEMPERATURE (F)
 YESTERDAY
  MAXIMUM         67    224 PM  91    2014  75     -8       91
  MINIMUM         53   1159 PM  41    1965  54     -1       71
                                      1943
  AVERAGE         60                        64     -4       81

PRECIPITATION (IN)
  YESTERDAY        T             0.82 2002   0.14  -0.14     0.06
  MONTH TO DATE    0.52                      0.28   0.24     0.06
  SINCE JUN 1      4.77                      3.76   1.01     2.67
  SINCE JAN 1     15.62                     17.18  -1.56    19.87

SNOWFALL (IN)
  YESTERDAY        0.0           0.0  2002   0.0    0.0      0.0
                                      2001
  MONTH TO DATE    0.0                       0.0    0.0      0.0
  SINCE JUN 1      0.0                       0.0    0.0      0.0
  SINCE JUL 1      0.0                       0.0    0.0      0.0
  SNOW DEPTH       0

DEGREE DAYS
 HEATING
  YESTERDAY        5                         3      2        0
  MONTH TO DATE    5                         6     -1        0
  SINCE JUN 1    217                       171     46       89
  SINCE JUL 1      5                         6     -1        0

 COOLING
  YESTERDAY        0                         2     -2       16
  MONTH TO DATE    0                         4     -4       29
  SINCE JUN 1      6                        38    -32       65
  SINCE JAN 1     27                        43    -16       68
..................................................................


WIND (MPH)
  HIGHEST WIND SPEED    22   HIGHEST WIND DIRECTION     W (250)
  HIGHEST GUST SPEED    31   HIGHEST GUST DIRECTION     W (250)
  AVERAGE WIND SPEED    10.7


SKY COVER
  POSSIBLE SUNSHINE  MM
  AVERAGE SKY COVER 0.8


WEATHER CONDITIONS
 THE FOLLOWING WEATHER WAS RECORDED YESTERDAY.
  LIGHT RAIN
  FOG


RELATIVE HUMIDITY (PERCENT)
 HIGHEST    97           300 AM
 LOWEST     60          1100 AM
 AVERAGE    79

..........................................................


THE CARIBOU ME CLIMATE NORMALS FOR TODAY
                         NORMAL    RECORD    YEAR
 MAXIMUM TEMPERATURE (F)   75        90      1949
 MINIMUM TEMPERATURE (F)   54        40      2007


SUNRISE AND SUNSET
JULY  3 2015..........SUNRISE   443 AM EDT   SUNSET   830 PM EDT
JULY  4 2015..........SUNRISE   443 AM EDT   SUNSET   829 PM EDT


-  INDICATES NEGATIVE NUMBERS.
R  INDICATES RECORD WAS SET OR TIED.
MM INDICATES DATA IS MISSING.
T  INDICATES TRACE AMOUNT.

...........................................................
THE CARIBOU ME 4 INCH SOIL TEMPERATURES FOR JUL 2 2015

MAXIMUM SOIL TEMPERATURES (F): 69
MINIMUM SOIL TEMPERATURES (F): 65


$$
