000
CDUS41 KCAR 050528
CLICAR


CLIMATE REPORT
NATIONAL WEATHER SERVICE CARIBOU, ME
1227 AM EST MON DEC 5 2016


...................................

...THE CARIBOU ME CLIMATE SUMMARY FOR DECEMBER 4 2016...

CLIMATE NORMAL PERIOD 1981 TO 2010
CLIMATE RECORD PERIOD 1939 TO 2016


WEATHER ITEM   OBSERVED TIME   RECORD YEAR NORMAL DEPARTURE LAST
                VALUE   (LST)  VALUE       VALUE  FROM      YEAR
                                                  NORMAL
..................................................................
TEMPERATURE (F)
 YESTERDAY
  MAXIMUM         27   1216 AM  57    1950  30     -3       30
  MINIMUM          6   1148 PM -22    1972  16    -10       15
                                      1940
  AVERAGE         17                        23     -6       23

PRECIPITATION (IN)
  YESTERDAY        T             2.04 1990   0.12  -0.12     0.02
  MONTH TO DATE    1.26                      0.47   0.79     1.10
  SINCE DEC 1      1.26                      0.47   0.79     1.10
  SINCE JAN 1     41.02                     35.69   5.33    32.39

SNOWFALL (IN)
  YESTERDAY        T            10.3  1990   0.7   -0.7      0.3
  MONTH TO DATE   13.3                       2.6   10.7      3.4
  SINCE DEC 1     13.3                       2.6   10.7      3.4
  SINCE JUL 1     33.5                      14.8   18.7      7.5
  SNOW DEPTH      20

DEGREE DAYS
 HEATING
  YESTERDAY       48                        42      6       42
  MONTH TO DATE  151                       164    -13      148
  SINCE DEC 1    151                       164    -13      148
  SINCE JUL 1   1838                      2309   -471     1966

 COOLING
  YESTERDAY        0                         0      0        0
  MONTH TO DATE    0                         0      0        0
  SINCE DEC 1      0                         0      0        0
  SINCE JAN 1    275                       180     95      253
..................................................................


WIND (MPH)
  HIGHEST WIND SPEED    20   HIGHEST WIND DIRECTION    NW (330)
  HIGHEST GUST SPEED    27   HIGHEST GUST DIRECTION    NW (330)
  AVERAGE WIND SPEED     7.5


SKY COVER
  POSSIBLE SUNSHINE  MM
  AVERAGE SKY COVER 0.6


WEATHER CONDITIONS
 THE FOLLOWING WEATHER WAS RECORDED YESTERDAY.
  NO SIGNIFICANT WEATHER WAS OBSERVED.


RELATIVE HUMIDITY (PERCENT)
 HIGHEST    88           500 AM
 LOWEST     73           400 PM
 AVERAGE    81

..........................................................


THE CARIBOU ME CLIMATE NORMALS FOR TODAY
                         NORMAL    RECORD    YEAR
 MAXIMUM TEMPERATURE (F)   30        58      1950
 MINIMUM TEMPERATURE (F)   16       -13      2014
                                             1972


SUNRISE AND SUNSET
DECEMBER  5 2016......SUNRISE   702 AM EST   SUNSET   344 PM EST
DECEMBER  6 2016......SUNRISE   703 AM EST   SUNSET   344 PM EST


-  INDICATES NEGATIVE NUMBERS.
R  INDICATES RECORD WAS SET OR TIED.
MM INDICATES DATA IS MISSING.
T  INDICATES TRACE AMOUNT.




$$
