000
CDUS41 KCAR 260538
CLICAR


CLIMATE REPORT
NATIONAL WEATHER SERVICE CARIBOU, ME
1234 AM EST FRI DEC 26 2014


...................................

...THE CARIBOU ME CLIMATE SUMMARY FOR DECEMBER 25 2014...

CLIMATE NORMAL PERIOD 1981 TO 2010
CLIMATE RECORD PERIOD 1939 TO 2014


WEATHER ITEM   OBSERVED TIME   RECORD YEAR NORMAL DEPARTURE LAST
                VALUE   (LST)  VALUE       VALUE  FROM      YEAR
                                                  NORMAL
..................................................................
TEMPERATURE (F)
 YESTERDAY
  MAXIMUM         48R  1044 AM  48    2003  23     25       12
                                      1964
  MINIMUM         35   1222 AM -26    1975   6     29      -12
  AVERAGE         42                        14     28        0

PRECIPITATION (IN)
  YESTERDAY        0.51          1.51 1979   0.10   0.41      T
  MONTH TO DATE    5.75                      2.71   3.04     3.06
  SINCE DEC 1      5.75                      2.71   3.04     3.06
  SINCE JAN 1     46.16                     37.93   8.23    49.64

SNOWFALL (IN)
  YESTERDAY        0.0           8.7  1997   0.8   -0.8      0.1
  MONTH TO DATE   26.5                      18.0    8.5     35.8
  SINCE DEC 1     26.5                      18.0    8.5     35.8
  SINCE JUL 1     55.3                      30.2   25.1     45.9
  SNOW DEPTH      10

DEGREE DAYS
 HEATING
  YESTERDAY       23                        50    -27       65
  MONTH TO DATE 1033                      1139   -106     1261
  SINCE DEC 1   1033                      1139   -106     1261
  SINCE JUL 1   2985                      3284   -299     3217

 COOLING
  YESTERDAY        0                         0      0        0
  MONTH TO DATE    0                         0      0        0
  SINCE DEC 1      0                         0      0        0
  SINCE JAN 1    266                       180     86      192
..................................................................


WIND (MPH)
  HIGHEST WIND SPEED    32   HIGHEST WIND DIRECTION     W (250)
  HIGHEST GUST SPEED    47   HIGHEST GUST DIRECTION    SW (240)
  AVERAGE WIND SPEED    13.0


SKY COVER
  POSSIBLE SUNSHINE  MM
  AVERAGE SKY COVER 1.0


WEATHER CONDITIONS
 THE FOLLOWING WEATHER WAS RECORDED YESTERDAY.
  RAIN
  LIGHT RAIN
  FOG
  FOG W/VISIBILITY <= 1/4 MILE


RELATIVE HUMIDITY (PERCENT)
 HIGHEST   100          1200 AM
 LOWEST     59           800 PM
 AVERAGE    80

..........................................................


THE CARIBOU ME CLIMATE NORMALS FOR TODAY
                         NORMAL    RECORD    YEAR
 MAXIMUM TEMPERATURE (F)   23        53      1964
 MINIMUM TEMPERATURE (F)    5       -23      1980


SUNRISE AND SUNSET
DECEMBER 26 2014......SUNRISE   716 AM EST   SUNSET   349 PM EST
DECEMBER 27 2014......SUNRISE   717 AM EST   SUNSET   350 PM EST


-  INDICATES NEGATIVE NUMBERS.
R  INDICATES RECORD WAS SET OR TIED.
MM INDICATES DATA IS MISSING.
T  INDICATES TRACE AMOUNT.




$$
