000
CDUS41 KCAR 240541
CLICAR


CLIMATE REPORT
NATIONAL WEATHER SERVICE CARIBOU, ME
1240 AM EST FRI FEB 24 2017


...................................

...THE CARIBOU ME CLIMATE SUMMARY FOR FEBRUARY 23 2017...

CLIMATE NORMAL PERIOD 1981 TO 2010
CLIMATE RECORD PERIOD 1939 TO 2017


WEATHER ITEM   OBSERVED TIME   RECORD YEAR NORMAL DEPARTURE LAST
                VALUE   (LST)  VALUE       VALUE  FROM      YEAR
                                                  NORMAL
..................................................................
TEMPERATURE (F)
 YESTERDAY
  MAXIMUM         50    347 PM  52    1981  27     23       20
  MINIMUM         20    630 AM -25    1972   7     13       -3
  AVERAGE         35                        17     18        9

PRECIPITATION (IN)
  YESTERDAY        0.01          0.77 2009   0.08  -0.07     0.00
  MONTH TO DATE    1.50                      1.79  -0.29     2.04
  SINCE DEC 1      9.15                      7.77   1.38     8.34
  SINCE JAN 1      4.95                      4.50   0.45     3.46

SNOWFALL (IN)
  YESTERDAY        0.0          10.0  2009   0.7   -0.7      0.0
  MONTH TO DATE   15.8                      18.3   -2.5     11.4
  SINCE DEC 1     76.4                      66.4   10.0     50.4
  SINCE JUL 1     96.6                      78.6   18.0     54.5
  SNOW DEPTH      30

DEGREE DAYS
 HEATING
  YESTERDAY       30                        48    -18       56
  MONTH TO DATE 1191                      1189      2     1112
  SINCE DEC 1   4132                      4338   -206     3691
  SINCE JUL 1   5819                      6483   -664     5509

 COOLING
  YESTERDAY        0                         0      0        0
  MONTH TO DATE    0                         0      0        0
  SINCE DEC 1      0                         0      0        0
  SINCE JAN 1      0                         0      0        0
..................................................................


WIND (MPH)
  HIGHEST WIND SPEED    17   HIGHEST WIND DIRECTION     S (180)
  HIGHEST GUST SPEED    23   HIGHEST GUST DIRECTION     S (180)
  AVERAGE WIND SPEED     6.0


SKY COVER
  POSSIBLE SUNSHINE  MM
  AVERAGE SKY COVER 0.6


WEATHER CONDITIONS
 THE FOLLOWING WEATHER WAS RECORDED YESTERDAY.
  LIGHT RAIN
  FOG


RELATIVE HUMIDITY (PERCENT)
 HIGHEST   100           800 AM
 LOWEST     56           200 PM
 AVERAGE    78

..........................................................


THE CARIBOU ME CLIMATE NORMALS FOR TODAY
                         NORMAL    RECORD    YEAR
 MAXIMUM TEMPERATURE (F)   27        49      1981
 MINIMUM TEMPERATURE (F)    7       -22      1977


SUNRISE AND SUNSET
FEBRUARY 24 2017......SUNRISE   620 AM EST   SUNSET   511 PM EST
FEBRUARY 25 2017......SUNRISE   619 AM EST   SUNSET   512 PM EST


-  INDICATES NEGATIVE NUMBERS.
R  INDICATES RECORD WAS SET OR TIED.
MM INDICATES DATA IS MISSING.
T  INDICATES TRACE AMOUNT.




$$
