000
CDUS41 KCAR 300528
CLICAR


CLIMATE REPORT
NATIONAL WEATHER SERVICE CARIBOU, ME
128 AM EDT FRI SEP 30 2016


...................................

...THE CARIBOU ME CLIMATE SUMMARY FOR SEPTEMBER 29 2016...

CLIMATE NORMAL PERIOD 1981 TO 2010
CLIMATE RECORD PERIOD 1939 TO 2016


WEATHER ITEM   OBSERVED TIME   RECORD YEAR NORMAL DEPARTURE LAST
                VALUE   (LST)  VALUE       VALUE  FROM      YEAR
                                                  NORMAL
..................................................................
TEMPERATURE (F)
 YESTERDAY
  MAXIMUM         60    401 PM  80    1987  60      0       74
                                      1959
  MINIMUM         35    523 AM  23    1980  40     -5       55
  AVERAGE         48                        50     -2       65

PRECIPITATION (IN)
  YESTERDAY        0.00          0.89 1997   0.11  -0.11     0.23
  MONTH TO DATE    2.48                      3.20  -0.72     2.35
  SINCE SEP 1      2.48                      3.20  -0.72     2.35
  SINCE JAN 1     33.59                     27.94   5.65    24.82

SNOWFALL (IN)
  YESTERDAY        0.0           2.1  1991   0.0    0.0      0.0
  MONTH TO DATE    0.0                       0.1   -0.1      0.0
  SINCE SEP 1      0.0                       0.1   -0.1      0.0
  SINCE JUL 1      0.0                       0.1   -0.1      0.0
  SNOW DEPTH       0

DEGREE DAYS
 HEATING
  YESTERDAY       17                        15      2        0
  MONTH TO DATE  189                       296   -107      133
  SINCE SEP 1    189                       296   -107      133
  SINCE JUL 1    269                       450   -181      210

 COOLING
  YESTERDAY        0                         0      0        0
  MONTH TO DATE   22                        10     12       50
  SINCE SEP 1     22                        10     12       50
  SINCE JAN 1    275                       179     96      253
..................................................................


WIND (MPH)
  HIGHEST WIND SPEED    13   HIGHEST WIND DIRECTION     N (20)
  HIGHEST GUST SPEED    17   HIGHEST GUST DIRECTION    NE (40)
  AVERAGE WIND SPEED     5.1


SKY COVER
  POSSIBLE SUNSHINE  MM
  AVERAGE SKY COVER 0.0


WEATHER CONDITIONS
 THE FOLLOWING WEATHER WAS RECORDED YESTERDAY.
  NO SIGNIFICANT WEATHER WAS OBSERVED.


RELATIVE HUMIDITY (PERCENT)
 HIGHEST    92           300 AM
 LOWEST     43           100 PM
 AVERAGE    68

..........................................................


THE CARIBOU ME CLIMATE NORMALS FOR TODAY
                         NORMAL    RECORD    YEAR
 MAXIMUM TEMPERATURE (F)   59        77      1950
 MINIMUM TEMPERATURE (F)   40        26      1941


SUNRISE AND SUNSET
SEPTEMBER 30 2016.....SUNRISE   630 AM EDT   SUNSET   613 PM EDT
OCTOBER  1 2016.......SUNRISE   631 AM EDT   SUNSET   611 PM EDT


-  INDICATES NEGATIVE NUMBERS.
R  INDICATES RECORD WAS SET OR TIED.
MM INDICATES DATA IS MISSING.
T  INDICATES TRACE AMOUNT.




$$
