000
CDAK48 PACD 281113
CLICDB

CLIMATE REPORT
NATIONAL WEATHER SERVICE COLD BAY, AK
213 AM AKST SAT FEB 28 2015

...................................
...THE COLD BAY AP CLIMATE SUMMARY FOR FEBRUARY 27 2015...

CLIMATE NORMAL PERIOD  1981 TO  2010
CLIMATE RECORD PERIOD  1942 TO  2015

WEATHER ITEM   OBSERVED TIME    RECORD YEAR NORMAL DEPARTURE LAST
               VALUE    (LST)   VALUE       VALUE  FROM      YEAR
                                                   NORMAL
...................................................................
TEMPERATURE
YESTERDAY
 MAXIMUM            45  0402 PM    47  2009     34      11     40
 MINIMUM            37  0822 AM    -1  1976     25      12     36
 AVERAGE            41                          30      11     38

PRECIPITATION
(INCHES)
 YESTERDAY        0.01           2.75  1996   0.10   -0.09   0.14
 MONTH TO DATE    1.10                        2.88   -1.78   4.12
 SINCE DEC 1      5.43                       10.50   -5.07  12.76
 SINCE JAN 1      2.51                        6.04   -3.53   8.45

SNOWFALL
(INCHES)
 YESTERDAY         0.0            6.3  2002    0.4    -0.4    0.0
 MONTH TO DATE     1.0                        12.4   -11.4   13.2
 SINCE DEC 1       4.8                        39.1   -34.3   25.5
 SINCE JUL 1       8.7                        51.7   -43.0   29.1
 SNOW DEPTH (IN)     0                                          0

DEGREE DAYS
 HEATING
  YESTERDAY         24                          35     -11     27
  MONTH TO DATE    823                         973    -150    928
  SINCE DEC 1     2834                        3163    -329   2601
  SINCE JUL 1     5346                        6189    -843   5117

 COOLING
  YESTERDAY          0                           0       0      0
  MONTH TO DATE      0                           0       0      0
  SINCE DEC 1        0                           0       0      0
  SINCE JAN 1        0                           0       0      0
...................................................................

WIND (MPH)
 HIGHEST WIND SPEED    33     HIGHEST WIND DIRECTION    130
 HIGHEST GUST SPEED    40     HIGHEST GUST DIRECTION    140
 AVERAGE WIND SPEED  16.9


WEATHER CONDITIONS
 THE FOLLOWING WEATHER WAS RECORDED YESTERDAY.
  RAIN

...................................................................

THE COLD BAY CLIMATE NORMALS FOR TODAY
                           NORMAL    RECORD   YEAR
 MAXIMUM TEMPERATURE (F)     35        50     1991
 MINIMUM TEMPERATURE (F)     25         1     1956

SUNRISE AND SUNSET
 FEB 28 2015..........SUNRISE  8:44 AM      SUNSET  7:25 PM
 MAR  1 2015..........SUNRISE  8:42 AM      SUNSET  7:27 PM

-  INDICATES NEGATIVE NUMBERS.
R  INDICATES RECORD HAS BEEN SET OR TIED.
MM INDICATES DATA IS MISSING.
T  INDICATES TRACE OF PRECIPITATION.

&&
-------------------------------------------------------------------

AMOUNT OF DAYLIGHT TODAY  (HOUR:MIN)........10 HOURS 41 MINUTES
GAIN SINCE YESTERDAY (HOUR:MIN:SEC).........+0:04:29

$$

RCS FEB 15
