000
CDAK48 PACD 180000
CLICDB

CLIMATE REPORT
NATIONAL WEATHER SERVICE COLD BAY, AK
300 PM AKST WED DEC 17 2014

...................................
...THE COLD BAY AP CLIMATE SUMMARY FOR DECEMBER 17 2014...
VALID TODAY AS OF 2:00 PM LOCAL TIME

CLIMATE NORMAL PERIOD  1981 TO  2010
CLIMATE RECORD PERIOD  1942 TO  2013

WEATHER ITEM   OBSERVED TIME    RECORD YEAR NORMAL DEPARTURE LAST
               VALUE    (LST)   VALUE       VALUE  FROM      YEAR
                                                   NORMAL
...................................................................
TEMPERATURE
TODAY
 MAXIMUM            38  0203 PM    49  1971     36       2     37
 MINIMUM            34  1156 AM     0  1973     27       7      9
 AVERAGE            36                          31       5     23

PRECIPITATION
(INCHES)
 TODAY            0.05           1.17  1970   0.14   -0.09      T
 MONTH TO DATE    1.61                        2.68   -1.07   2.66
 SINCE DEC 1      1.61                        2.68   -1.07   2.66
 SINCE JAN 1     32.50                       39.89   -7.39  44.78

SNOWFALL
(INCHES)
 TODAY               T            5.4  2006    0.4    -0.4      T
 MONTH TO DATE     1.7                         6.9    -5.2    6.5
 SINCE DEC 1       1.7                         6.9    -5.2    6.5
 SINCE JUL 1       5.6                        19.5   -13.9   10.1
 SNOW DEPTH (IN)     T                                          6

DEGREE DAYS
 HEATING
  TODAY             29                          34      -5     42
  MONTH TO DATE    537                         563     -26    465
  SINCE DEC 1      537                         563     -26    465
  SINCE JUL 1     3049                        3589    -540   2981

 COOLING
  TODAY              0                           0       0      0
  MONTH TO DATE      0                           0       0      0
  SINCE DEC 1        0                           0       0      0
  SINCE JAN 1        0                           0       0      0
...................................................................

WIND (MPH)
 HIGHEST WIND SPEED    28     HIGHEST WIND DIRECTION    120
 HIGHEST GUST SPEED    33     HIGHEST GUST DIRECTION    120
 AVERAGE WIND SPEED    MM

SKY COVER
  POSSIBLE SUNSHINE  MM            AVERAGE SKY COVER MM

WEATHER CONDITIONS
 THE FOLLOWING WEATHER WAS RECORDED TODAY.
 FOG
 RAIN
 SNOW


RELATIVE HUMIDITY
 HIGHEST RH     MM PERCENT       MM
 LOWEST  RH     MM PERCENT       MM
 AVERAGE RH     MM PERCENT       MM
...................................................................

THE COLD BAY CLIMATE NORMALS FOR TOMORROW
                        NORMAL    RECORD   YEAR
 MAXIMUM TEMPERATURE      35        47     1951
 MINIMUM TEMPERATURE      26         3     1942

SUNRISE AND SUNSET
 DEC 17 2014..........SUNRISE 10:14 AM      SUNSET  5:22 PM
 DEC 18 2014..........SUNRISE 10:14 AM      SUNSET  5:22 PM

-  INDICATES NEGATIVE NUMBERS.
R  INDICATES RECORD HAS BEEN SET OR TIED.
MM INDICATES DATA IS MISSING.
T  INDICATES TRACE OF PRECIPITATION.

&&
-------------------------------------------------------------------

AMOUNT OF DAYLIGHT TODAY  (HOUR:MIN)........7 HOURS 8 MINUTES
LOSS SINCE YESTERDAY (HOUR:MIN:SEC).........-0:00:35

$$

DT DEC 14
