294
CDAK48 PAFC 231330
CLICDB


CLIMATE REPORT
NATIONAL WEATHER SERVICE ANCHORAGE, AK
429 AM AKST THU NOV 23 2017


...................................

...THE COLD BAY CLIMATE SUMMARY FOR NOVEMBER 22 2017...

CLIMATE NORMAL PERIOD 1981 TO 2010
CLIMATE RECORD PERIOD 1942 TO 2017


WEATHER ITEM   OBSERVED TIME   RECORD YEAR NORMAL DEPARTURE LAST
                VALUE   (LST)  VALUE       VALUE  FROM      YEAR
                                                  NORMAL
..................................................................
TEMPERATURE (F)
 YESTERDAY
  MAXIMUM         48    147 PM  54    1946  38     10       39
  MINIMUM         28    142 AM  15    1986  29     -1       33
  AVERAGE         38                        34      4       36

PRECIPITATION (IN)
  YESTERDAY        0.14          1.54 2010   0.18  -0.04     0.51
  MONTH TO DATE    1.42                      3.59  -2.17     2.53
  SINCE SEP 1      9.91                     13.08  -3.17    15.45
  SINCE JAN 1     29.47                     35.82  -6.35    34.75

SNOWFALL (IN)
  YESTERDAY        T             3.5  1998   0.4   -0.4       T
  MONTH TO DATE    T                         6.9   -6.9       T
  SINCE SEP 1      2.1                       9.3   -7.2      1.5
  SINCE JUL 1      2.1                       9.3   -7.2      1.5
  SNOW DEPTH       0

DEGREE DAYS
 HEATING
  YESTERDAY       27                        31     -4       29
  MONTH TO DATE  565                       658    -93      633
  SINCE SEP 1   1761                      1926   -165     1644
  SINCE JUL 1   2512                      2765   -253     2115

 COOLING
  YESTERDAY        0                         0      0        0
  MONTH TO DATE    0                         0      0        0
  SINCE SEP 1      0                         0      0        0
  SINCE JAN 1      0                         0      0        0
..................................................................


WIND (MPH)
  RESULTANT WIND SPEED  13   RESULTANT WIND DIRECTION   S (190)
  HIGHEST WIND SPEED    52   HIGHEST WIND DIRECTION     S (170)
  HIGHEST GUST SPEED    64   HIGHEST GUST DIRECTION     S (160)
  AVERAGE WIND SPEED    28.4



WEATHER CONDITIONS
 THE FOLLOWING WEATHER WAS RECORDED YESTERDAY.
  RAIN
  LIGHT RAIN
  LIGHT SNOW
  FOG
  HAZE


RELATIVE HUMIDITY (PERCENT)
 HIGHEST   100
 LOWEST     70
 AVERAGE    85

..........................................................


THE COLD BAY CLIMATE NORMALS FOR TODAY
                         NORMAL    RECORD    YEAR
 MAXIMUM TEMPERATURE (F)   38        54      1981
 MINIMUM TEMPERATURE (F)   29        13      1998
                                             1986


SUNRISE AND SUNSET
NOVEMBER 23 2017......SUNRISE   940 AM AKST  SUNSET   534 PM AKST
NOVEMBER 24 2017......SUNRISE   942 AM AKST  SUNSET   533 PM AKST


-  INDICATES NEGATIVE NUMBERS.
R  INDICATES RECORD WAS SET OR TIED.
MM INDICATES DATA IS MISSING.
T  INDICATES TRACE AMOUNT.




$$
