000
CDAK48 PAFC 242235
CLICDB


CLIMATE REPORT
NATIONAL WEATHER SERVICE ANCHORAGE, AK
135 PM AKST TUE JAN 24 2017


...................................

...THE COLD BAY CLIMATE SUMMARY FOR JANUARY 24 2017...
VALID TODAY AS OF 0100 PM LOCAL TIME.

CLIMATE NORMAL PERIOD 1981 TO 2010
CLIMATE RECORD PERIOD 1942 TO 2017


WEATHER ITEM   OBSERVED TIME   RECORD YEAR NORMAL DEPARTURE LAST
                VALUE   (LST)  VALUE       VALUE  FROM      YEAR
                                                  NORMAL
..................................................................
TEMPERATURE (F)
 TODAY
  MAXIMUM         37    100 PM  46    2008  33      4       35
  MINIMUM         34        MM  -5    1956  23     11       28
  AVERAGE         36                        28      8       32

PRECIPITATION (IN)
  TODAY            0.10          0.66 2004   0.10   0.00      T
  MONTH TO DATE    3.32                      2.46   0.86     3.29
  SINCE DEC 1      8.99                      6.92   2.07    10.55
  SINCE JAN 1      3.32                      2.46   0.86     3.29

SNOWFALL (IN)
  TODAY           MM             2.1  1965   0.4   MM        0.0
  MONTH TO DATE    7.0                      11.0   -4.0      7.2
  SINCE DEC 1     22.0                      23.6   -1.6     31.2
  SINCE JUL 1     23.8                      36.2  -12.4     36.5
  SNOW DEPTH       0

DEGREE DAYS
 HEATING
  TODAY           29                        37     -8       33
  MONTH TO DATE  936                       880     56      780
  SINCE DEC 1   1916                      1931    -15     1686
  SINCE JUL 1   4266                      4951   -685     4179

 COOLING
  TODAY            0                         0      0        0
  MONTH TO DATE    0                         0      0        0
  SINCE DEC 1      0                         0      0        0
  SINCE JAN 1      0                         0      0        0
..................................................................


WIND (MPH)
  RESULTANT WIND SPEED  10   RESULTANT WIND DIRECTION  SE (150)
  HIGHEST WIND SPEED    15   HIGHEST WIND DIRECTION    SE (140)
  HIGHEST GUST SPEED    MM   HIGHEST GUST DIRECTION    MM
  AVERAGE WIND SPEED    11.5



WEATHER CONDITIONS
 THE FOLLOWING WEATHER WAS RECORDED TODAY.
  RAIN
  LIGHT RAIN
  FOG


RELATIVE HUMIDITY (PERCENT)
 HIGHEST   100
 LOWEST     92
 AVERAGE    96

..........................................................


THE COLD BAY CLIMATE NORMALS FOR TOMORROW
                         NORMAL    RECORD    YEAR
 MAXIMUM TEMPERATURE (F)   33        48      1963
 MINIMUM TEMPERATURE (F)   23        -5      1956


SUNRISE AND SUNSET
JANUARY 24 2017.......SUNRISE   955 AM AKST  SUNSET   612 PM AKST
JANUARY 25 2017.......SUNRISE   954 AM AKST  SUNSET   614 PM AKST


-  INDICATES NEGATIVE NUMBERS.
R  INDICATES RECORD WAS SET OR TIED.
MM INDICATES DATA IS MISSING.
T  INDICATES TRACE AMOUNT.




$$
