000
CDAK48 PACD 291115
CLICDB

CLIMATE REPORT
NATIONAL WEATHER SERVICE COLD BAY, AK
315 AM AKDT SUN MAR 29 2015

...................................
...THE COLD BAY AP CLIMATE SUMMARY FOR MARCH 28 2015...

CLIMATE NORMAL PERIOD  1981 TO  2010
CLIMATE RECORD PERIOD  1942 TO  2015

WEATHER ITEM   OBSERVED TIME    RECORD YEAR NORMAL DEPARTURE LAST
               VALUE    (LST)   VALUE       VALUE  FROM      YEAR
                                                   NORMAL
...................................................................
TEMPERATURE
YESTERDAY
 MAXIMUM            45  0125 PM    47  1998     36       9     41
 MINIMUM            32  1218 AM    -4  1976     26       6     26
 AVERAGE            39                          31       8     34

PRECIPITATION
(INCHES)
 YESTERDAY           T           0.49  2009   0.08   -0.08   0.16
 MONTH TO DATE    3.13                        2.47    0.66   1.00
 SINCE MAR 1      3.13                        2.47    0.66   1.00
 SINCE JAN 1      5.64                        8.61   -2.97   9.45

SNOWFALL
(INCHES)
 YESTERDAY         0.0            4.9  2009    0.4    -0.4    0.1
 MONTH TO DATE     5.5                        11.9    -6.4    6.5
 SINCE MAR 1       5.5                        11.9    -6.4    6.5
 SINCE JUL 1      14.2                        64.1   -49.9   35.6
 SNOW DEPTH (IN)     0                                          0

DEGREE DAYS
 HEATING
  YESTERDAY         26                          34      -8     31
  MONTH TO DATE    845                         977    -132    883
  SINCE MAR 1      845                         977    -132    883
  SINCE JUL 1     6218                        7201    -983   6027

 COOLING
  YESTERDAY          0                           0       0      0
  MONTH TO DATE      0                           0       0      0
  SINCE MAR 1        0                           0       0      0
  SINCE JAN 1        0                           0       0      0
...................................................................

WIND (MPH)
 HIGHEST WIND SPEED    23     HIGHEST WIND DIRECTION    360
 HIGHEST GUST SPEED    28     HIGHEST GUST DIRECTION    360
 AVERAGE WIND SPEED  13.2


WEATHER CONDITIONS
 THE FOLLOWING WEATHER WAS RECORDED YESTERDAY.
  RAIN

...................................................................

THE COLD BAY CLIMATE NORMALS FOR TODAY
                           NORMAL    RECORD   YEAR
 MAXIMUM TEMPERATURE (F)     36        54     1948
 MINIMUM TEMPERATURE (F)     26        -2     1976

SUNRISE AND SUNSET
 MAR 29 2015..........SUNRISE  8:30 AM      SUNSET  9:23 PM
 MAR 30 2015..........SUNRISE  8:28 AM      SUNSET  9:25 PM

-  INDICATES NEGATIVE NUMBERS.
R  INDICATES RECORD HAS BEEN SET OR TIED.
MM INDICATES DATA IS MISSING.
T  INDICATES TRACE OF PRECIPITATION.

&&
-------------------------------------------------------------------

AMOUNT OF DAYLIGHT TODAY  (HOUR:MIN)........12 HOURS 53 MINUTES
GAIN SINCE YESTERDAY (HOUR:MIN:SEC).........+0:04:32

$$

RCS MAR 15
