000
CDAK48 PACD 231202
CLICDB

CLIMATE REPORT
NATIONAL WEATHER SERVICE COLD BAY, AK
402 AM AKDT THU OCT 23 2014

...................................
...THE COLD BAY AP CLIMATE SUMMARY FOR OCTOBER 22 2014...

CLIMATE NORMAL PERIOD  1981 TO  2010
CLIMATE RECORD PERIOD  1942 TO  2014

WEATHER ITEM   OBSERVED TIME    RECORD YEAR NORMAL DEPARTURE LAST
               VALUE    (LST)   VALUE       VALUE  FROM      YEAR
                                                   NORMAL
...................................................................
TEMPERATURE
YESTERDAY
 MAXIMUM            42  0428 PM    55  1989     44      -2     48
 MINIMUM            33  1241 AM    21  2008     34      -1     41
 AVERAGE            38                          39      -1     45

PRECIPITATION
(INCHES)
 YESTERDAY        0.03           4.90  1968   0.15   -0.12   0.54
 MONTH TO DATE    1.10                        3.42   -2.32   3.89
 SINCE SEP 1      6.57                        8.15   -1.58   8.80
 SINCE JAN 1     24.98                       30.89   -5.91  35.72

SNOWFALL
(INCHES)
 YESTERDAY           T           11.4  1968    0.1    -0.1    0.0
 MONTH TO DATE     2.4                         1.1     1.3    0.0
 SINCE SEP 1       2.4                         1.1     1.3    0.0
 SINCE JUL 1       2.4                         1.1     1.3    0.0
 SNOW DEPTH (IN)     T                                          0

DEGREE DAYS
 HEATING
  YESTERDAY         27                          26       1     20
  MONTH TO DATE    544                         517      27    397
  SINCE SEP 1      964                        1024     -60    855
  SINCE JUL 1     1506                        1868    -362   1526

 COOLING
  YESTERDAY          0                           0       0      0
  MONTH TO DATE      0                           0       0      0
  SINCE SEP 1        0                           0       0      0
  SINCE JAN 1        0                           0       0      0
...................................................................

WIND (MPH)
 HIGHEST WIND SPEED    31     HIGHEST WIND DIRECTION    330
 HIGHEST GUST SPEED    37     HIGHEST GUST DIRECTION    330
 AVERAGE WIND SPEED  20.2

WEATHER CONDITIONS
 THE FOLLOWING WEATHER WAS RECORDED YESTERDAY.
 RAIN
 SNOW
...................................................................

THE COLD BAY CLIMATE NORMALS FOR TODAY
                           NORMAL    RECORD   YEAR
 MAXIMUM TEMPERATURE (F)     44        53     2004
 MINIMUM TEMPERATURE (F)     34        24     1967

SUNRISE AND SUNSET
 OCT 23 2014..........SUNRISE  9:38 AM      SUNSET  7:32 PM
 OCT 24 2014..........SUNRISE  9:40 AM      SUNSET  7:30 PM

-  INDICATES NEGATIVE NUMBERS.
R  INDICATES RECORD HAS BEEN SET OR TIED.
MM INDICATES DATA IS MISSING.
T  INDICATES TRACE OF PRECIPITATION.

&&
-------------------------------------------------------------------

AMOUNT OF DAYLIGHT TODAY  (HOUR:MIN)........9 HOURS 54 MINUTES
LOSS SINCE YESTERDAY (HOUR:MIN:SEC)....-0:04:20

$$
STACY
