065
CDAK48 PAFC 261255
CLICDB

CLIMATE REPORT
NATIONAL WEATHER SERVICE ANCHORAGE, AK
349 AM AKST SUN FEB 26 2017


...................................

...THE COLD BAY CLIMATE SUMMARY FOR FEBRUARY 25 2017...

CLIMATE NORMAL PERIOD 1981 TO 2010
CLIMATE RECORD PERIOD 1942 TO 2017


WEATHER ITEM   OBSERVED TIME   RECORD YEAR NORMAL DEPARTURE LAST
                VALUE   (LST)  VALUE       VALUE  FROM      YEAR
                                                  NORMAL
..................................................................
TEMPERATURE (F)
 YESTERDAY
  MAXIMUM         44    210 PM  46    2003  34     10       41
                                      1997
  MINIMUM         30    136 AM  -3    1976  25      5       31
  AVERAGE         37                        30      7       36

PRECIPITATION (IN)
  YESTERDAY        0.00          0.87 1970   0.10  -0.10     0.11
  MONTH TO DATE    1.81                      2.67  -0.86     1.39
  SINCE DEC 1     12.61                     10.29   2.32    13.14
  SINCE JAN 1      6.94                      5.83   1.11     5.88

SNOWFALL (IN)
  YESTERDAY        0.0           4.7  1984   0.4   -0.4     MM
  MONTH TO DATE    7.3                      11.5   -4.2      0.0
  SINCE DEC 1     34.8                      38.2   -3.4     33.0
  SINCE JUL 1     36.6                      50.8  -14.2     38.3
  SNOW DEPTH       0

DEGREE DAYS
 HEATING
  YESTERDAY       28                        35     -7       29
  MONTH TO DATE  938                       903     35      743
  SINCE DEC 1   3106                      3093     13     2612
  SINCE JUL 1   5456                      6113   -657     5105

 COOLING
  YESTERDAY        0                         0      0        0
  MONTH TO DATE    0                         0      0        0
  SINCE DEC 1      0                         0      0        0
  SINCE JAN 1      0                         0      0        0
..................................................................


WIND (MPH)
  RESULTANT WIND SPEED  14   RESULTANT WIND DIRECTION  SE (140)
  HIGHEST WIND SPEED    24   HIGHEST WIND DIRECTION    SE (140)
  HIGHEST GUST SPEED    29   HIGHEST GUST DIRECTION    SE (140)
  AVERAGE WIND SPEED    14.7



WEATHER CONDITIONS
 THE FOLLOWING WEATHER WAS RECORDED YESTERDAY.
  NO SIGNIFICANT WEATHER WAS OBSERVED.


RELATIVE HUMIDITY (PERCENT)
 HIGHEST    96
 LOWEST     60
 AVERAGE    78

..........................................................


THE COLD BAY CLIMATE NORMALS FOR TODAY
                         NORMAL    RECORD    YEAR
 MAXIMUM TEMPERATURE (F)   34        46      1997
                                             1955
 MINIMUM TEMPERATURE (F)   25         1      2008


SUNRISE AND SUNSET
FEBRUARY 26 2017......SUNRISE   847 AM AKST  SUNSET   721 PM AKST
FEBRUARY 27 2017......SUNRISE   845 AM AKST  SUNSET   723 PM AKST

CIVIL TWILIGHT
FEBRUARY 26 2017        START    811 AM GMT     END    759 PM GMT
FEBRUARY 27 2017        START    808 AM GMT     END    801 PM GMT



-  INDICATES NEGATIVE NUMBERS.
R  INDICATES RECORD WAS SET OR TIED.
MM INDICATES DATA IS MISSING.
T  INDICATES TRACE AMOUNT.




$$
&&
------------------------------------------------------
AMOUNT OF DAYLIGHT TODAY  (HOUR:MIN)........10:34
GAIN/LOSS SINCE YESTERDAY (HOUR:MIN:SEC)....+0:04:28

$$
