000
CDAK48 PACD 261304
CLICDB


CLIMATE REPORT
NATIONAL WEATHER SERVICE ANCHORAGE, AK
504 AM AKDT SUN MAR 26 2017


...................................

...THE COLD BAY CLIMATE SUMMARY FOR MARCH 25 2017...

CLIMATE NORMAL PERIOD 1981 TO 2010
CLIMATE RECORD PERIOD 1942 TO 2017


WEATHER ITEM   OBSERVED TIME   RECORD YEAR NORMAL DEPARTURE LAST
                VALUE   (LST)  VALUE       VALUE  FROM      YEAR
                                                  NORMAL
..................................................................
TEMPERATURE (F)
 YESTERDAY
  MAXIMUM         40    521 PM  47    1963  36      4       43
  MINIMUM         23   1026 PM   2    1956  25     -2       32
  AVERAGE         32                        30      2       38

PRECIPITATION (IN)
  YESTERDAY        0.00          0.74 1991   0.07  -0.07     0.01
  MONTH TO DATE    0.01                      2.23  -2.22     0.82
  SINCE MAR 1      0.01                      2.23  -2.22     0.82
  SINCE JAN 1      6.99                      8.37  -1.38     7.30

SNOWFALL (IN)
  YESTERDAY        0.0           4.9  2012   0.4   -0.4     MM
  MONTH TO DATE    T                        10.7  -10.7      0.0
  SINCE MAR 1      T                        10.7  -10.7      0.0
  SINCE JUL 1     36.6                      62.9  -26.3     38.3
  SNOW DEPTH       0

DEGREE DAYS
 HEATING
  YESTERDAY       33                        35     -2       27
  MONTH TO DATE  979                       875    104      756
  SINCE MAR 1    979                       875    104      756
  SINCE JUL 1   6539                      7093   -554     5972

 COOLING
  YESTERDAY        0                         0      0        0
  MONTH TO DATE    0                         0      0        0
  SINCE MAR 1      0                         0      0        0
  SINCE JAN 1      0                         0      0        0
..................................................................


WIND (MPH)
  RESULTANT WIND SPEED   8   RESULTANT WIND DIRECTION  SE (130)
  HIGHEST WIND SPEED    20   HIGHEST WIND DIRECTION    SE (130)
  HIGHEST GUST SPEED    24   HIGHEST GUST DIRECTION    SE (130)
  AVERAGE WIND SPEED     9.0



WEATHER CONDITIONS
 THE FOLLOWING WEATHER WAS RECORDED YESTERDAY.
  NO SIGNIFICANT WEATHER WAS OBSERVED.


RELATIVE HUMIDITY (PERCENT)
 HIGHEST    81
 LOWEST     48
 AVERAGE    65

..........................................................


THE COLD BAY CLIMATE NORMALS FOR TODAY
                         NORMAL    RECORD    YEAR
 MAXIMUM TEMPERATURE (F)   36        47      1974
                                             1965
 MINIMUM TEMPERATURE (F)   26         7      1976


SUNRISE AND SUNSET
MARCH 26 2017.........SUNRISE   836 AM AKDT  SUNSET   918 PM AKDT
MARCH 27 2017.........SUNRISE   834 AM AKDT  SUNSET   919 PM AKDT


-  INDICATES NEGATIVE NUMBERS.
R  INDICATES RECORD WAS SET OR TIED.
MM INDICATES DATA IS MISSING.
T  INDICATES TRACE AMOUNT.




$$
