000
CDAK48 PACD 061222
CLICDB

CLIMATE REPORT
NATIONAL WEATHER SERVICE COLD BAY, AK
423 AM AKDT MON JUL 6 2015

...................................
...THE COLD BAY AP CLIMATE SUMMARY FOR JULY 5 2015...

CLIMATE NORMAL PERIOD  1981 TO  2010
CLIMATE RECORD PERIOD  1955 TO  2015

WEATHER ITEM   OBSERVED TIME    RECORD YEAR NORMAL DEPARTURE LAST
               VALUE    (LST)   VALUE       VALUE  FROM      YEAR
                                                   NORMAL
...................................................................
TEMPERATURE
YESTERDAY
 MAXIMUM            56  0152 PM    65  2014     54       2     65
 MINIMUM            48  1159 PM    37  1964     45       3     50
 AVERAGE            52                          50       2     58

PRECIPITATION
(INCHES)
 YESTERDAY        0.17           0.41  1967   0.08    0.09   0.00
 MONTH TO DATE    0.45                        0.38    0.07   0.00
 SINCE JUN 1      1.56                        3.10   -1.54   1.05
 SINCE JAN 1     14.41                       16.96   -2.55  13.03

SNOWFALL
(INCHES)
 YESTERDAY         0.0            0.0  2015    0.0     0.0    0.0
 MONTH TO DATE     0.0                         0.0     0.0    0.0
 SINCE JUN 1       0.0                         0.0     0.0    0.0
 SINCE JUL 1       0.0                         0.0     0.0    0.0
 SNOW DEPTH (IN)     0                                          0

DEGREE DAYS
 HEATING
  YESTERDAY         13                          15      -2      7
  MONTH TO DATE     59                          78     -19     48
  SINCE JUN 1      519                         640    -121    493
  SINCE JUL 1       59                          78     -19     48

 COOLING
  YESTERDAY          0                           0       0      0
  MONTH TO DATE      0                           0       0      0
  SINCE JUN 1        0                           0       0      0
  SINCE JAN 1        0                           0       0      0
...................................................................

WIND (MPH)
 HIGHEST WIND SPEED    51     HIGHEST WIND DIRECTION    150
 HIGHEST GUST SPEED    64     HIGHEST GUST DIRECTION    150
 AVERAGE WIND SPEED  28.3

WEATHER CONDITIONS
 THE FOLLOWING WEATHER WAS RECORDED YESTERDAY.
  FOG
  RAIN

...................................................................

THE COLD BAY CLIMATE NORMALS FOR TODAY
                           NORMAL    RECORD   YEAR
 MAXIMUM TEMPERATURE (F)     54        67     2014
 MINIMUM TEMPERATURE (F)     45        39     2012

SUNRISE AND SUNSET
 JUL 6 2015..........SUNRISE  6:20 AM      SUNSET 11:32 PM
 JUL 7 2015..........SUNRISE  6:21 AM      SUNSET 11:31 PM

-  INDICATES NEGATIVE NUMBERS.
R  INDICATES RECORD HAS BEEN SET OR TIED.
MM INDICATES DATA IS MISSING.
T  INDICATES TRACE OF PRECIPITATION.

&&
-------------------------------------------------------------------

AMOUNT OF DAYLIGHT TODAY  (HOUR:MIN)........17 HOURS 12 MINUTES
LOSS SINCE YESTERDAY (HOUR:MIN:SEC).........-0:01:45

$$
DK JUL 15
