000
CDAK48 PACD 011117
CLICDB

CLIMATE REPORT
NATIONAL WEATHER SERVICE COLD BAY, AK
317 AM AKDT MON SEP 1 2014

...................................
...THE COLD BAY AP CLIMATE SUMMARY FOR AUGUST 31 2014...

CLIMATE NORMAL PERIOD  1981 TO  2010
CLIMATE RECORD PERIOD  1942 TO  2014

WEATHER ITEM   OBSERVED TIME    RECORD YEAR NORMAL DEPARTURE LAST
               VALUE    (LST)   VALUE       VALUE  FROM      YEAR
                                                   NORMAL
...................................................................
TEMPERATURE
YESTERDAY
 MAXIMUM            59  0447 PM    71  1960     56       3     61
 MINIMUM            45  1156 PM    39  1970     47      -2     53
 AVERAGE            52                          51       1     57

PRECIPITATION
(INCHES)
 YESTERDAY        0.00           1.21  1943   0.14   -0.14   0.77
 MONTH TO DATE    3.25                        3.68   -0.43   6.49
 SINCE JUN 1      6.43                        8.88   -2.45  13.01
 SINCE JAN 1     18.41                       22.74   -4.33  26.92

SNOWFALL
(INCHES)
 YESTERDAY         0.0            0.0  2014    0.0     0.0    0.0
 MONTH TO DATE     0.0                         0.0     0.0    0.0
 SINCE JUN 1       0.0                         0.0     0.0    0.0
 SINCE JUL 1       0.0                         0.0     0.0    0.0
 SNOW DEPTH (IN)     0                                          0

DEGREE DAYS
 HEATING
  YESTERDAY         13                          14      -1      8
  MONTH TO DATE    263                         406    -143    335
  SINCE JUN 1      987                        1406    -419   1180
  SINCE JUL 1      542                         844    -302    671

 COOLING
  YESTERDAY          0                           0       0      0
  MONTH TO DATE      0                           0       0      0
  SINCE JUN 1        0                           0       0      0
  SINCE JAN 1        0                           0       0      0
...................................................................

WIND (MPH)
 HIGHEST WIND SPEED    21     HIGHEST WIND DIRECTION    360
 HIGHEST GUST SPEED    24     HIGHEST GUST DIRECTION    350
 AVERAGE WIND SPEED  10.8


WEATHER CONDITIONS
 THE FOLLOWING WEATHER WAS RECORDED YESTERDAY.
  NO SIGNIFICANT WEATHER WAS OBSERVED.


...................................................................

THE COLD BAY CLIMATE NORMALS FOR TODAY
                           NORMAL    RECORD   YEAR
 MAXIMUM TEMPERATURE (F)     56        70     1960
 MINIMUM TEMPERATURE (F)     47        35     1964

SUNRISE AND SUNSET
 SEP 1 2014..........SUNRISE  7:58 AM      SUNSET  9:44 PM
 SEP 2 2014..........SUNRISE  8:00 AM      SUNSET  9:41 PM

-  INDICATES NEGATIVE NUMBERS.
R  INDICATES RECORD HAS BEEN SET OR TIED.
MM INDICATES DATA IS MISSING.
T  INDICATES TRACE OF PRECIPITATION.

&&
-------------------------------------------------------------------

AMOUNT OF DAYLIGHT TODAY  (HOUR:MIN)........13 HOURS 46 MINUTES
LOSS SINCE YESTERDAY (HOUR:MIN:SEC).........-0:04:24

$$
JEG SEP 14
