000
CDAK48 PACD 201203
CLICDB

CLIMATE REPORT
NATIONAL WEATHER SERVICE COLD BAY, AK
403 AM AKDT WED AUG 20 2014

...................................
...THE COLD BAY AP CLIMATE SUMMARY FOR AUGUST 19 2014...

CLIMATE NORMAL PERIOD  1981 TO  2010
CLIMATE RECORD PERIOD  1942 TO  2014

WEATHER ITEM   OBSERVED TIME    RECORD YEAR NORMAL DEPARTURE LAST
               VALUE    (LST)   VALUE       VALUE  FROM      YEAR
                                                   NORMAL
...................................................................
TEMPERATURE
YESTERDAY
 MAXIMUM            66R 0245 PM    65  2004     57       9     52
 MINIMUM            50  1134 PM    38  1963     48       2     50
 AVERAGE            58                          52       6     51

PRECIPITATION
(INCHES)
 YESTERDAY        0.00           1.06  2006   0.12   -0.12   0.06
 MONTH TO DATE    2.06                        2.12   -0.06   2.33
 SINCE JUN 1      5.24                        7.32   -2.08   8.85
 SINCE JAN 1     17.22                       21.18   -3.96  22.76

SNOWFALL
(INCHES)
 YESTERDAY         0.0            0.0  2014    0.0     0.0    0.0
 MONTH TO DATE     0.0                         0.0     0.0    0.0
 SINCE JUN 1       0.0                         0.0     0.0    0.0
 SINCE JUL 1       0.0                         0.0     0.0    0.0
 SNOW DEPTH (IN)     0                                          0

DEGREE DAYS
 HEATING
  YESTERDAY          7                          13      -6     14
  MONTH TO DATE    142                         247    -105    210
  SINCE JUN 1      866                        1247    -381   1055
  SINCE JUL 1      421                         685    -264    546

 COOLING
  YESTERDAY          0                           0       0      0
  MONTH TO DATE      0                           0       0      0
  SINCE JUN 1        0                           0       0      0
  SINCE JAN 1        0                           0       0      0
...................................................................

WIND (MPH)
 HIGHEST WIND SPEED    22     HIGHEST WIND DIRECTION    360
 HIGHEST GUST SPEED    26     HIGHEST GUST DIRECTION    360
 AVERAGE WIND SPEED   9.8


WEATHER CONDITIONS
 THE FOLLOWING WEATHER WAS RECORDED YESTERDAY.
  NO SIGNIFICANT WEATHER WAS OBSERVED.

...................................................................

THE COLD BAY CLIMATE NORMALS FOR TODAY
                           NORMAL    RECORD   YEAR
 MAXIMUM TEMPERATURE (F)     57        68     1954
 MINIMUM TEMPERATURE (F)     48        39     1988

SUNRISE AND SUNSET
 AUG 20 2014..........SUNRISE  7:35 AM      SUNSET 10:13 PM
 AUG 21 2014..........SUNRISE  7:37 AM      SUNSET 10:11 PM

-  INDICATES NEGATIVE NUMBERS.
R  INDICATES RECORD HAS BEEN SET OR TIED.
MM INDICATES DATA IS MISSING.
T  INDICATES TRACE OF PRECIPITATION.

&&
-------------------------------------------------------------------

AMOUNT OF DAYLIGHT TODAY  (HOUR:MIN)........14 HOURS 38 MINUTES
LOSS SINCE YESTERDAY (HOUR:MIN:SEC).........-0:04:15

$$

RCS AUG 14
