000
CDAK48 PACD 281112
CLICDB

CLIMATE REPORT
NATIONAL WEATHER SERVICE COLD BAY, AK
312 AM AKDT THU APR 28 2016

...................................
...THE COLD BAY AP CLIMATE SUMMARY FOR APRIL 27 2016...

CLIMATE NORMAL PERIOD  1981 TO  2010
CLIMATE RECORD PERIOD  1950 TO  2016

WEATHER ITEM   OBSERVED TIME    RECORD YEAR NORMAL DEPARTURE LAST
               VALUE    (LST)   VALUE       VALUE  FROM      YEAR
                                                   NORMAL
...................................................................
TEMPERATURE
YESTERDAY
 MAXIMUM            42  0456 PM    49  2012     42       0     46
 MINIMUM            37  1122 PM    19  1976     31       6     30
 AVERAGE            40                          36       4     38

PRECIPITATION
(INCHES)
 YESTERDAY        0.10           1.08  1979   0.08    0.02   0.12
 MONTH TO DATE    2.92                        2.19    0.73   1.62
 SINCE MAR 1      4.11                        4.89   -0.78   4.77
 SINCE JAN 1     10.60                       11.03   -0.43   7.28

SNOWFALL
(INCHES)
 YESTERDAY         0.0            0.9  1988    0.1    -0.1    0.0
 MONTH TO DATE     0.7                         6.2    -5.5    8.0
 SINCE MAR 1       8.2                        19.2   -11.0   13.6
 SINCE JUL 1      50.1                        71.4   -21.3   22.3
 SNOW DEPTH (IN)     0                                          0

DEGREE DAYS
 HEATING
  YESTERDAY         25                          29      -4     27
  MONTH TO DATE    670                         846    -176    831
  SINCE MAR 1     1658                        1925    -267   1773
  SINCE JUL 1     7383                        8149    -766   7146

 COOLING
  YESTERDAY          0                           0       0      0
  MONTH TO DATE      0                           0       0      0
  SINCE MAR 1        0                           0       0      0
  SINCE JAN 1        0                           0       0      0
...................................................................

WIND (MPH)
 HIGHEST WIND SPEED    26     HIGHEST WIND DIRECTION    140
 HIGHEST GUST SPEED    32     HIGHEST GUST DIRECTION    140
 AVERAGE WIND SPEED  14.7

WEATHER CONDITIONS
 THE FOLLOWING WEATHER WAS RECORDED YESTERDAY.
  RAIN

...................................................................

THE COLD BAY CLIMATE NORMALS FOR TODAY
                           NORMAL    RECORD   YEAR
 MAXIMUM TEMPERATURE (F)     42        52     1993
 MINIMUM TEMPERATURE (F)     32        15     1976

SUNRISE AND SUNSET
 APR 28 2016..........SUNRISE  7:15 AM      SUNSET 10:24 PM
 APR 29 2016..........SUNRISE  7:13 AM      SUNSET 10:25 PM

-  INDICATES NEGATIVE NUMBERS.
R  INDICATES RECORD HAS BEEN SET OR TIED.
MM INDICATES DATA IS MISSING.
T  INDICATES TRACE OF PRECIPITATION.

&&
-------------------------------------------------------------------

AMOUNT OF DAYLIGHT TODAY  (HOUR:MIN)........15 HOURS 9 MINUTES
GAIN SINCE YESTERDAY (HOUR:MIN:SEC).........+0:04:11

$$
RCS APR 16
