930
CDUS45 KSLC 060036
CLICDC


CLIMATE REPORT
NATIONAL WEATHER SERVICE SALT LAKE CITY UT
536 PM MST FRI FEB 5 2016


...................................

...THE CEDAR CITY UT CLIMATE SUMMARY FOR FEBRUARY 5 2016...
VALID TODAY AS OF 0500 PM LOCAL TIME.

CLIMATE NORMAL PERIOD 1981 TO 2010
CLIMATE RECORD PERIOD 1928 TO 2016


WEATHER ITEM   OBSERVED TIME   RECORD YEAR NORMAL DEPARTURE LAST
                VALUE   (LST)  VALUE       VALUE  FROM      YEAR
                                                  NORMAL
..................................................................
TEMPERATURE (F)
 TODAY
  MAXIMUM         35    329 PM  70    1963  44     -9       65
  MINIMUM          4    539 AM -16    1989  19    -15       31
  AVERAGE         20                        31    -11       48

PRECIPITATION (IN)
  TODAY            0.00          0.12 1999   0.03  -0.03     0.00
  MONTH TO DATE    0.33                      0.15   0.18     0.00
  SINCE OCT 1      4.99                      4.12   0.87     2.66
  SINCE JAN 1      1.43                      1.01   0.42     0.53

DEGREE DAYS
 HEATING
  TODAY           45                        34     11       17
  MONTH TO DATE  259                       170     89      105
  SINCE DEC 1   2511                      2403    108     2053
  SINCE JUL 1   3743                      3845   -102     3244

 COOLING
  TODAY            0                         0      0        0
  MONTH TO DATE    0                         0      0        0
  SINCE DEC 1      0                         0      0        0
  SINCE JAN 1      0                         0      0        0
..................................................................


WIND (MPH)
  RESULTANT WIND SPEED   4   RESULTANT WIND DIRECTION  NE (60)
  HIGHEST WIND SPEED     9   HIGHEST WIND DIRECTION     E (70)
  HIGHEST GUST SPEED    12   HIGHEST GUST DIRECTION    NE (60)
  AVERAGE WIND SPEED     4.3



WEATHER CONDITIONS
 THE FOLLOWING WEATHER WAS RECORDED TODAY.
  NO SIGNIFICANT WEATHER WAS OBSERVED.


RELATIVE HUMIDITY (PERCENT)
 HIGHEST    96          1000 AM
 LOWEST     59           300 PM
 AVERAGE    78

..........................................................


THE CEDAR CITY UT CLIMATE NORMALS FOR TOMORROW
                         NORMAL    RECORD    YEAR
 MAXIMUM TEMPERATURE (F)   44        68      1963
 MINIMUM TEMPERATURE (F)   19       -24      1989


SUNRISE AND SUNSET
FEBRUARY  5 2016......SUNRISE   733 AM MST   SUNSET   600 PM MST
FEBRUARY  6 2016......SUNRISE   732 AM MST   SUNSET   601 PM MST


-  INDICATES NEGATIVE NUMBERS.
R  INDICATES RECORD WAS SET OR TIED.
MM INDICATES DATA IS MISSING.
T  INDICATES TRACE AMOUNT.




$$
