000
CDUS45 KSLC 041226
CLICDC


CLIMATE REPORT
NATIONAL WEATHER SERVICE SALT LAKE CITY UT
526 AM MST SUN DEC 4 2016


...................................

...THE CEDAR CITY UT CLIMATE SUMMARY FOR DECEMBER 3 2016...

CLIMATE NORMAL PERIOD 1981 TO 2010
CLIMATE RECORD PERIOD 1928 TO 2016


WEATHER ITEM   OBSERVED TIME   RECORD YEAR NORMAL DEPARTURE LAST
                VALUE   (LST)  VALUE       VALUE  FROM      YEAR
                                                  NORMAL
..................................................................
TEMPERATURE (F)
 YESTERDAY
  MAXIMUM         43    323 PM  68    1977  44     -1       53
  MINIMUM         11    723 AM  -1    2004  18     -7       17
  AVERAGE         27                        31     -4       35

PRECIPITATION (IN)
  YESTERDAY        0.00          0.69 2013   0.02  -0.02     0.00
  MONTH TO DATE    T                         0.07  -0.07     0.00
  SINCE OCT 1      1.71                      2.34  -0.63     2.23
  SINCE JAN 1      9.63                     10.54  -0.91    12.02

DEGREE DAYS
 HEATING
  YESTERDAY       38                        34      4       30
  MONTH TO DATE  114                       102     12      102
  SINCE DEC 1    114                       102     12      102
  SINCE JUL 1   1211                      1544   -333     1334

 COOLING
  YESTERDAY        0                         0      0        0
  MONTH TO DATE    0                         0      0        0
  SINCE DEC 1      0                         0      0        0
  SINCE JAN 1    826                       588    238      706
..................................................................


WIND (MPH)
  RESULTANT WIND SPEED   4   RESULTANT WIND DIRECTION   N (10)
  HIGHEST WIND SPEED    14   HIGHEST WIND DIRECTION     N (350)
  HIGHEST GUST SPEED    17   HIGHEST GUST DIRECTION     N (360)
  AVERAGE WIND SPEED     4.2



WEATHER CONDITIONS
 THE FOLLOWING WEATHER WAS RECORDED YESTERDAY.
  NO SIGNIFICANT WEATHER WAS OBSERVED.


RELATIVE HUMIDITY (PERCENT)
 HIGHEST    88          1200 AM
 LOWEST     27           300 PM
 AVERAGE    58

..........................................................


THE CEDAR CITY UT CLIMATE NORMALS FOR TODAY
                         NORMAL    RECORD    YEAR
 MAXIMUM TEMPERATURE (F)   44        66      1958
 MINIMUM TEMPERATURE (F)   17       -11      2013


SUNRISE AND SUNSET
DECEMBER  4 2016......SUNRISE   732 AM MST   SUNSET   514 PM MST
DECEMBER  5 2016......SUNRISE   733 AM MST   SUNSET   513 PM MST


-  INDICATES NEGATIVE NUMBERS.
R  INDICATES RECORD WAS SET OR TIED.
MM INDICATES DATA IS MISSING.
T  INDICATES TRACE AMOUNT.




$$
