000
CDUS45 KSLC 271233
CLICDC


CLIMATE REPORT
NATIONAL WEATHER SERVICE SALT LAKE CITY UT
532 AM MST FRI FEB 27 2015


...................................

...THE CEDAR CITY UT CLIMATE SUMMARY FOR FEBRUARY 26 2015...

CLIMATE NORMAL PERIOD 1981 TO 2010
CLIMATE RECORD PERIOD 1928 TO 2015


WEATHER ITEM   OBSERVED TIME   RECORD YEAR NORMAL DEPARTURE LAST
                VALUE   (LST)  VALUE       VALUE  FROM      YEAR
                                                  NORMAL
..................................................................
TEMPERATURE (F)
 YESTERDAY
  MAXIMUM         48    411 PM  67    1989  49     -1       63
  MINIMUM         22    237 AM -14    1971  23     -1       22
  AVERAGE         35                        36     -1       43

PRECIPITATION (IN)
  YESTERDAY        0.00          0.52 2011   0.05  -0.05     0.00
  MONTH TO DATE    0.92                      0.92   0.00     0.06
  SINCE OCT 1      3.58                      4.89  -1.31     2.44
  SINCE JAN 1      1.45                      1.78  -0.33     0.50

DEGREE DAYS
 HEATING
  YESTERDAY       30                        29      1       22
  MONTH TO DATE  633                       828   -195      708
  SINCE DEC 1   2581                      3061   -480     3011
  SINCE JUL 1   3772                      4503   -731     4539

 COOLING
  YESTERDAY        0                         0      0        0
  MONTH TO DATE    0                         0      0        0
  SINCE DEC 1      0                         0      0        0
  SINCE JAN 1      0                         0      0        0
..................................................................


WIND (MPH)
  RESULTANT WIND SPEED   2   RESULTANT WIND DIRECTION  NE (50)
  HIGHEST WIND SPEED    15   HIGHEST WIND DIRECTION     N (10)
  HIGHEST GUST SPEED    20   HIGHEST GUST DIRECTION     N (10)
  AVERAGE WIND SPEED     5.8



WEATHER CONDITIONS
 THE FOLLOWING WEATHER WAS RECORDED YESTERDAY.
  NO SIGNIFICANT WEATHER WAS OBSERVED.


RELATIVE HUMIDITY (PERCENT)
 HIGHEST    82           900 PM
 LOWEST     37           200 PM
 AVERAGE    60

..........................................................


THE CEDAR CITY UT CLIMATE NORMALS FOR TODAY
                         NORMAL    RECORD    YEAR
 MAXIMUM TEMPERATURE (F)   50        67      1972
 MINIMUM TEMPERATURE (F)   23       -22      1962


SUNRISE AND SUNSET
FEBRUARY 27 2015......SUNRISE   707 AM MST   SUNSET   624 PM MST
FEBRUARY 28 2015......SUNRISE   705 AM MST   SUNSET   625 PM MST


-  INDICATES NEGATIVE NUMBERS.
R  INDICATES RECORD WAS SET OR TIED.
MM INDICATES DATA IS MISSING.
T  INDICATES TRACE AMOUNT.




$$
