000
CDUS45 KSLC 231245
CLICDC


CLIMATE REPORT
NATIONAL WEATHER SERVICE SALT LAKE CITY UT
645 AM MDT WED APR 23 2014


...................................

...THE CEDAR CITY UT CLIMATE SUMMARY FOR APRIL 22 2014...

CLIMATE NORMAL PERIOD 1981 TO 2010
CLIMATE RECORD PERIOD 1928 TO 2014


WEATHER ITEM   OBSERVED TIME   RECORD YEAR NORMAL DEPARTURE LAST
                VALUE   (LST)  VALUE       VALUE  FROM      YEAR
                                                  NORMAL
..................................................................
TEMPERATURE (F)
 YESTERDAY
  MAXIMUM         73    222 PM  84    2012  63     10       72
  MINIMUM         38   1148 PM  22    1963  33      5       35
  AVERAGE         56                        48      8       54

PRECIPITATION (IN)
  YESTERDAY        0.00          0.58 1957   0.03  -0.03     0.00
  MONTH TO DATE    T                         0.82  -0.82     0.91
  SINCE OCT 1      3.30                      7.14  -3.84     6.43
  SINCE JAN 1      1.36                      4.03  -2.67     3.72

DEGREE DAYS
 HEATING
  YESTERDAY        9                        17     -8       11
  MONTH TO DATE  347                       431    -84      448
  SINCE MAR 1   1077                      1203   -126     1108
  SINCE JUL 1   5664                      5765   -101     5728

 COOLING
  YESTERDAY        0                         0      0        0
  MONTH TO DATE    0                         0      0        0
  SINCE MAR 1      0                         0      0        0
  SINCE JAN 1      0                         0      0        0
..................................................................


WIND (MPH)
  RESULTANT WIND SPEED  16   RESULTANT WIND DIRECTION  SW (210)
  HIGHEST WIND SPEED    44   HIGHEST WIND DIRECTION    SW (210)
  HIGHEST GUST SPEED    59   HIGHEST GUST DIRECTION    SW (210)
  AVERAGE WIND SPEED    17.5



WEATHER CONDITIONS
 THE FOLLOWING WEATHER WAS RECORDED YESTERDAY.
  HAZE


RELATIVE HUMIDITY (PERCENT)
 HIGHEST    38          1200 AM
 LOWEST     11           900 PM
 AVERAGE    25

..........................................................


THE CEDAR CITY UT CLIMATE NORMALS FOR TODAY
                         NORMAL    RECORD    YEAR
 MAXIMUM TEMPERATURE (F)   64        86      2012
 MINIMUM TEMPERATURE (F)   34        22      1970


SUNRISE AND SUNSET
APRIL 23 2014.........SUNRISE   647 AM MDT   SUNSET   815 PM MDT
APRIL 24 2014.........SUNRISE   645 AM MDT   SUNSET   816 PM MDT


-  INDICATES NEGATIVE NUMBERS.
R  INDICATES RECORD WAS SET OR TIED.
MM INDICATES DATA IS MISSING.
T  INDICATES TRACE AMOUNT.




$$
