000
CDUS45 KSLC 101243
CLICDC


CLIMATE REPORT
NATIONAL WEATHER SERVICE SALT LAKE CITY UT
641 AM MDT THU JUL 10 2014


...................................

...THE CEDAR CITY UT CLIMATE SUMMARY FOR JULY 9 2014...

CLIMATE NORMAL PERIOD 1981 TO 2010
CLIMATE RECORD PERIOD 1928 TO 2014


WEATHER ITEM   OBSERVED TIME   RECORD YEAR NORMAL DEPARTURE LAST
                VALUE   (LST)  VALUE       VALUE  FROM      YEAR
                                                  NORMAL
..................................................................
TEMPERATURE (F)
 YESTERDAY
  MAXIMUM         88   1230 PM 102    1976  90     -2       96
  MINIMUM         64   1111 PM  45    1959  56      8       56
  AVERAGE         76                        73      3       76

PRECIPITATION (IN)
  YESTERDAY        T             0.39 1975   0.02  -0.02     0.00
  MONTH TO DATE    0.19                      0.15   0.04     0.59
  SINCE OCT 1      5.56                      8.83  -3.27     7.37
  SINCE JAN 1      3.62                      5.72  -2.10     4.66

DEGREE DAYS
 HEATING
  YESTERDAY        0                         0      0        0
  MONTH TO DATE    0                         0      0        0
  SINCE JUN 1     27                        76    -49       11
  SINCE JUL 1      0                         0      0        0

 COOLING
  YESTERDAY       11                         8      3       11
  MONTH TO DATE   90                        63     27      106
  SINCE JUN 1    190                       156     34      257
  SINCE JAN 1    215                       164     51      259
..................................................................


WIND (MPH)
  RESULTANT WIND SPEED   2   RESULTANT WIND DIRECTION  SE (130)
  HIGHEST WIND SPEED    25   HIGHEST WIND DIRECTION     W (260)
  HIGHEST GUST SPEED    40   HIGHEST GUST DIRECTION     W (250)
  AVERAGE WIND SPEED     8.1



WEATHER CONDITIONS
 THE FOLLOWING WEATHER WAS RECORDED YESTERDAY.
  THUNDERSTORM
  LIGHT RAIN


RELATIVE HUMIDITY (PERCENT)
 HIGHEST    58          1100 PM
 LOWEST     28           200 PM
 AVERAGE    43

..........................................................


THE CEDAR CITY UT CLIMATE NORMALS FOR TODAY
                         NORMAL    RECORD    YEAR
 MAXIMUM TEMPERATURE (F)   90       103      1976
 MINIMUM TEMPERATURE (F)   56        44      1983


SUNRISE AND SUNSET
JULY 10 2014..........SUNRISE   619 AM MDT   SUNSET   856 PM MDT
JULY 11 2014..........SUNRISE   620 AM MDT   SUNSET   855 PM MDT


-  INDICATES NEGATIVE NUMBERS.
R  INDICATES RECORD WAS SET OR TIED.
MM INDICATES DATA IS MISSING.
T  INDICATES TRACE AMOUNT.




$$
