000
CDUS45 KSLC 281237
CLICDC


CLIMATE REPORT
NATIONAL WEATHER SERVICE SALT LAKE CITY UT
636 AM MDT SAT MAY 28 2016


...................................

...THE CEDAR CITY UT CLIMATE SUMMARY FOR MAY 27 2016...

CLIMATE NORMAL PERIOD 1981 TO 2010
CLIMATE RECORD PERIOD 1928 TO 2016


WEATHER ITEM   OBSERVED TIME   RECORD YEAR NORMAL DEPARTURE LAST
                VALUE   (LST)  VALUE       VALUE  FROM      YEAR
                                                  NORMAL
..................................................................
TEMPERATURE (F)
 YESTERDAY
  MAXIMUM         70    315 PM  90    2003  76     -6       75
                                      1986
  MINIMUM         33R   524 AM  33    2008  42     -9       43
                                      1995
  AVERAGE         52                        59     -7       59

PRECIPITATION (IN)
  YESTERDAY        T             0.22 1975   0.03  -0.03     0.00
  MONTH TO DATE    0.33                      0.67  -0.34     3.12
  SINCE OCT 1      7.94                      8.05  -0.11     8.94
  SINCE JAN 1      4.38                      4.94  -0.56     6.81

DEGREE DAYS
 HEATING
  YESTERDAY       13                         6      7        6
  MONTH TO DATE  282                       268     14      325
  SINCE MAR 1   1447                      1592   -145     1493
  SINCE JUL 1   5861                      6154   -293     5331

 COOLING
  YESTERDAY        0                         1     -1        0
  MONTH TO DATE    3                         1      2        0
  SINCE MAR 1      3                         1      2        0
  SINCE JAN 1      3                         1      2        0
..................................................................


WIND (MPH)
  RESULTANT WIND SPEED   2   RESULTANT WIND DIRECTION   S (180)
  HIGHEST WIND SPEED    22   HIGHEST WIND DIRECTION    SW (220)
  HIGHEST GUST SPEED    27   HIGHEST GUST DIRECTION    SW (210)
  AVERAGE WIND SPEED     4.5



WEATHER CONDITIONS
 THE FOLLOWING WEATHER WAS RECORDED YESTERDAY.
  NO SIGNIFICANT WEATHER WAS OBSERVED.


RELATIVE HUMIDITY (PERCENT)
 HIGHEST    92           600 AM
 LOWEST     25           300 PM
 AVERAGE    59

..........................................................


THE CEDAR CITY UT CLIMATE NORMALS FOR TODAY
                         NORMAL    RECORD    YEAR
 MAXIMUM TEMPERATURE (F)   77        95      1984
 MINIMUM TEMPERATURE (F)   42        29      2006


SUNRISE AND SUNSET
MAY 28 2016...........SUNRISE   614 AM MDT   SUNSET   846 PM MDT
MAY 29 2016...........SUNRISE   613 AM MDT   SUNSET   847 PM MDT


-  INDICATES NEGATIVE NUMBERS.
R  INDICATES RECORD WAS SET OR TIED.
MM INDICATES DATA IS MISSING.
T  INDICATES TRACE AMOUNT.




$$
