000
CDUS45 KSLC 191228
CLICDC


CLIMATE REPORT
NATIONAL WEATHER SERVICE SALT LAKE CITY UT
527 AM MST FRI DEC 19 2014


...................................

...THE CEDAR CITY UT CLIMATE SUMMARY FOR DECEMBER 18 2014...

CLIMATE NORMAL PERIOD 1981 TO 2010
CLIMATE RECORD PERIOD 1928 TO 2014


WEATHER ITEM   OBSERVED TIME   RECORD YEAR NORMAL DEPARTURE LAST
                VALUE   (LST)  VALUE       VALUE  FROM      YEAR
                                                  NORMAL
..................................................................
TEMPERATURE (F)
 YESTERDAY
  MAXIMUM         44    316 PM  67    1958  41      3       49
  MINIMUM         28   1158 PM  -2    1992  16     12       17
  AVERAGE         36                        28      8       33

PRECIPITATION (IN)
  YESTERDAY        T             0.76 2012   0.03  -0.03      T
  MONTH TO DATE    0.44                      0.47  -0.03     0.83
  SINCE OCT 1      1.79                      2.74  -0.95     1.86
  SINCE JAN 1      9.47                     10.94  -1.47    14.90

DEGREE DAYS
 HEATING
  YESTERDAY       29                        37     -8       32
  MONTH TO DATE  463                       641   -178      847
  SINCE DEC 1    463                       641   -178      847
  SINCE JUL 1   1654                      2083   -429     2375

 COOLING
  YESTERDAY        0                         0      0        0
  MONTH TO DATE    0                         0      0        0
  SINCE DEC 1      0                         0      0        0
  SINCE JAN 1    607                       588     19      667
..................................................................


WIND (MPH)
  RESULTANT WIND SPEED   2   RESULTANT WIND DIRECTION   S (160)
  HIGHEST WIND SPEED     9   HIGHEST WIND DIRECTION     N (350)
  HIGHEST GUST SPEED    11   HIGHEST GUST DIRECTION     N (340)
  AVERAGE WIND SPEED     3.9



WEATHER CONDITIONS
 THE FOLLOWING WEATHER WAS RECORDED YESTERDAY.
  FOG
  FOG W/VISIBILITY <= 1/4 MILE


RELATIVE HUMIDITY (PERCENT)
 HIGHEST    92           500 AM
 LOWEST     51           500 PM
 AVERAGE    72

..........................................................


THE CEDAR CITY UT CLIMATE NORMALS FOR TODAY
                         NORMAL    RECORD    YEAR
 MAXIMUM TEMPERATURE (F)   41        60      1958
 MINIMUM TEMPERATURE (F)   16        -7      1992


SUNRISE AND SUNSET
DECEMBER 19 2014......SUNRISE   743 AM MST   SUNSET   516 PM MST
DECEMBER 20 2014......SUNRISE   743 AM MST   SUNSET   517 PM MST


-  INDICATES NEGATIVE NUMBERS.
R  INDICATES RECORD WAS SET OR TIED.
MM INDICATES DATA IS MISSING.
T  INDICATES TRACE AMOUNT.




$$
