000
CDUS45 KSLC 290045
CLICDC


CLIMATE REPORT
NATIONAL WEATHER SERVICE SALT LAKE CITY UT
645 PM MDT WED JUN 28 2017


...................................

...THE CEDAR CITY UT CLIMATE SUMMARY FOR JUNE 28 2017...
VALID TODAY AS OF 0500 PM LOCAL TIME.

CLIMATE NORMAL PERIOD 1981 TO 2010
CLIMATE RECORD PERIOD 1928 TO 2017


WEATHER ITEM   OBSERVED TIME   RECORD YEAR NORMAL DEPARTURE LAST
                VALUE   (LST)  VALUE       VALUE  FROM      YEAR
                                                  NORMAL
..................................................................
TEMPERATURE (F)
 TODAY
  MAXIMUM         92    350 PM 101    2013  87      5       93
                                      1976
  MINIMUM         53    556 AM  36    1991  52      1       69
  AVERAGE         73                        70      3       81

PRECIPITATION (IN)
  TODAY            0.00          0.09 1987   0.01  -0.01     0.00
  MONTH TO DATE    0.00                      0.50  -0.50     0.04
  SINCE OCT 1      8.25                      8.65  -0.40     7.98
  SINCE JAN 1      5.42                      5.54  -0.12     4.42

DEGREE DAYS
 HEATING
  TODAY            0                         1     -1        0
  MONTH TO DATE   23                        76    -53        4
  SINCE JUN 1     23                        76    -53        4
  SINCE JUL 1   5447                      6255   -808     5879

 COOLING
  TODAY            8                         5      3       16
  MONTH TO DATE  183                        81    102      214
  SINCE JUN 1    183                        81    102      214
  SINCE JAN 1    188                        89     99      217
..................................................................


WIND (MPH)
  RESULTANT WIND SPEED   9   RESULTANT WIND DIRECTION   S (200)
  HIGHEST WIND SPEED    23   HIGHEST WIND DIRECTION     S (200)
  HIGHEST GUST SPEED    32   HIGHEST GUST DIRECTION     S (200)
  AVERAGE WIND SPEED    10.5



WEATHER CONDITIONS
 THE FOLLOWING WEATHER WAS RECORDED TODAY.
  NO SIGNIFICANT WEATHER WAS OBSERVED.


RELATIVE HUMIDITY (PERCENT)
 HIGHEST    32           600 AM
 LOWEST      5           200 PM
 AVERAGE    19

..........................................................


THE CEDAR CITY UT CLIMATE NORMALS FOR TOMORROW
                         NORMAL    RECORD    YEAR
 MAXIMUM TEMPERATURE (F)   88       100      2013
 MINIMUM TEMPERATURE (F)   53        40      1969


SUNRISE AND SUNSET
JUNE 28 2017..........SUNRISE   613 AM MDT   SUNSET   858 PM MDT
JUNE 29 2017..........SUNRISE   614 AM MDT   SUNSET   858 PM MDT


-  INDICATES NEGATIVE NUMBERS.
R  INDICATES RECORD WAS SET OR TIED.
MM INDICATES DATA IS MISSING.
T  INDICATES TRACE AMOUNT.




$$
