000
CDUS45 KCYS 220726
CLICDR


CLIMATE REPORT
NATIONAL WEATHER SERVICE CHEYENNE WY
126 AM MDT MON SEP 22 2014


...................................

...THE CHADRON NE AIRPORT CLIMATE SUMMARY FOR SEPTEMBER 21 2014...

CLIMATE NORMAL PERIOD 1981 TO 2010
CLIMATE RECORD PERIOD 1895 TO 2014


WEATHER ITEM   OBSERVED TIME   RECORD YEAR NORMAL DEPARTURE LAST
                VALUE   (LST)  VALUE       VALUE  FROM      YEAR
                                                  NORMAL
..................................................................
TEMPERATURE (F)
 YESTERDAY
  MAXIMUM         78    309 PM  94    2013  75      3       94
                                      1922
  MINIMUM         39    532 AM  21    1983  42     -3       36
  AVERAGE         59                        58      1       65

PRECIPITATION (IN)
  YESTERDAY        0.00          1.03 1963   0.06  -0.06     0.00
  MONTH TO DATE    0.60                      1.24  -0.64     0.67
  SINCE JAN 1     15.12                     15.11   0.01    13.03

DEGREE DAYS
 HEATING
  YESTERDAY        6                         8     -2        0
  MONTH TO DATE  127                        95     32       32
  SINCE SEP 1    127                        95     32       32
  SINCE JUL 1    141                       125     16       32

 COOLING
  YESTERDAY        0                         1     -1        0
  MONTH TO DATE   35                        56    -21      139
  SINCE SEP 1     35                        56    -21      139
  SINCE JAN 1    620                       703    -83      907
..................................................................


WIND (MPH)
  HIGHEST WIND SPEED    16   HIGHEST WIND DIRECTION     S (160)
  HIGHEST GUST SPEED    20   HIGHEST GUST DIRECTION     S (160)
  AVERAGE WIND SPEED     6.0


SKY COVER
  AVERAGE SKY COVER 0.0


WEATHER CONDITIONS
 THE FOLLOWING WEATHER WAS RECORDED YESTERDAY.
  NO SIGNIFICANT WEATHER WAS OBSERVED.


RELATIVE HUMIDITY (PERCENT)
 HIGHEST    92           200 AM
 LOWEST     26           200 PM
 AVERAGE    59

..........................................................


THE CHADRON NE AIRPORT CLIMATE NORMALS FOR TODAY
                         NORMAL    RECORD    YEAR
 MAXIMUM TEMPERATURE (F)   75        97      1967
 MINIMUM TEMPERATURE (F)   41        27      1916


SUNRISE AND SUNSET
SEPTEMBER 22 2014.....SUNRISE   640 AM MDT   SUNSET   650 PM MDT
SEPTEMBER 23 2014.....SUNRISE   641 AM MDT   SUNSET   648 PM MDT


-  INDICATES NEGATIVE NUMBERS.
R  INDICATES RECORD WAS SET OR TIED.
MM INDICATES DATA IS MISSING.
T  INDICATES TRACE AMOUNT.




$$
