000
CDUS45 KCYS 280739
CLICDR


CLIMATE REPORT
NATIONAL WEATHER SERVICE CHEYENNE WY
139 AM MDT SAT MAY 28 2016


...................................

...THE CHADRON NE AIRPORT CLIMATE SUMMARY FOR MAY 27 2016...

CLIMATE NORMAL PERIOD 1981 TO 2010
CLIMATE RECORD PERIOD 1895 TO 2016


WEATHER ITEM   OBSERVED TIME   RECORD YEAR NORMAL DEPARTURE LAST
                VALUE   (LST)  VALUE       VALUE  FROM      YEAR
                                                  NORMAL
..................................................................
TEMPERATURE (F)
 YESTERDAY
  MAXIMUM         63    559 PM  98    1969  74    -11       73
  MINIMUM         45   1107 PM  33    1951  45      0       54
                                      1947
  AVERAGE         54                        60     -6       64

PRECIPITATION (IN)
  YESTERDAY        0.03          1.55 1996   0.10  -0.07     0.67
  MONTH TO DATE    0.65                      2.35  -1.70     6.33
  SINCE JAN 1      7.10                      6.53   0.57     8.95

DEGREE DAYS
 HEATING
  YESTERDAY       11                         6      5        1
  MONTH TO DATE  311                       280     31      360
  SINCE MAR 1   1526                      1791   -265     1575
  SINCE JUL 1   6258                      7043   -785     6520

 COOLING
  YESTERDAY        0                         1     -1        0
  MONTH TO DATE    4                        11     -7        0
  SINCE MAR 1      6                        13     -7        0
  SINCE JAN 1      6                        13     -7        0
..................................................................


WIND (MPH)
  HIGHEST WIND SPEED    21   HIGHEST WIND DIRECTION    SE (130)
  HIGHEST GUST SPEED    24   HIGHEST GUST DIRECTION    SE (120)
  AVERAGE WIND SPEED     4.1


SKY COVER
  AVERAGE SKY COVER 0.5


WEATHER CONDITIONS
 THE FOLLOWING WEATHER WAS RECORDED YESTERDAY.
  THUNDERSTORM
  LIGHT RAIN


RELATIVE HUMIDITY (PERCENT)
 HIGHEST    93          1200 AM
 LOWEST     52           600 PM
 AVERAGE    73

..........................................................


THE CHADRON NE AIRPORT CLIMATE NORMALS FOR TODAY
                         NORMAL    RECORD    YEAR
 MAXIMUM TEMPERATURE (F)   75        98      1934
 MINIMUM TEMPERATURE (F)   45        27      1947


SUNRISE AND SUNSET
MAY 28 2016...........SUNRISE   518 AM MDT   SUNSET   821 PM MDT
MAY 29 2016...........SUNRISE   518 AM MDT   SUNSET   822 PM MDT


-  INDICATES NEGATIVE NUMBERS.
R  INDICATES RECORD WAS SET OR TIED.
MM INDICATES DATA IS MISSING.
T  INDICATES TRACE AMOUNT.




$$
