000
CDUS45 KCYS 250727
CLICDR


CLIMATE REPORT
NATIONAL WEATHER SERVICE CHEYENNE WY
1227 AM MST THU DEC 25 2014


...................................

...THE CHADRON NE AIRPORT CLIMATE SUMMARY FOR DECEMBER 24 2014...

CLIMATE NORMAL PERIOD 1981 TO 2010
CLIMATE RECORD PERIOD 1895 TO 2014


WEATHER ITEM   OBSERVED TIME   RECORD YEAR NORMAL DEPARTURE LAST
                VALUE   (LST)  VALUE       VALUE  FROM      YEAR
                                                  NORMAL
..................................................................
TEMPERATURE (F)
 YESTERDAY
  MAXIMUM         39    308 PM  58    1955  38      1       38
  MINIMUM          2    443 AM -25    1983   9     -7       20
  AVERAGE         21                        24     -3       29

PRECIPITATION (IN)
  YESTERDAY        0.00          0.26 1987   0.02  -0.02     0.08
  MONTH TO DATE    0.05                      0.41  -0.36     0.63
  SINCE JAN 1     19.06                     17.94   1.12    19.73

DEGREE DAYS
 HEATING
  YESTERDAY       44                        41      3       36
  MONTH TO DATE  802                       967   -165     1168
  SINCE DEC 1    802                       967   -165     1168
  SINCE JUL 1   2407                      2651   -244     2804

 COOLING
  YESTERDAY        0                         0      0        0
  MONTH TO DATE    0                         0      0        0
  SINCE DEC 1      0                         0      0        0
  SINCE JAN 1    647                       712    -65      917
..................................................................


WIND (MPH)
  HIGHEST WIND SPEED    13   HIGHEST WIND DIRECTION    SW (230)
  HIGHEST GUST SPEED    14   HIGHEST GUST DIRECTION    SW (230)
  AVERAGE WIND SPEED     5.1


SKY COVER
  AVERAGE SKY COVER 0.1


WEATHER CONDITIONS
 THE FOLLOWING WEATHER WAS RECORDED YESTERDAY.
  NO SIGNIFICANT WEATHER WAS OBSERVED.


RELATIVE HUMIDITY (PERCENT)
 HIGHEST    88          1200 AM
 LOWEST     54           300 PM
 AVERAGE    71

..........................................................


THE CHADRON NE AIRPORT CLIMATE NORMALS FOR TODAY
                         NORMAL    RECORD    YEAR
 MAXIMUM TEMPERATURE (F)   38        62      2005
 MINIMUM TEMPERATURE (F)    9       -20      1983


SUNRISE AND SUNSET
DECEMBER 25 2014......SUNRISE   722 AM MST   SUNSET   424 PM MST
DECEMBER 26 2014......SUNRISE   722 AM MST   SUNSET   424 PM MST


-  INDICATES NEGATIVE NUMBERS.
R  INDICATES RECORD WAS SET OR TIED.
MM INDICATES DATA IS MISSING.
T  INDICATES TRACE AMOUNT.




$$
