000
CDUS45 KCYS 060748
CLICDR


CLIMATE REPORT
NATIONAL WEATHER SERVICE CHEYENNE WY
148 AM MDT MON JUL 6 2015


...................................

...THE CHADRON NE AIRPORT CLIMATE SUMMARY FOR JULY 5 2015...

CLIMATE NORMAL PERIOD 1981 TO 2010
CLIMATE RECORD PERIOD 1895 TO 2015


WEATHER ITEM   OBSERVED TIME   RECORD YEAR NORMAL DEPARTURE LAST
                VALUE   (LST)  VALUE       VALUE  FROM      YEAR
                                                  NORMAL
..................................................................
TEMPERATURE (F)
 YESTERDAY
  MAXIMUM         91   1120 AM 109    1989  88      3      100
                                      1936
  MINIMUM         61   1159 PM  43    1915  56      5       54
  AVERAGE         76                        72      4       77

PRECIPITATION (IN)
  YESTERDAY        1.03R         0.78 1919   0.07   0.96     0.00
  MONTH TO DATE    1.67                      0.36   1.31     0.00
  SINCE JAN 1     14.62                     10.54   4.08    11.13

DEGREE DAYS
 HEATING
  YESTERDAY        0                         1     -1        0
  MONTH TO DATE    0                         5     -5        7
  SINCE JUN 1      9                        86    -77       90
  SINCE JUL 1      0                         5     -5        7

 COOLING
  YESTERDAY       11                         7      4       12
  MONTH TO DATE   49                        35     14       31
  SINCE JUN 1    182                       143     39       85
  SINCE JAN 1    182                       163     19      116
..................................................................


WIND (MPH)
  HIGHEST WIND SPEED    32   HIGHEST WIND DIRECTION     N (10)
  HIGHEST GUST SPEED    42   HIGHEST GUST DIRECTION     N (360)
  AVERAGE WIND SPEED     9.7


SKY COVER
  AVERAGE SKY COVER 0.2


WEATHER CONDITIONS
 THE FOLLOWING WEATHER WAS RECORDED YESTERDAY.
  THUNDERSTORM
  HEAVY RAIN
  RAIN
  LIGHT RAIN
  FOG


RELATIVE HUMIDITY (PERCENT)
 HIGHEST    97          1100 PM
 LOWEST     38          1000 AM
 AVERAGE    68

..........................................................


THE CHADRON NE AIRPORT CLIMATE NORMALS FOR TODAY
                         NORMAL    RECORD    YEAR
 MAXIMUM TEMPERATURE (F)   88       109      1973
 MINIMUM TEMPERATURE (F)   56        48      1945
                                             1931


SUNRISE AND SUNSET
JULY  6 2015..........SUNRISE   520 AM MDT   SUNSET   833 PM MDT
JULY  7 2015..........SUNRISE   521 AM MDT   SUNSET   833 PM MDT


-  INDICATES NEGATIVE NUMBERS.
R  INDICATES RECORD WAS SET OR TIED.
MM INDICATES DATA IS MISSING.
T  INDICATES TRACE AMOUNT.




$$
