658
CDUS44 KLUB 090626
CLICDS


CLIMATE REPORT
NATIONAL WEATHER SERVICE LUBBOCK, TX
1225 AM CST FRI DEC 9 2016


...................................

...THE CHILDRESS CLIMATE SUMMARY FOR DECEMBER 8 2016...

CLIMATE NORMAL PERIOD 1981 TO 2010
CLIMATE RECORD PERIOD 1893 TO 2016


WEATHER ITEM   OBSERVED TIME   RECORD YEAR NORMAL DEPARTURE LAST
                VALUE   (LST)  VALUE       VALUE  FROM      YEAR
                                                  NORMAL
..................................................................
TEMPERATURE (F)
 YESTERDAY
  MAXIMUM         32    521 PM  76    2008  56    -24       72
                                      1970
  MINIMUM         24    923 AM   5    2005  30     -6       37
  AVERAGE         28                        43    -15       55

PRECIPITATION (IN)
  YESTERDAY        0.00          0.24 1992   0.03  -0.03     0.00
                                      1956
  MONTH TO DATE    1.14                      0.26   0.88     0.00
  SINCE DEC 1      1.14                      0.26   0.88     0.00
  SINCE JAN 1     29.89                     23.27   6.62    35.91

SNOWFALL (IN)
  YESTERDAY        0.0          MM      MM   0.0    0.0      0.0
  MONTH TO DATE    0.0                       0.4   -0.4      0.0
  SINCE DEC 1      0.0                       0.4   -0.4      0.0
  SINCE JUL 1      0.0                       1.3   -1.3      0.8
  SNOW DEPTH       0

DEGREE DAYS
 HEATING
  YESTERDAY       37                        22     15       10
  MONTH TO DATE  190                       168     22      131
  SINCE DEC 1    190                       168     22      131
  SINCE JUL 1    457                       728   -271      584

 COOLING
  YESTERDAY        0                         0      0        0
  MONTH TO DATE    0                         0      0        0
  SINCE DEC 1      0                         0      0        0
  SINCE JAN 1   2370                      2207    163     2321
..................................................................


WIND (MPH)
  RESULTANT WIND SPEED   9   RESULTANT WIND DIRECTION   N (20)
  HIGHEST WIND SPEED    22   HIGHEST WIND DIRECTION     N (20)
  HIGHEST GUST SPEED    27   HIGHEST GUST DIRECTION    NE (30)
  AVERAGE WIND SPEED    10.2


SKY COVER
  AVERAGE SKY COVER 0.9


WEATHER CONDITIONS
 THE FOLLOWING WEATHER WAS RECORDED YESTERDAY.
  NO SIGNIFICANT WEATHER WAS OBSERVED.


RELATIVE HUMIDITY (PERCENT)
 HIGHEST    69           100 AM
 LOWEST     36           500 PM
 AVERAGE    53

..........................................................


THE CHILDRESS CLIMATE NORMALS FOR TODAY
                         NORMAL    RECORD    YEAR
 MAXIMUM TEMPERATURE (F)   55        81      1996
 MINIMUM TEMPERATURE (F)   30        10      1978


SUNRISE AND SUNSET
DECEMBER  9 2016......SUNRISE   736 AM CST   SUNSET   531 PM CST
DECEMBER 10 2016......SUNRISE   737 AM CST   SUNSET   531 PM CST


-  INDICATES NEGATIVE NUMBERS.
R  INDICATES RECORD WAS SET OR TIED.
MM INDICATES DATA IS MISSING.
T  INDICATES TRACE AMOUNT.




$$
