000
CDUS44 KLUB 190626
CLICDS


CLIMATE REPORT
NATIONAL WEATHER SERVICE LUBBOCK, TX
126 AM CDT SAT APR 19 2014


...................................

...THE CHILDRESS CLIMATE SUMMARY FOR APRIL 18 2014...

CLIMATE NORMAL PERIOD 1981 TO 2010
CLIMATE RECORD PERIOD 1893 TO 2014


WEATHER ITEM   OBSERVED TIME   RECORD YEAR NORMAL DEPARTURE LAST
                VALUE   (LST)  VALUE       VALUE  FROM      YEAR
                                                  NORMAL
..................................................................
TEMPERATURE (F)
 YESTERDAY
  MAXIMUM         70    444 PM 100    2011  77     -7       54
  MINIMUM         47    115 AM  33    1953  49     -2       35
                                      1944
  AVERAGE         59                        63     -4       45

PRECIPITATION (IN)
  YESTERDAY        0.00          1.90 1915   0.07  -0.07     0.00
  MONTH TO DATE    0.01                      1.12  -1.11     0.90
  SINCE MAR 1      0.47                      2.65  -2.18     0.90
  SINCE JAN 1      0.83                      4.43  -3.60     4.24

SNOWFALL (IN)
  YESTERDAY        0.0                       0.0    0.0      0.0
  MONTH TO DATE    0.0                       0.1   -0.1       T
  SINCE MAR 1      T                         0.5   -0.5       T
  SINCE JUL 1      9.5                       6.9    2.6      5.5

DEGREE DAYS
 HEATING
  YESTERDAY        6                         5      1       20
  MONTH TO DATE  131                       114     17      189
  SINCE MAR 1    589                       489    100      554
  SINCE JUL 1   3405                      3049    356     2933

 COOLING
  YESTERDAY        0                         3     -3        0
  MONTH TO DATE   33                        32      1       21
  SINCE MAR 1     43                        50     -7       25
  SINCE JAN 1     43                        51     -8       25
..................................................................


WIND (MPH)
  HIGHEST WIND SPEED    17   HIGHEST WIND DIRECTION     S (160)
  HIGHEST GUST SPEED    26   HIGHEST GUST DIRECTION    SE (140)
  AVERAGE WIND SPEED     7.9


SKY COVER
  POSSIBLE SUNSHINE  MM
  AVERAGE SKY COVER 0.6


WEATHER CONDITIONS
 THE FOLLOWING WEATHER WAS RECORDED YESTERDAY.
  FOG
  HAZE


RELATIVE HUMIDITY (PERCENT)
 HIGHEST   100
 LOWEST     44
 AVERAGE    72

..........................................................


THE CHILDRESS CLIMATE NORMALS FOR TODAY
                         NORMAL    RECORD    YEAR
 MAXIMUM TEMPERATURE (F)   78        98      1987
 MINIMUM TEMPERATURE (F)   49        29      2013


SUNRISE AND SUNSET
APRIL 19 2014.........SUNRISE   705 AM CDT   SUNSET   816 PM CDT
APRIL 20 2014.........SUNRISE   704 AM CDT   SUNSET   817 PM CDT


-  INDICATES NEGATIVE NUMBERS.
R  INDICATES RECORD WAS SET OR TIED.
MM INDICATES DATA IS MISSING.
T  INDICATES TRACE AMOUNT.




$$
