000
CDUS44 KLUB 210125
CLICDS


CLIMATE REPORT
NATIONAL WEATHER SERVICE LUBBOCK, TX
825 PM CDT SAT SEP 20 2014


...................................

...THE CHILDRESS CLIMATE SUMMARY FOR SEPTEMBER 20 2014...
VALID TODAY AS OF 0800 PM LOCAL TIME.

CLIMATE NORMAL PERIOD 1981 TO 2010
CLIMATE RECORD PERIOD 1893 TO 2014


WEATHER ITEM   OBSERVED TIME   RECORD YEAR NORMAL DEPARTURE LAST
                VALUE   (LST)  VALUE       VALUE  FROM      YEAR
                                                  NORMAL
..................................................................
TEMPERATURE (F)
 TODAY
  MAXIMUM         87    338 PM 102    1944  85      2       73
  MINIMUM         68    224 AM  44    1971  60      8       59
  AVERAGE         78                        73      5       66

PRECIPITATION (IN)
  TODAY            T             1.85 1978   0.08  -0.08     0.00
  MONTH TO DATE    1.43                      1.69  -0.26     0.55
  SINCE SEP 1      1.43                      1.69  -0.26     0.55
  SINCE JAN 1     17.04                     18.78  -1.74    13.79

SNOWFALL (IN)
  TODAY            0.0          MM      MM   0.0    0.0      0.0
  MONTH TO DATE    0.0                       0.0    0.0      0.0
  SINCE SEP 1      0.0                       0.0    0.0      0.0
  SINCE JUL 1      0.0                       0.0    0.0      0.0
  SNOW DEPTH       0

DEGREE DAYS
 HEATING
  TODAY            0                         1     -1        0
  MONTH TO DATE   10                         4      6        0
  SINCE SEP 1     10                         4      6        0
  SINCE JUL 1     10                         4      6        0

 COOLING
  TODAY           13                         8      5        1
  MONTH TO DATE  226                       228     -2      307
  SINCE SEP 1    226                       228     -2      307
  SINCE JAN 1   2085                      2059     26     2238
..................................................................


WIND (MPH)
  RESULTANT WIND SPEED   5   RESULTANT WIND DIRECTION  SE (140)
  HIGHEST WIND SPEED    18   HIGHEST WIND DIRECTION    SE (140)
  HIGHEST GUST SPEED    22   HIGHEST GUST DIRECTION    SE (140)
  AVERAGE WIND SPEED     5.6


SKY COVER
  AVERAGE SKY COVER 0.6


WEATHER CONDITIONS
 THE FOLLOWING WEATHER WAS RECORDED TODAY.
  NO SIGNIFICANT WEATHER WAS OBSERVED.


RELATIVE HUMIDITY (PERCENT)
 HIGHEST    90           100 AM
 LOWEST     55           300 PM
 AVERAGE    73

..........................................................


THE CHILDRESS CLIMATE NORMALS FOR TOMORROW
                         NORMAL    RECORD    YEAR
 MAXIMUM TEMPERATURE (F)   85       102      1977
 MINIMUM TEMPERATURE (F)   59        38      1983


SUNRISE AND SUNSET
SEPTEMBER 20 2014.....SUNRISE   728 AM CDT   SUNSET   741 PM CDT
SEPTEMBER 21 2014.....SUNRISE   728 AM CDT   SUNSET   739 PM CDT


-  INDICATES NEGATIVE NUMBERS.
R  INDICATES RECORD WAS SET OR TIED.
MM INDICATES DATA IS MISSING.
T  INDICATES TRACE AMOUNT.




$$
