590
CDUS44 KLUB 280125
CLICDS


CLIMATE REPORT
NATIONAL WEATHER SERVICE LUBBOCK, TX
825 PM CDT WED JUL 27 2016


...................................

...THE CHILDRESS CLIMATE SUMMARY FOR JULY 27 2016...
VALID TODAY AS OF 0800 PM LOCAL TIME.

CLIMATE NORMAL PERIOD 1981 TO 2010
CLIMATE RECORD PERIOD 1893 TO 2016


WEATHER ITEM   OBSERVED TIME   RECORD YEAR NORMAL DEPARTURE LAST
                VALUE   (LST)  VALUE       VALUE  FROM      YEAR
                                                  NORMAL
..................................................................
TEMPERATURE (F)
 TODAY
  MAXIMUM         98    346 PM 113    1944  96      2      100
  MINIMUM         74    619 AM  61    1994  71      3       74
  AVERAGE         86                        84      2       87

PRECIPITATION (IN)
  TODAY            0.00          2.08 1906   0.06  -0.06     0.00
  MONTH TO DATE    2.74                      1.71   1.03     4.68
  SINCE JUN 1      6.65                      5.66   0.99     8.72
  SINCE JAN 1     18.51                     14.23   4.28    28.58

SNOWFALL (IN)
  TODAY            0.0          MM      MM   0.0    0.0      0.0
  MONTH TO DATE    0.0                       0.0    0.0      0.0
  SINCE JUN 1      0.0                       0.0    0.0      0.0
  SINCE JUL 1      0.0                       0.0    0.0      0.0
  SNOW DEPTH       0

DEGREE DAYS
 HEATING
  TODAY            0                         0      0        0
  MONTH TO DATE    0                         0      0        0
  SINCE JUN 1      0                         2     -2        0
  SINCE JUL 1      0                         0      0        0

 COOLING
  TODAY           21                        19      2       22
  MONTH TO DATE  562                       498     64      488
  SINCE JUN 1   1031                       919    112      947
  SINCE JAN 1   1295                      1231     64     1147
..................................................................


WIND (MPH)
  RESULTANT WIND SPEED   4   RESULTANT WIND DIRECTION  SE (130)
  HIGHEST WIND SPEED    13   HIGHEST WIND DIRECTION     S (160)
  HIGHEST GUST SPEED    17   HIGHEST GUST DIRECTION    SE (140)
  AVERAGE WIND SPEED     5.3


SKY COVER
  AVERAGE SKY COVER 0.1


WEATHER CONDITIONS
 THE FOLLOWING WEATHER WAS RECORDED TODAY.
  THUNDERSTORM


RELATIVE HUMIDITY (PERCENT)
 HIGHEST    82           400 AM
 LOWEST     30           400 PM
 AVERAGE    56

..........................................................


THE CHILDRESS CLIMATE NORMALS FOR TOMORROW
                         NORMAL    RECORD    YEAR
 MAXIMUM TEMPERATURE (F)   96       110      1946
 MINIMUM TEMPERATURE (F)   71        55      2005


SUNRISE AND SUNSET
JULY 27 2016..........SUNRISE   648 AM CDT   SUNSET   846 PM CDT
JULY 28 2016..........SUNRISE   649 AM CDT   SUNSET   846 PM CDT


-  INDICATES NEGATIVE NUMBERS.
R  INDICATES RECORD WAS SET OR TIED.
MM INDICATES DATA IS MISSING.
T  INDICATES TRACE AMOUNT.




$$
