620
CDUS44 KLUB 030634
CLICDS


CLIMATE REPORT
NATIONAL WEATHER SERVICE LUBBOCK, TX
134 AM CDT TUE MAY 3 2016


...................................

...THE CHILDRESS CLIMATE SUMMARY FOR MAY 2 2016...

CLIMATE NORMAL PERIOD 1981 TO 2010
CLIMATE RECORD PERIOD 1893 TO 2016


WEATHER ITEM   OBSERVED TIME   RECORD YEAR NORMAL DEPARTURE LAST
                VALUE   (LST)  VALUE       VALUE  FROM      YEAR
                                                  NORMAL
..................................................................
TEMPERATURE (F)
 YESTERDAY
  MAXIMUM         70    544 PM 104    2012  81    -11       84
  MINIMUM         41    621 AM  31    1907  54    -13       54
  AVERAGE         56                        67    -11       69

PRECIPITATION (IN)
  YESTERDAY        0.00          2.24 1978   0.08  -0.08     0.00
  MONTH TO DATE    T                         0.16  -0.16     0.00
  SINCE MAR 1      2.77                      3.81  -1.04     5.37
  SINCE JAN 1      4.02                      5.59  -1.57     6.65

SNOWFALL (IN)
  YESTERDAY        0.0          MM      MM   0.0    0.0      0.0
  MONTH TO DATE    0.0                       0.0    0.0      0.0
  SINCE MAR 1      0.0                       0.6   -0.6      2.5
  SINCE JUL 1      7.0                       7.0    0.0      8.0
  SNOW DEPTH       0

DEGREE DAYS
 HEATING
  YESTERDAY        9                         2      7        0
  MONTH TO DATE   19                         4     15        0
  SINCE MAR 1    344                       532   -188      434
  SINCE JUL 1   2512                      3092   -580     2931

 COOLING
  YESTERDAY        0                         4     -4        4
  MONTH TO DATE    0                         8     -8        6
  SINCE MAR 1     61                        98    -37      102
  SINCE JAN 1     63                        99    -36      102
..................................................................


WIND (MPH)
  RESULTANT WIND SPEED   8   RESULTANT WIND DIRECTION   N (360)
  HIGHEST WIND SPEED    20   HIGHEST WIND DIRECTION     N (340)
  HIGHEST GUST SPEED    25   HIGHEST GUST DIRECTION     N (340)
  AVERAGE WIND SPEED     9.2


SKY COVER
  AVERAGE SKY COVER 0.1


WEATHER CONDITIONS
 THE FOLLOWING WEATHER WAS RECORDED YESTERDAY.
  NO SIGNIFICANT WEATHER WAS OBSERVED.


RELATIVE HUMIDITY (PERCENT)
 HIGHEST    86           600 AM
 LOWEST     25           600 PM
 AVERAGE    56

..........................................................


THE CHILDRESS CLIMATE NORMALS FOR TODAY
                         NORMAL    RECORD    YEAR
 MAXIMUM TEMPERATURE (F)   81       103      1996
 MINIMUM TEMPERATURE (F)   54        32      2013


SUNRISE AND SUNSET
MAY  3 2016...........SUNRISE   649 AM CDT   SUNSET   828 PM CDT
MAY  4 2016...........SUNRISE   648 AM CDT   SUNSET   828 PM CDT


-  INDICATES NEGATIVE NUMBERS.
R  INDICATES RECORD WAS SET OR TIED.
MM INDICATES DATA IS MISSING.
T  INDICATES TRACE AMOUNT.




$$
