000
CDUS44 KLUB 300625
CLICDS


CLIMATE REPORT
NATIONAL WEATHER SERVICE LUBBOCK, TX
125 AM CDT THU OCT 30 2014


...................................

...THE CHILDRESS CLIMATE SUMMARY FOR OCTOBER 29 2014...

CLIMATE NORMAL PERIOD 1981 TO 2010
CLIMATE RECORD PERIOD 1893 TO 2014


WEATHER ITEM   OBSERVED TIME   RECORD YEAR NORMAL DEPARTURE LAST
                VALUE   (LST)  VALUE       VALUE  FROM      YEAR
                                                  NORMAL
..................................................................
TEMPERATURE (F)
 YESTERDAY
  MAXIMUM         75    245 PM  93    1950  72      3       84
  MINIMUM         42    714 AM  23    1980  45     -3       64
  AVERAGE         59                        59      0       74

PRECIPITATION (IN)
  YESTERDAY        0.00          1.34 1971   0.06  -0.06     0.00
  MONTH TO DATE    0.32                      2.14  -1.82     0.51
  SINCE SEP 1      1.95                      4.56  -2.61     1.20
  SINCE JAN 1     17.56                     21.65  -4.09    14.44

SNOWFALL (IN)
  YESTERDAY        0.0          MM      MM   0.0    0.0      0.0
  MONTH TO DATE    0.0                       0.2   -0.2      0.0
  SINCE SEP 1      0.0                       0.2   -0.2      0.0
  SINCE JUL 1      0.0                       0.2   -0.2      0.0
  SNOW DEPTH       0

DEGREE DAYS
 HEATING
  YESTERDAY        6                         7     -1        0
  MONTH TO DATE   41                       120    -79      121
  SINCE SEP 1     51                       137    -86      121
  SINCE JUL 1     51                       137    -86      121

 COOLING
  YESTERDAY        0                         1     -1        9
  MONTH TO DATE  138                        73     65       86
  SINCE SEP 1    457                       366     91      461
  SINCE JAN 1   2316                      2197    119     2392
..................................................................


WIND (MPH)
  RESULTANT WIND SPEED   3   RESULTANT WIND DIRECTION   S (160)
  HIGHEST WIND SPEED    13   HIGHEST WIND DIRECTION     S (180)
  HIGHEST GUST SPEED    17   HIGHEST GUST DIRECTION     S (190)
  AVERAGE WIND SPEED     6.4


SKY COVER
  AVERAGE SKY COVER 0.0


WEATHER CONDITIONS
 THE FOLLOWING WEATHER WAS RECORDED YESTERDAY.
  NO SIGNIFICANT WEATHER WAS OBSERVED.


RELATIVE HUMIDITY (PERCENT)
 HIGHEST    70           400 AM
 LOWEST     16           200 PM
 AVERAGE    43

..........................................................


THE CHILDRESS CLIMATE NORMALS FOR TODAY
                         NORMAL    RECORD    YEAR
 MAXIMUM TEMPERATURE (F)   72        93      1945
 MINIMUM TEMPERATURE (F)   45        21      1993


SUNRISE AND SUNSET
OCTOBER 30 2014.......SUNRISE   759 AM CDT   SUNSET   650 PM CDT
OCTOBER 31 2014.......SUNRISE   800 AM CDT   SUNSET   649 PM CDT


-  INDICATES NEGATIVE NUMBERS.
R  INDICATES RECORD WAS SET OR TIED.
MM INDICATES DATA IS MISSING.
T  INDICATES TRACE AMOUNT.




$$
