000
CDUS44 KLUB 130626
CLICDS


CLIMATE REPORT
NATIONAL WEATHER SERVICE LUBBOCK, TX
1226 AM CST SAT FEB 13 2016


...................................

...THE CHILDRESS CLIMATE SUMMARY FOR FEBRUARY 12 2016...

CLIMATE NORMAL PERIOD 1981 TO 2010
CLIMATE RECORD PERIOD 1893 TO 2016


WEATHER ITEM   OBSERVED TIME   RECORD YEAR NORMAL DEPARTURE LAST
                VALUE   (LST)  VALUE       VALUE  FROM      YEAR
                                                  NORMAL
..................................................................
TEMPERATURE (F)
 YESTERDAY
  MAXIMUM         67    352 PM  91    1962  57     10       54
  MINIMUM         34    709 AM  -5    1986  31      3       30
  AVERAGE         51                        44      7       42

PRECIPITATION (IN)
  YESTERDAY        0.00          0.80 1906   0.04  -0.04     0.00
  MONTH TO DATE    T                         0.43  -0.43      T
  SINCE DEC 1      1.36                      2.07  -0.71     1.28
  SINCE JAN 1      0.51                      1.16  -0.65     1.08

SNOWFALL (IN)
  YESTERDAY        0.0          MM      MM   0.0    0.0      0.0
  MONTH TO DATE    0.0                       0.6   -0.6      0.0
  SINCE DEC 1      6.2                       5.0    1.2      1.5
  SINCE JUL 1      7.0                       5.9    1.1      3.5
  SNOW DEPTH       0

DEGREE DAYS
 HEATING
  YESTERDAY       14                        21     -7       23
  MONTH TO DATE  236                       259    -23      205
  SINCE DEC 1   1529                      1702   -173     1530
  SINCE JUL 1   1982                      2262   -280     2085

 COOLING
  YESTERDAY        0                         0      0        0
  MONTH TO DATE    0                         0      0        0
  SINCE DEC 1      0                         0      0        0
  SINCE JAN 1      0                         0      0        0
..................................................................


WIND (MPH)
  RESULTANT WIND SPEED   5   RESULTANT WIND DIRECTION  NE (60)
  HIGHEST WIND SPEED    14   HIGHEST WIND DIRECTION     E (90)
  HIGHEST GUST SPEED    20   HIGHEST GUST DIRECTION    NE (50)
  AVERAGE WIND SPEED     8.5


SKY COVER
  AVERAGE SKY COVER 0.0


WEATHER CONDITIONS
 THE FOLLOWING WEATHER WAS RECORDED YESTERDAY.
  NO SIGNIFICANT WEATHER WAS OBSERVED.


RELATIVE HUMIDITY (PERCENT)
 HIGHEST    82           500 AM
 LOWEST     29           200 PM
 AVERAGE    56

..........................................................


THE CHILDRESS CLIMATE NORMALS FOR TODAY
                         NORMAL    RECORD    YEAR
 MAXIMUM TEMPERATURE (F)   58        87      1904
 MINIMUM TEMPERATURE (F)   32       -10      1905


SUNRISE AND SUNSET
FEBRUARY 13 2016......SUNRISE   729 AM CST   SUNSET   622 PM CST
FEBRUARY 14 2016......SUNRISE   728 AM CST   SUNSET   623 PM CST


-  INDICATES NEGATIVE NUMBERS.
R  INDICATES RECORD WAS SET OR TIED.
MM INDICATES DATA IS MISSING.
T  INDICATES TRACE AMOUNT.




$$
