000
CDUS44 KLUB 230645
CLICDS


CLIMATE REPORT
NATIONAL WEATHER SERVICE LUBBOCK, TX
145 AM CDT SUN APR 23 2017


...................................

...THE CHILDRESS CLIMATE SUMMARY FOR APRIL 22 2017...

CLIMATE NORMAL PERIOD 1981 TO 2010
CLIMATE RECORD PERIOD 1893 TO 2017


WEATHER ITEM   OBSERVED TIME   RECORD YEAR NORMAL DEPARTURE LAST
                VALUE   (LST)  VALUE       VALUE  FROM      YEAR
                                                  NORMAL
..................................................................
TEMPERATURE (F)
 YESTERDAY
  MAXIMUM         66    442 PM  99    2009  78    -12       80
  MINIMUM         47    540 AM  33    1931  50     -3       50
  AVERAGE         57                        64     -7       65

PRECIPITATION (IN)
  YESTERDAY        0.00          1.79 2010   0.08  -0.08     0.00
  MONTH TO DATE    1.86                      1.43   0.43     1.94
  SINCE MAR 1      3.35                      2.96   0.39     2.72
  SINCE JAN 1      7.57                      4.74   2.83     3.97

SNOWFALL (IN)
  YESTERDAY        0.0          MM      MM   0.0    0.0      0.0
  MONTH TO DATE    0.0                       0.2   -0.2      0.0
  SINCE MAR 1      0.0                       0.6   -0.6      0.0
  SINCE JUL 1      1.5                       7.0   -5.5      7.0
  SNOW DEPTH       0

DEGREE DAYS
 HEATING
  YESTERDAY        8                         4      4        0
  MONTH TO DATE   88                       130    -42       80
  SINCE MAR 1    311                       505   -194      313
  SINCE JUL 1   2259                      3065   -806     2481

 COOLING
  YESTERDAY        0                         3     -3        0
  MONTH TO DATE   66                        44     22       10
  SINCE MAR 1    124                        62     62       32
  SINCE JAN 1    139                        63     76       34
..................................................................


WIND (MPH)
  RESULTANT WIND SPEED  16   RESULTANT WIND DIRECTION   N (10)
  HIGHEST WIND SPEED    28   HIGHEST WIND DIRECTION     N (10)
  HIGHEST GUST SPEED    34   HIGHEST GUST DIRECTION     N (20)
  AVERAGE WIND SPEED    16.2


SKY COVER
  AVERAGE SKY COVER 0.4


WEATHER CONDITIONS
 THE FOLLOWING WEATHER WAS RECORDED YESTERDAY.
  NO SIGNIFICANT WEATHER WAS OBSERVED.


RELATIVE HUMIDITY (PERCENT)
 HIGHEST    76           300 AM
 LOWEST     31           200 PM
 AVERAGE    54

..........................................................


THE CHILDRESS CLIMATE NORMALS FOR TODAY
                         NORMAL    RECORD    YEAR
 MAXIMUM TEMPERATURE (F)   79        97      1989
 MINIMUM TEMPERATURE (F)   51        30      1907


SUNRISE AND SUNSET
APRIL 23 2017.........SUNRISE   700 AM CDT   SUNSET   820 PM CDT
APRIL 24 2017.........SUNRISE   659 AM CDT   SUNSET   820 PM CDT


-  INDICATES NEGATIVE NUMBERS.
R  INDICATES RECORD WAS SET OR TIED.
MM INDICATES DATA IS MISSING.
T  INDICATES TRACE AMOUNT.




$$
