000
CDUS44 KLUB 160627
CLICDS


CLIMATE REPORT
NATIONAL WEATHER SERVICE LUBBOCK, TX
1225 AM CST MON JAN 16 2017


...................................

...THE CHILDRESS CLIMATE SUMMARY FOR JANUARY 15 2017...

CLIMATE NORMAL PERIOD 1981 TO 2010
CLIMATE RECORD PERIOD 1893 TO 2017


WEATHER ITEM   OBSERVED TIME   RECORD YEAR NORMAL DEPARTURE LAST
                VALUE   (LST)  VALUE       VALUE  FROM      YEAR
                                                  NORMAL
..................................................................
TEMPERATURE (F)
 YESTERDAY
  MAXIMUM         38   1159 PM  80    1938  55    -17       56
  MINIMUM         32    828 AM   3    1930  28      4       33
  AVERAGE         35                        41     -6       45

PRECIPITATION (IN)
  YESTERDAY        1.31R         0.70 1946   0.02   1.29     0.00
  MONTH TO DATE    1.51                      0.28   1.23     0.34
  SINCE DEC 1      2.80                      1.19   1.61     1.19
  SINCE JAN 1      1.51                      0.28   1.23     0.34

SNOWFALL (IN)
  YESTERDAY       MM            MM      MM   0.1   MM        0.0
  MONTH TO DATE    1.5                       1.2    0.3      0.2
  SINCE DEC 1      1.5                       2.9   -1.4      5.2
  SINCE JUL 1      1.5                       3.8   -2.3      6.0
  SNOW DEPTH       0

DEGREE DAYS
 HEATING
  YESTERDAY       30                        24      6       20
  MONTH TO DATE  379                       360     19      379
  SINCE DEC 1   1066                      1073     -7      970
  SINCE JUL 1   1333                      1633   -300     1423

 COOLING
  YESTERDAY        0                         0      0        0
  MONTH TO DATE    0                         0      0        0
  SINCE DEC 1      0                         0      0        0
  SINCE JAN 1      0                         0      0        0
..................................................................


WIND (MPH)
  RESULTANT WIND SPEED   6   RESULTANT WIND DIRECTION  NE (50)
  HIGHEST WIND SPEED    18   HIGHEST WIND DIRECTION    NE (30)
  HIGHEST GUST SPEED    24   HIGHEST GUST DIRECTION     N (20)
  AVERAGE WIND SPEED     8.9


SKY COVER
  AVERAGE SKY COVER 1.0


WEATHER CONDITIONS
 THE FOLLOWING WEATHER WAS RECORDED YESTERDAY.
  THUNDERSTORM
  HEAVY RAIN
  RAIN
  LIGHT RAIN
  FREEZING RAIN
  LT FREEZING RAIN
  FOG


RELATIVE HUMIDITY (PERCENT)
 HIGHEST   100          1200 PM
 LOWEST     89           900 AM
 AVERAGE    95

..........................................................


THE CHILDRESS CLIMATE NORMALS FOR TODAY
                         NORMAL    RECORD    YEAR
 MAXIMUM TEMPERATURE (F)   55        80      1974
 MINIMUM TEMPERATURE (F)   28         3      1930


SUNRISE AND SUNSET
JANUARY 16 2017.......SUNRISE   747 AM CST   SUNSET   555 PM CST
JANUARY 17 2017.......SUNRISE   747 AM CST   SUNSET   556 PM CST


-  INDICATES NEGATIVE NUMBERS.
R  INDICATES RECORD WAS SET OR TIED.
MM INDICATES DATA IS MISSING.
T  INDICATES TRACE AMOUNT.




$$
