000
CDUS44 KLUB 250626
CLICDS


CLIMATE REPORT
NATIONAL WEATHER SERVICE LUBBOCK, TX
1226 AM CST SUN JAN 25 2015


...................................

...THE CHILDRESS CLIMATE SUMMARY FOR JANUARY 24 2015...

CLIMATE NORMAL PERIOD 1981 TO 2010
CLIMATE RECORD PERIOD 1893 TO 2015


WEATHER ITEM   OBSERVED TIME   RECORD YEAR NORMAL DEPARTURE LAST
                VALUE   (LST)  VALUE       VALUE  FROM      YEAR
                                                  NORMAL
..................................................................
TEMPERATURE (F)
 YESTERDAY
  MAXIMUM         61    430 PM  85    1950  55      6       54
  MINIMUM         33    757 AM   1    1894  29      4       10
  AVERAGE         47                        42      5       32

PRECIPITATION (IN)
  YESTERDAY        0.00          0.77 1927   0.02  -0.02     0.00
  MONTH TO DATE    0.57                      0.51   0.06      T
  SINCE DEC 1      0.77                      1.42  -0.65     1.09
  SINCE JAN 1      0.57                      0.51   0.06      T

SNOWFALL (IN)
  YESTERDAY        0.0          MM      MM   0.0    0.0      0.0
  MONTH TO DATE    T                         2.0   -2.0       T
  SINCE DEC 1      T                         3.7   -3.7      2.3
  SINCE JUL 1      2.0                       4.6   -2.6      6.5
  SNOW DEPTH       0

DEGREE DAYS
 HEATING
  YESTERDAY       18                        23     -5       33
  MONTH TO DATE  620                       570     50      551
  SINCE DEC 1   1250                      1283    -33     1333
  SINCE JUL 1   1805                      1843    -38     1931

 COOLING
  YESTERDAY        0                         0      0        0
  MONTH TO DATE    0                         0      0        0
  SINCE DEC 1      0                         0      0        0
  SINCE JAN 1      0                         0      0        0
..................................................................


WIND (MPH)
  RESULTANT WIND SPEED   9   RESULTANT WIND DIRECTION   W (290)
  HIGHEST WIND SPEED    17   HIGHEST WIND DIRECTION     W (250)
  HIGHEST GUST SPEED    20   HIGHEST GUST DIRECTION     W (270)
  AVERAGE WIND SPEED    10.1


SKY COVER
  AVERAGE SKY COVER 0.0


WEATHER CONDITIONS
 THE FOLLOWING WEATHER WAS RECORDED YESTERDAY.
  NO SIGNIFICANT WEATHER WAS OBSERVED.


RELATIVE HUMIDITY (PERCENT)
 HIGHEST    75           500 AM
 LOWEST     27           400 PM
 AVERAGE    51

..........................................................


THE CHILDRESS CLIMATE NORMALS FOR TODAY
                         NORMAL    RECORD    YEAR
 MAXIMUM TEMPERATURE (F)   55        82      1952
 MINIMUM TEMPERATURE (F)   29         4      1894


SUNRISE AND SUNSET
JANUARY 25 2015.......SUNRISE   743 AM CST   SUNSET   604 PM CST
JANUARY 26 2015.......SUNRISE   743 AM CST   SUNSET   605 PM CST


-  INDICATES NEGATIVE NUMBERS.
R  INDICATES RECORD WAS SET OR TIED.
MM INDICATES DATA IS MISSING.
T  INDICATES TRACE AMOUNT.




$$
