000
CDUS46 KEKA 230012
CLICEC


CLIMATE REPORT
NATIONAL WEATHER SERVICE EUREKA CA
412 PM PST THU FEB 22 2018


...................................

...THE CRESCENT CITY CA CLIMATE SUMMARY FOR FEBRUARY 22 2018...
VALID TODAY AS OF 0400 PM LOCAL TIME.

CLIMATE NORMAL PERIOD 1981 TO 2010
CLIMATE RECORD PERIOD 1894 TO 2018


WEATHER ITEM   OBSERVED TIME   RECORD YEAR NORMAL DEPARTURE LAST
                VALUE   (LST)  VALUE       VALUE  FROM      YEAR
                                                  NORMAL
..................................................................
TEMPERATURE (F)
 TODAY
  MAXIMUM         50    258 PM  70    1981  54     -4       49
  MINIMUM         35   1255 AM  31    1962  42     -7       37
  AVERAGE         43                        48     -5       43

PRECIPITATION (IN)
  TODAY            0.24          2.20 1968   0.29  -0.05     0.28
  MONTH TO DATE    1.10                      7.06  -5.96    12.39
  SINCE OCT 1     25.72                     42.69 -16.97    69.71
  SINCE JAN 1     11.70                     17.45  -5.75    24.61

SNOWFALL (IN)
  TODAY           MM            MM      MM  MM     MM       MM
  MONTH TO DATE    0.0                      MM     MM        0.0
  SINCE DEC 1      0.0                      MM     MM        0.0
  SINCE JUL 1      0.0                      MM     MM        0.0
  SNOW DEPTH       0

..................................................................


WIND (MPH)
  HIGHEST WIND SPEED    28   HIGHEST WIND DIRECTION    NW (330)
  HIGHEST GUST SPEED    38   HIGHEST GUST DIRECTION     N (340)
  AVERAGE WIND SPEED     7.2


SKY COVER
  AVERAGE SKY COVER 0.7


WEATHER CONDITIONS
 THE FOLLOWING WEATHER WAS RECORDED TODAY.
  LIGHT RAIN
  FOG


RELATIVE HUMIDITY (PERCENT)
 HIGHEST    85
 LOWEST     61
 AVERAGE    73

..........................................................


THE CRESCENT CITY CA CLIMATE NORMALS FOR TOMORROW
                         NORMAL    RECORD    YEAR
 MAXIMUM TEMPERATURE (F)   54        74      1991
 MINIMUM TEMPERATURE (F)   42        32      2001


SUNRISE AND SUNSET
FEBRUARY 22 2018......SUNRISE   702 AM PST   SUNSET   559 PM PST
FEBRUARY 23 2018......SUNRISE   701 AM PST   SUNSET   600 PM PST


-  INDICATES NEGATIVE NUMBERS.
R  INDICATES RECORD WAS SET OR TIED.
MM INDICATES DATA IS MISSING.
T  INDICATES TRACE AMOUNT.




$$
