000
CDUS46 KEKA 301211 RRB
CLICEC

CLIMATE REPORT
NATIONAL WEATHER SERVICE EUREKA CA
126 AM PDT SUN AUG 30 2015


...................................

...THE CRESCENT CITY CA CLIMATE SUMMARY FOR AUGUST 29 2015...

CLIMATE NORMAL PERIOD 1981 TO 2010
CLIMATE RECORD PERIOD 1894 TO 2015


WEATHER ITEM   OBSERVED TIME   RECORD YEAR NORMAL DEPARTURE LAST
                VALUE   (LST)  VALUE       VALUE  FROM      YEAR
                                                  NORMAL
..................................................................
TEMPERATURE (F)
 YESTERDAY
  MAXIMUM         71   1113 AM  83    1968  63      8       65
  MINIMUM         61    454 AM  43    1998  51     10       55
  AVERAGE         66                        57      9       60

PRECIPITATION (IN)
  YESTERDAY        0.98          2.00 1983   0.02   0.96     0.00
  MONTH TO DATE    0.98                      0.47   0.51     0.04
  SINCE OCT 1     42.82                     63.05 -20.23    28.77
  SINCE JAN 1     21.99                     37.81 -15.82    24.83

SNOWFALL (IN)
  YESTERDAY        0.0          MM      MM  MM     MM        0.0
  MONTH TO DATE    0.0                      MM     MM        0.0
  SINCE JUN 1      0.0                      MM     MM        0.0
  SINCE JUL 1      0.0                      MM     MM        0.0
  SNOW DEPTH       0

DEGREE DAYS
 HEATING
  YESTERDAY        0                         8     -8        5
  MONTH TO DATE  113                       232   -119      200
  SINCE JUN 1    542                       815   -273      734
  SINCE JUL 1    260                       506   -246      413

 COOLING
  YESTERDAY        1                         0      1        0
  MONTH TO DATE    2                         0      2        0
  SINCE JUN 1      4                         0      4        0
  SINCE JAN 1      4                         0      4        0
..................................................................


WIND (MPH)
  HIGHEST WIND SPEED    31   HIGHEST WIND DIRECTION     S (190)
  HIGHEST GUST SPEED    37   HIGHEST GUST DIRECTION     S (190)
  AVERAGE WIND SPEED    15.5


SKY COVER
  AVERAGE SKY COVER 0.8


WEATHER CONDITIONS
 THE FOLLOWING WEATHER WAS RECORDED YESTERDAY.
  HEAVY RAIN
  RAIN
  LIGHT RAIN
  FOG


RELATIVE HUMIDITY (PERCENT)
 HIGHEST   100
 LOWEST     70
 AVERAGE    85

..........................................................


THE CRESCENT CITY CA CLIMATE NORMALS FOR TODAY
                         NORMAL    RECORD    YEAR
 MAXIMUM TEMPERATURE (F)   63        91      1968
 MINIMUM TEMPERATURE (F)   51        42      1980


SUNRISE AND SUNSET
AUGUST 30 2015........SUNRISE   641 AM PDT   SUNSET   754 PM PDT
AUGUST 31 2015........SUNRISE   642 AM PDT   SUNSET   752 PM PDT


-  INDICATES NEGATIVE NUMBERS.
R  INDICATES RECORD WAS SET OR TIED.
MM INDICATES DATA IS MISSING.
T  INDICATES TRACE AMOUNT.




$$
