000
CDUS46 KEKA 210020
CLICEC


CLIMATE REPORT
NATIONAL WEATHER SERVICE EUREKA CA
420 PM PST MON FEB 20 2017


...................................

...THE CRESCENT CITY CA CLIMATE SUMMARY FOR FEBRUARY 20 2017...
VALID TODAY AS OF 0400 PM LOCAL TIME.

CLIMATE NORMAL PERIOD 1981 TO 2010
CLIMATE RECORD PERIOD 1894 TO 2017


WEATHER ITEM   OBSERVED TIME   RECORD YEAR NORMAL DEPARTURE LAST
                VALUE   (LST)  VALUE       VALUE  FROM      YEAR
                                                  NORMAL
..................................................................
TEMPERATURE (F)
 TODAY
  MAXIMUM         MM        MM  78    1988  53     MM       54
  MINIMUM         MM        MM  29    1971  42     MM       41
  AVERAGE         MM                        48     MM       48

PRECIPITATION (IN)
  TODAY           MM             1.78 1956   0.31  MM        0.00
  MONTH TO DATE   10.89                      6.49   4.40     2.93
  SINCE OCT 1     68.21                     42.12  26.09    52.04
  SINCE JAN 1     23.11                     16.88   6.23    17.36

SNOWFALL (IN)
  TODAY           MM            MM      MM  MM     MM        0.0
  MONTH TO DATE    0.0                      MM     MM        0.0
  SINCE DEC 1      0.0                      MM     MM        0.0
  SINCE JUL 1      0.0                      MM     MM        0.0
  SNOW DEPTH       0

..................................................................


WIND (MPH)
  HIGHEST WIND SPEED    43   HIGHEST WIND DIRECTION     S (180)
  HIGHEST GUST SPEED    60   HIGHEST GUST DIRECTION     S (180)
  AVERAGE WIND SPEED    28.8


SKY COVER
  AVERAGE SKY COVER 0.8


WEATHER CONDITIONS
 THE FOLLOWING WEATHER WAS RECORDED TODAY.
  RAIN
  LIGHT RAIN
  FOG
  HAZE


RELATIVE HUMIDITY (PERCENT)
 HIGHEST    MM
 LOWEST     MM
 AVERAGE    MM

..........................................................


THE CRESCENT CITY CA CLIMATE NORMALS FOR TOMORROW
                         NORMAL    RECORD    YEAR
 MAXIMUM TEMPERATURE (F)   54        75      1964
 MINIMUM TEMPERATURE (F)   42        29      1952


SUNRISE AND SUNSET
FEBRUARY 20 2017......SUNRISE   705 AM PST   SUNSET   557 PM PST
FEBRUARY 21 2017......SUNRISE   703 AM PST   SUNSET   558 PM PST


-  INDICATES NEGATIVE NUMBERS.
R  INDICATES RECORD WAS SET OR TIED.
MM INDICATES DATA IS MISSING.
T  INDICATES TRACE AMOUNT.




$$
