000
CDUS46 KEKA 311211
CLICEC


CLIMATE REPORT
NATIONAL WEATHER SERVICE EUREKA CA
508 AM PDT THU JUL 31 2014


...................................

...THE CRESCENT CITY CA CLIMATE SUMMARY FOR JULY 30 2014...

CLIMATE NORMAL PERIOD 1981 TO 2010
CLIMATE RECORD PERIOD 1894 TO 2014


WEATHER ITEM   OBSERVED TIME   RECORD YEAR NORMAL DEPARTURE LAST
                VALUE   (LST)  VALUE       VALUE  FROM      YEAR
                                                  NORMAL
..................................................................
TEMPERATURE (F)
 YESTERDAY
  MAXIMUM         59   1258 PM  74    1991  62     -3       60
  MINIMUM         53    812 PM  42    1963  52      1       52
  AVERAGE         56                        57     -1       56

PRECIPITATION (IN)
  YESTERDAY        0.00          0.28 2001   0.00   0.00     0.00
  MONTH TO DATE    0.20                      0.40  -0.20     0.00
  SINCE JUL 1      0.20                      0.40  -0.20     0.00
  SINCE JAN 1     24.79                     37.33 -12.54    19.93

SNOWFALL (IN)
  YESTERDAY        0.0          MM      MM  MM     MM        0.0
  MONTH TO DATE    0.0                      MM     MM        0.0
  SINCE JUN 1      0.0                      MM     MM        0.0
  SINCE JUL 1      0.0                      MM     MM        0.0
  SNOW DEPTH       0

DEGREE DAYS
 HEATING
  YESTERDAY        9                         8      1        9
  MONTH TO DATE  204                       264    -60      297
  SINCE JUN 1    525                       573    -48      593
  SINCE JUL 1    204                       264    -60      297

 COOLING
  YESTERDAY        0                         0      0        0
  MONTH TO DATE    0                         0      0        0
  SINCE JUN 1      0                         0      0        0
  SINCE JAN 1      0                         0      0        2
..................................................................


WIND (MPH)
  HIGHEST WIND SPEED    12   HIGHEST WIND DIRECTION     S (180)
  HIGHEST GUST SPEED    14   HIGHEST GUST DIRECTION     S (190)
  AVERAGE WIND SPEED     4.1


SKY COVER
  AVERAGE SKY COVER 1.0


WEATHER CONDITIONS
 THE FOLLOWING WEATHER WAS RECORDED YESTERDAY.
  FOG W/VISIBILITY <= 1/4 MILE
  HAZE


RELATIVE HUMIDITY (PERCENT)
 HIGHEST   100
 LOWEST     80
 AVERAGE    90

..........................................................


THE CRESCENT CITY CA CLIMATE NORMALS FOR TODAY
                         NORMAL    RECORD    YEAR
 MAXIMUM TEMPERATURE (F)   62        81      1995
 MINIMUM TEMPERATURE (F)   52        44      2008
                                             1975


SUNRISE AND SUNSET
JULY 31 2014..........SUNRISE   610 AM PDT   SUNSET   836 PM PDT
AUGUST  1 2014........SUNRISE   611 AM PDT   SUNSET   835 PM PDT


-  INDICATES NEGATIVE NUMBERS.
R  INDICATES RECORD WAS SET OR TIED.
MM INDICATES DATA IS MISSING.
T  INDICATES TRACE AMOUNT.




$$
