000
CDUS46 KEKA 271214
CLICEC


CLIMATE REPORT
NATIONAL WEATHER SERVICE EUREKA CA
514 AM PDT THU JUL 27 2017


...................................

...THE CRESCENT CITY CA CLIMATE SUMMARY FOR JULY 26 2017...

CLIMATE NORMAL PERIOD 1981 TO 2010
CLIMATE RECORD PERIOD 1894 TO 2017


WEATHER ITEM   OBSERVED TIME   RECORD YEAR NORMAL DEPARTURE LAST
                VALUE   (LST)  VALUE       VALUE  FROM      YEAR
                                                  NORMAL
..................................................................
TEMPERATURE (F)
 YESTERDAY
  MAXIMUM         58    315 PM  73    1974  62     -4       64
  MINIMUM         51    549 AM  42    1987  52     -1       53
  AVERAGE         55                        57     -2       59

PRECIPITATION (IN)
  YESTERDAY        0.00          0.58 1955   0.01  -0.01     0.00
  MONTH TO DATE    0.00                      0.38  -0.38     1.03
  SINCE OCT 1     94.29                     62.55  31.74    67.46
  SINCE JAN 1     49.19                     37.31  11.88    32.78

SNOWFALL (IN)
  YESTERDAY        0.0          MM      MM  MM     MM        0.0
  MONTH TO DATE    0.0                      MM     MM        0.0
  SINCE JUN 1      0.0                      MM     MM        0.0
  SINCE JUL 1      0.0                      MM     MM        0.0
  SNOW DEPTH       0

DEGREE DAYS
 HEATING
  YESTERDAY       10                         8      2        6
  MONTH TO DATE  239                       232      7      193
  SINCE JUN 1    522                       541    -19      450
  SINCE JUL 1    239                       232      7      193

 COOLING
  YESTERDAY        0                         0      0        0
  MONTH TO DATE    0                         0      0        0
  SINCE JUN 1      0                         0      0        0
  SINCE JAN 1      0                         0      0        0
..................................................................


WIND (MPH)
  HIGHEST WIND SPEED    17   HIGHEST WIND DIRECTION     S (170)
  HIGHEST GUST SPEED    21   HIGHEST GUST DIRECTION     S (160)
  AVERAGE WIND SPEED     6.3


SKY COVER
  AVERAGE SKY COVER 1.0


WEATHER CONDITIONS
 THE FOLLOWING WEATHER WAS RECORDED YESTERDAY.
  FOG
  FOG W/VISIBILITY <= 1/4 MILE


RELATIVE HUMIDITY (PERCENT)
 HIGHEST   100
 LOWEST     86
 AVERAGE    93

..........................................................


THE CRESCENT CITY CA CLIMATE NORMALS FOR TODAY
                         NORMAL    RECORD    YEAR
 MAXIMUM TEMPERATURE (F)   62        74      2000
 MINIMUM TEMPERATURE (F)   52        44      1959


SUNRISE AND SUNSET
JULY 27 2017..........SUNRISE   606 AM PDT   SUNSET   840 PM PDT
JULY 28 2017..........SUNRISE   607 AM PDT   SUNSET   839 PM PDT


-  INDICATES NEGATIVE NUMBERS.
R  INDICATES RECORD WAS SET OR TIED.
MM INDICATES DATA IS MISSING.
T  INDICATES TRACE AMOUNT.




$$
