000
CDUS46 KEKA 220009
CLICEC


CLIMATE REPORT
NATIONAL WEATHER SERVICE EUREKA CA
409 PM PST TUE NOV 21 2017


...................................

...THE CRESCENT CITY CA CLIMATE SUMMARY FOR NOVEMBER 21 2017...
VALID TODAY AS OF 0400 PM LOCAL TIME.

CLIMATE NORMAL PERIOD 1981 TO 2010
CLIMATE RECORD PERIOD 1894 TO 2017


WEATHER ITEM   OBSERVED TIME   RECORD YEAR NORMAL DEPARTURE LAST
                VALUE   (LST)  VALUE       VALUE  FROM      YEAR
                                                  NORMAL
..................................................................
TEMPERATURE (F)
 TODAY
  MAXIMUM         69R  1142 AM  68    1967  55     14       57
  MINIMUM         56    214 AM  32    1985  43     13       45
  AVERAGE         63                        49     14       51

PRECIPITATION (IN)
  TODAY            0.01          6.21 1998   0.32  -0.31     0.37
  MONTH TO DATE    7.09                      6.70   0.39     8.53
  SINCE OCT 1      9.12                     10.94  -1.82    27.21
  SINCE JAN 1     59.60                     49.73   9.87    59.99

SNOWFALL (IN)
  TODAY            0.0          MM      MM  MM     MM       MM
  MONTH TO DATE    0.0                      MM     MM        0.0
  SINCE SEP 1      0.0                      MM     MM        0.0
  SINCE JUL 1      0.0                      MM     MM        0.0
  SNOW DEPTH       0

..................................................................


WIND (MPH)
  HIGHEST WIND SPEED    28   HIGHEST WIND DIRECTION     S (160)
  HIGHEST GUST SPEED    35   HIGHEST GUST DIRECTION     S (160)
  AVERAGE WIND SPEED    15.9


SKY COVER
  AVERAGE SKY COVER 0.8


WEATHER CONDITIONS
 THE FOLLOWING WEATHER WAS RECORDED TODAY.
  LIGHT RAIN


RELATIVE HUMIDITY (PERCENT)
 HIGHEST   100
 LOWEST     47
 AVERAGE    74

..........................................................


THE CRESCENT CITY CA CLIMATE NORMALS FOR TOMORROW
                         NORMAL    RECORD    YEAR
 MAXIMUM TEMPERATURE (F)   55        70      2013
 MINIMUM TEMPERATURE (F)   43        28      2003


SUNRISE AND SUNSET
NOVEMBER 21 2017......SUNRISE   714 AM PST   SUNSET   452 PM PST
NOVEMBER 22 2017......SUNRISE   715 AM PST   SUNSET   451 PM PST


-  INDICATES NEGATIVE NUMBERS.
R  INDICATES RECORD WAS SET OR TIED.
MM INDICATES DATA IS MISSING.
T  INDICATES TRACE AMOUNT.




$$
