000
CDUS46 KEKA 120010
CLICEC


CLIMATE REPORT
NATIONAL WEATHER SERVICE EUREKA CA
508 PM PDT FRI JUL 11 2014


...................................

...THE CRESCENT CITY CA CLIMATE SUMMARY FOR JULY 11 2014...
VALID TODAY AS OF 0500 PM LOCAL TIME.

CLIMATE NORMAL PERIOD 1981 TO 2010
CLIMATE RECORD PERIOD 1894 TO 2014


WEATHER ITEM   OBSERVED TIME   RECORD YEAR NORMAL DEPARTURE LAST
                VALUE   (LST)  VALUE       VALUE  FROM      YEAR
                                                  NORMAL
..................................................................
TEMPERATURE (F)
 TODAY
  MAXIMUM         62   1157 AM  80    1990  61      1       58
  MINIMUM         53    549 AM  43    1950  51      2       51
  AVERAGE         58                        56      2       55

PRECIPITATION (IN)
  TODAY            0.00          0.14 1957   0.01  -0.01     0.00
  MONTH TO DATE    0.00                      0.25  -0.25     0.00
  SINCE JUL 1      0.00                      0.25  -0.25     0.00
  SINCE JAN 1     24.59                     37.18 -12.59    19.93

SNOWFALL (IN)
  TODAY            0.0          MM      MM  MM     MM        0.0
  MONTH TO DATE    0.0                      MM     MM        0.0
  SINCE JUN 1      0.0                      MM     MM        0.0
  SINCE JUL 1      0.0                      MM     MM        0.0
  SNOW DEPTH      MM

..................................................................


WIND (MPH)
  HIGHEST WIND SPEED    12   HIGHEST WIND DIRECTION     S (180)
  HIGHEST GUST SPEED    14   HIGHEST GUST DIRECTION     S (180)
  AVERAGE WIND SPEED     5.8


SKY COVER
  AVERAGE SKY COVER 0.9


WEATHER CONDITIONS
 THE FOLLOWING WEATHER WAS RECORDED TODAY.
  FOG


RELATIVE HUMIDITY (PERCENT)
 HIGHEST   100
 LOWEST     78
 AVERAGE    89

..........................................................


THE CRESCENT CITY CA CLIMATE NORMALS FOR TOMORROW
                         NORMAL    RECORD    YEAR
 MAXIMUM TEMPERATURE (F)   61        79      1990
 MINIMUM TEMPERATURE (F)   51        41      1960


SUNRISE AND SUNSET
JULY 11 2014..........SUNRISE   552 AM PDT   SUNSET   852 PM PDT
JULY 12 2014..........SUNRISE   553 AM PDT   SUNSET   852 PM PDT


-  INDICATES NEGATIVE NUMBERS.
R  INDICATES RECORD WAS SET OR TIED.
MM INDICATES DATA IS MISSING.
T  INDICATES TRACE AMOUNT.




$$
