000
CDUS43 KPAH 250629
CLICGI


CLIMATE REPORT
NATIONAL WEATHER SERVICE PADUCAH KY
1228 AM CST TUE NOV 25 2014


...................................

...THE CAPE GIRARDEAU MO CLIMATE SUMMARY FOR NOVEMBER 24 2014...

CLIMATE NORMAL PERIOD 1981 TO 2010
CLIMATE RECORD PERIOD 1960 TO 2014


WEATHER ITEM   OBSERVED TIME   RECORD YEAR NORMAL DEPARTURE LAST
                VALUE   (LST)  VALUE       VALUE  FROM      YEAR
                                                  NORMAL
..................................................................
TEMPERATURE (F)
 YESTERDAY
  MAXIMUM         60    158 AM  69    1966  53      7       32
  MINIMUM         36   1112 PM  11    1970  33      3       18
  AVERAGE         48                        43      5

PRECIPITATION (IN)
  YESTERDAY        0.22          3.31 1973   0.15   0.07     0.00
  MONTH TO DATE    2.10                      3.49  -1.39     1.65
  SINCE SEP 1      8.46                     10.56  -2.10     6.29
  SINCE JAN 1     40.76                     41.61  -0.85    34.52

DEGREE DAYS
 HEATING
  YESTERDAY       17                        22     -5       40
  MONTH TO DATE  602                       408    194      448
  SINCE SEP 1    851                       710    141      714
  SINCE JUL 1    851                       711    140      715

 COOLING
  YESTERDAY        0                         0      0        0
  MONTH TO DATE    0                         0      0        0
  SINCE SEP 1    185                       191     -6      260
  SINCE JAN 1   1424                      1451    -27     1441
..................................................................


WIND (MPH)
  HIGHEST WIND SPEED    33   HIGHEST WIND DIRECTION     W (280)
  HIGHEST GUST SPEED    43   HIGHEST GUST DIRECTION    SW (210)
  AVERAGE WIND SPEED    14.8


SKY COVER
  AVERAGE SKY COVER 0.5


WEATHER CONDITIONS
 THE FOLLOWING WEATHER WAS RECORDED YESTERDAY.
  RAIN
  LIGHT RAIN
  FOG


RELATIVE HUMIDITY (PERCENT)
 HIGHEST    83
 LOWEST     50
 AVERAGE    67

..........................................................


THE CAPE GIRARDEAU MO CLIMATE NORMALS FOR TODAY
                         NORMAL    RECORD    YEAR
 MAXIMUM TEMPERATURE (F)   52        69      1990
 MINIMUM TEMPERATURE (F)   33        19      2005


SUNRISE AND SUNSET
NOVEMBER 25 2014......SUNRISE   648 AM CST   SUNSET   443 PM CST
NOVEMBER 26 2014......SUNRISE   649 AM CST   SUNSET   442 PM CST


-  INDICATES NEGATIVE NUMBERS.
R  INDICATES RECORD WAS SET OR TIED.
MM INDICATES DATA IS MISSING.
T  INDICATES TRACE AMOUNT.




$$
