593
CDUS43 KPAH 250627
CLICGI


CLIMATE REPORT
NATIONAL WEATHER SERVICE PADUCAH KY
126 AM CDT TUE JUL 25 2017


...................................

...THE CAPE GIRARDEAU MO CLIMATE SUMMARY FOR JULY 24 2017...

CLIMATE NORMAL PERIOD 1981 TO 2010
CLIMATE RECORD PERIOD 1960 TO 2017


WEATHER ITEM   OBSERVED TIME   RECORD YEAR NORMAL DEPARTURE LAST
                VALUE   (LST)  VALUE       VALUE  FROM      YEAR
                                                  NORMAL
..................................................................
TEMPERATURE (F)
 YESTERDAY
  MAXIMUM         94    343 PM 102    1965  89      5       92
  MINIMUM         70    426 AM  51    2000  68      2       75
  AVERAGE         82                        79      3

PRECIPITATION (IN)
  YESTERDAY        0.02          1.43 1971   0.12  -0.10     0.00
  MONTH TO DATE    1.19                      2.62  -1.43     3.29
  SINCE JUN 1      4.14                      6.19  -2.05     4.57
  SINCE JAN 1     23.36                     27.29  -3.93    27.85

DEGREE DAYS
 HEATING
  YESTERDAY        0                         0      0        0
  MONTH TO DATE    0                         0      0        0
  SINCE JUN 1      0                         4     -4        0
  SINCE JUL 1      0                         0      0        0

 COOLING
  YESTERDAY       17                        14      3       19
  MONTH TO DATE  352                       333     19      369
  SINCE JUN 1    660                       645     15      780
  SINCE JAN 1    835                       797     38      901
..................................................................


WIND (MPH)
  HIGHEST WIND SPEED    31   HIGHEST WIND DIRECTION    NE (30)
  HIGHEST GUST SPEED    40   HIGHEST GUST DIRECTION     N (360)
  AVERAGE WIND SPEED     3.4


SKY COVER
  AVERAGE SKY COVER 0.2


WEATHER CONDITIONS
 THE FOLLOWING WEATHER WAS RECORDED YESTERDAY.
  THUNDERSTORM
  RAIN


RELATIVE HUMIDITY (PERCENT)
 HIGHEST   100
 LOWEST     44
 AVERAGE    72

..........................................................


THE CAPE GIRARDEAU MO CLIMATE NORMALS FOR TODAY
                         NORMAL    RECORD    YEAR
 MAXIMUM TEMPERATURE (F)   89       100      1986
 MINIMUM TEMPERATURE (F)   68        54      2000


SUNRISE AND SUNSET
JULY 25 2017..........SUNRISE   558 AM CDT   SUNSET   812 PM CDT
JULY 26 2017..........SUNRISE   558 AM CDT   SUNSET   811 PM CDT


-  INDICATES NEGATIVE NUMBERS.
R  INDICATES RECORD WAS SET OR TIED.
MM INDICATES DATA IS MISSING.
T  INDICATES TRACE AMOUNT.




$$
