000
CDUS43 KPAH 270632
CLICGI


CLIMATE REPORT
NATIONAL WEATHER SERVICE PADUCAH KY
1229 AM CST MON FEB 27 2017


...................................

...THE CAPE GIRARDEAU MO CLIMATE SUMMARY FOR FEBRUARY 26 2017...

CLIMATE NORMAL PERIOD 1981 TO 2010
CLIMATE RECORD PERIOD 1960 TO 2017


WEATHER ITEM   OBSERVED TIME   RECORD YEAR NORMAL DEPARTURE LAST
                VALUE   (LST)  VALUE       VALUE  FROM      YEAR
                                                  NORMAL
..................................................................
TEMPERATURE (F)
 YESTERDAY
  MAXIMUM         51    339 PM  74    1996  52     -1       43
  MINIMUM         22    502 AM  12    1963  31     -9       26
  AVERAGE         37                        41     -4

PRECIPITATION (IN)
  YESTERDAY        T             1.66 2000   0.12  -0.12     0.00
  MONTH TO DATE    0.96                      3.17  -2.21     3.12
  SINCE DEC 1      6.26                     10.89  -4.63     7.17
  SINCE JAN 1      2.92                      6.64  -3.72     4.78

DEGREE DAYS
 HEATING
  YESTERDAY       28                        24      4       30
  MONTH TO DATE  492                       713   -221      678
  SINCE DEC 1   2143                      2600   -457     2193
  SINCE JUL 1   2720                      3451   -731     2843

 COOLING
  YESTERDAY        0                         0      0        0
  MONTH TO DATE    0                         0      0        0
  SINCE DEC 1      0                         0      0        2
  SINCE JAN 1      0                         0      0        0
..................................................................


WIND (MPH)
  HIGHEST WIND SPEED    16   HIGHEST WIND DIRECTION     S (190)
  HIGHEST GUST SPEED    23   HIGHEST GUST DIRECTION     S (170)
  AVERAGE WIND SPEED     6.3


SKY COVER
  AVERAGE SKY COVER 0.5


WEATHER CONDITIONS
 THE FOLLOWING WEATHER WAS RECORDED YESTERDAY.
  NO SIGNIFICANT WEATHER WAS OBSERVED.


RELATIVE HUMIDITY (PERCENT)
 HIGHEST    81
 LOWEST     29
 AVERAGE    55

..........................................................


THE CAPE GIRARDEAU MO CLIMATE NORMALS FOR TODAY
                         NORMAL    RECORD    YEAR
 MAXIMUM TEMPERATURE (F)   52        75      1996
 MINIMUM TEMPERATURE (F)   31         8      2015


SUNRISE AND SUNSET
FEBRUARY 27 2017......SUNRISE   632 AM CST   SUNSET   551 PM CST
FEBRUARY 28 2017......SUNRISE   630 AM CST   SUNSET   552 PM CST


-  INDICATES NEGATIVE NUMBERS.
R  INDICATES RECORD WAS SET OR TIED.
MM INDICATES DATA IS MISSING.
T  INDICATES TRACE AMOUNT.




$$
