000
CDUS43 KPAH 160637
CLICGI


CLIMATE REPORT
NATIONAL WEATHER SERVICE PADUCAH KY
133 AM CDT WED APR 16 2014


...................................

...THE CAPE GIRARDEAU MO CLIMATE SUMMARY FOR APRIL 15 2014...

CLIMATE NORMAL PERIOD 1981 TO 2010
CLIMATE RECORD PERIOD 1960 TO 2014


WEATHER ITEM   OBSERVED TIME   RECORD YEAR NORMAL DEPARTURE LAST
                VALUE   (LST)  VALUE       VALUE  FROM      YEAR
                                                  NORMAL
..................................................................
TEMPERATURE (F)
 YESTERDAY
  MAXIMUM         50    441 PM  87    1992  69    -19       78
  MINIMUM         31    435 AM  29    2008  45    -14       57
  AVERAGE         41                        57    -16

PRECIPITATION (IN)
  YESTERDAY        0.00          4.48 1972   0.13  -0.13     0.00
  MONTH TO DATE    3.71                      2.02   1.69     0.73
  SINCE MAR 1      6.02                      6.42  -0.40     3.28
  SINCE JAN 1      9.16                     13.30  -4.14     9.90

DEGREE DAYS
 HEATING
  YESTERDAY       24                         9     15        0
  MONTH TO DATE  133                       165    -32      160
  SINCE MAR 1    851                       724    127      882
  SINCE JUL 1   4776                      4221    555     4121

 COOLING
  YESTERDAY        0                         1     -1        3
  MONTH TO DATE    7                         9     -2       20
  SINCE MAR 1      7                        13     -6       20
  SINCE JAN 1      7                        13     -6       20
..................................................................


WIND (MPH)
  HIGHEST WIND SPEED    25   HIGHEST WIND DIRECTION     N (350)
  HIGHEST GUST SPEED    32   HIGHEST GUST DIRECTION     N (360)
  AVERAGE WIND SPEED    11.4


SKY COVER
  AVERAGE SKY COVER 0.1


WEATHER CONDITIONS
 THE FOLLOWING WEATHER WAS RECORDED YESTERDAY.
  NO SIGNIFICANT WEATHER WAS OBSERVED.


RELATIVE HUMIDITY (PERCENT)
 HIGHEST    75
 LOWEST     31
 AVERAGE    53

..........................................................


THE CAPE GIRARDEAU MO CLIMATE NORMALS FOR TODAY
                         NORMAL    RECORD    YEAR
 MAXIMUM TEMPERATURE (F)   69        87      1977
 MINIMUM TEMPERATURE (F)   46        28      1962


SUNRISE AND SUNSET
APRIL 16 2014.........SUNRISE   623 AM CDT   SUNSET   734 PM CDT
APRIL 17 2014.........SUNRISE   621 AM CDT   SUNSET   735 PM CDT


-  INDICATES NEGATIVE NUMBERS.
R  INDICATES RECORD WAS SET OR TIED.
MM INDICATES DATA IS MISSING.
T  INDICATES TRACE AMOUNT.




$$
