000
CDUS43 KPAH 230631
CLICGI


CLIMATE REPORT
NATIONAL WEATHER SERVICE PADUCAH KY
1228 AM CST SUN NOV 23 2014


...................................

...THE CAPE GIRARDEAU MO CLIMATE SUMMARY FOR NOVEMBER 22 2014...

CLIMATE NORMAL PERIOD 1981 TO 2010
CLIMATE RECORD PERIOD 1960 TO 2014


WEATHER ITEM   OBSERVED TIME   RECORD YEAR NORMAL DEPARTURE LAST
                VALUE   (LST)  VALUE       VALUE  FROM      YEAR
                                                  NORMAL
..................................................................
TEMPERATURE (F)
 YESTERDAY
  MAXIMUM         64    216 PM  69    2010  54     10       54
  MINIMUM         44   1232 AM  10    1964  34     10       39
  AVERAGE         54                        44     10

PRECIPITATION (IN)
  YESTERDAY        0.02          2.27 1961   0.16  -0.14      T
  MONTH TO DATE    1.06                      3.19  -2.13     1.65
  SINCE SEP 1      7.42                     10.26  -2.84     6.29
  SINCE JAN 1     39.72                     41.31  -1.59    34.52

DEGREE DAYS
 HEATING
  YESTERDAY       11                        21    -10       18
  MONTH TO DATE  573                       365    208      376
  SINCE SEP 1    822                       667    155      642
  SINCE JUL 1    822                       668    154      643

 COOLING
  YESTERDAY        0                         0      0        0
  MONTH TO DATE    0                         0      0        0
  SINCE SEP 1    185                       191     -6      260
  SINCE JAN 1   1424                      1451    -27     1441
..................................................................


WIND (MPH)
  HIGHEST WIND SPEED    25   HIGHEST WIND DIRECTION     S (200)
  HIGHEST GUST SPEED    34   HIGHEST GUST DIRECTION     S (200)
  AVERAGE WIND SPEED    10.2


SKY COVER
  AVERAGE SKY COVER 0.9


WEATHER CONDITIONS
 THE FOLLOWING WEATHER WAS RECORDED YESTERDAY.
  LIGHT RAIN
  FOG


RELATIVE HUMIDITY (PERCENT)
 HIGHEST    80
 LOWEST     51
 AVERAGE    66

..........................................................


THE CAPE GIRARDEAU MO CLIMATE NORMALS FOR TODAY
                         NORMAL    RECORD    YEAR
 MAXIMUM TEMPERATURE (F)   54        69      2005
 MINIMUM TEMPERATURE (F)   34        16      1970


SUNRISE AND SUNSET
NOVEMBER 23 2014......SUNRISE   646 AM CST   SUNSET   444 PM CST
NOVEMBER 24 2014......SUNRISE   647 AM CST   SUNSET   443 PM CST


-  INDICATES NEGATIVE NUMBERS.
R  INDICATES RECORD WAS SET OR TIED.
MM INDICATES DATA IS MISSING.
T  INDICATES TRACE AMOUNT.




$$
