000
CDUS43 KPAH 030635
CLICGI


CLIMATE REPORT
NATIONAL WEATHER SERVICE PADUCAH KY
130 AM CDT WED SEP 3 2014


...................................

...THE CAPE GIRARDEAU MO CLIMATE SUMMARY FOR SEPTEMBER 2 2014...

CLIMATE NORMAL PERIOD 1981 TO 2010
CLIMATE RECORD PERIOD 1960 TO 2014


WEATHER ITEM   OBSERVED TIME   RECORD YEAR NORMAL DEPARTURE LAST
                VALUE   (LST)  VALUE       VALUE  FROM      YEAR
                                                  NORMAL
..................................................................
TEMPERATURE (F)
 YESTERDAY
  MAXIMUM         83    427 PM  97    2011  86     -3       88
  MINIMUM         67   1159 PM  47    1967  62      5       62
  AVERAGE         75                        74      1

PRECIPITATION (IN)
  YESTERDAY        0.00          4.66 2003   0.11  -0.11     0.00
  MONTH TO DATE    0.00                      0.22  -0.22      T
  SINCE SEP 1      0.00                      0.22  -0.22      T
  SINCE JAN 1     32.30                     31.27   1.03    28.23

DEGREE DAYS
 HEATING
  YESTERDAY        0                         0      0        0
  MONTH TO DATE    0                         0      0        0
  SINCE SEP 1      0                         0      0        0
  SINCE JUL 1      0                         1     -1        1

 COOLING
  YESTERDAY       10                         9      1       10
  MONTH TO DATE   25                        18      7       22
  SINCE SEP 1     25                        18      7       22
  SINCE JAN 1   1264                      1278    -14     1203
..................................................................


WIND (MPH)
  HIGHEST WIND SPEED    14   HIGHEST WIND DIRECTION    SW (230)
  HIGHEST GUST SPEED    19   HIGHEST GUST DIRECTION    SW (230)
  AVERAGE WIND SPEED     5.0


SKY COVER
  AVERAGE SKY COVER 0.2


WEATHER CONDITIONS
 THE FOLLOWING WEATHER WAS RECORDED YESTERDAY.
  FOG


RELATIVE HUMIDITY (PERCENT)
 HIGHEST    94
 LOWEST     63
 AVERAGE    79

..........................................................


THE CAPE GIRARDEAU MO CLIMATE NORMALS FOR TODAY
                         NORMAL    RECORD    YEAR
 MAXIMUM TEMPERATURE (F)   86        98      2011
 MINIMUM TEMPERATURE (F)   62        49      1965


SUNRISE AND SUNSET
SEPTEMBER  3 2014.....SUNRISE   631 AM CDT   SUNSET   724 PM CDT
SEPTEMBER  4 2014.....SUNRISE   631 AM CDT   SUNSET   723 PM CDT


-  INDICATES NEGATIVE NUMBERS.
R  INDICATES RECORD WAS SET OR TIED.
MM INDICATES DATA IS MISSING.
T  INDICATES TRACE AMOUNT.




$$
