000
CDUS43 KPAH 290630
CLICGI


CLIMATE REPORT
NATIONAL WEATHER SERVICE PADUCAH KY
127 AM CDT SUN MAR 29 2015


...................................

...THE CAPE GIRARDEAU MO CLIMATE SUMMARY FOR MARCH 28 2015...

CLIMATE NORMAL PERIOD 1981 TO 2010
CLIMATE RECORD PERIOD 1960 TO 2015


WEATHER ITEM   OBSERVED TIME   RECORD YEAR NORMAL DEPARTURE LAST
                VALUE   (LST)  VALUE       VALUE  FROM      YEAR
                                                  NORMAL
..................................................................
TEMPERATURE (F)
 YESTERDAY
  MAXIMUM         48    410 PM  83    1985  63    -15       65
  MINIMUM         27    613 AM  25    2001  39    -12       46
  AVERAGE         38                        51    -13

PRECIPITATION (IN)
  YESTERDAY        0.00          2.43 1975   0.15  -0.15     0.41
  MONTH TO DATE    8.79                      3.92   4.87     2.25
  SINCE MAR 1      8.79                      3.92   4.87     2.25
  SINCE JAN 1     15.31                     10.80   4.51     5.39

DEGREE DAYS
 HEATING
  YESTERDAY       27                        14     13        9
  MONTH TO DATE  567                       518     49      662
  SINCE MAR 1    567                       518     49      662
  SINCE JUL 1   4345                      4015    330     4587

 COOLING
  YESTERDAY        0                         0      0        0
  MONTH TO DATE    0                         0      0        0
  SINCE MAR 1      0                         0      0        0
  SINCE JAN 1      0                         0      0        0
..................................................................


WIND (MPH)
  HIGHEST WIND SPEED    13   HIGHEST WIND DIRECTION    NE (40)
  HIGHEST GUST SPEED    16   HIGHEST GUST DIRECTION    NE (40)
  AVERAGE WIND SPEED     4.3


SKY COVER
  AVERAGE SKY COVER 0.0


WEATHER CONDITIONS
 THE FOLLOWING WEATHER WAS RECORDED YESTERDAY.
  NO SIGNIFICANT WEATHER WAS OBSERVED.


RELATIVE HUMIDITY (PERCENT)
 HIGHEST    92
 LOWEST     26
 AVERAGE    59

..........................................................


THE CAPE GIRARDEAU MO CLIMATE NORMALS FOR TODAY
                         NORMAL    RECORD    YEAR
 MAXIMUM TEMPERATURE (F)   63        82      1963
 MINIMUM TEMPERATURE (F)   40        24      1964


SUNRISE AND SUNSET
MARCH 29 2015.........SUNRISE   649 AM CDT   SUNSET   718 PM CDT
MARCH 30 2015.........SUNRISE   647 AM CDT   SUNSET   719 PM CDT


-  INDICATES NEGATIVE NUMBERS.
R  INDICATES RECORD WAS SET OR TIED.
MM INDICATES DATA IS MISSING.
T  INDICATES TRACE AMOUNT.




$$
