000
CDUS43 KPAH 020630
CLICGI


CLIMATE REPORT
NATIONAL WEATHER SERVICE PADUCAH KY
1229 AM CST MON MAR 2 2015


...................................

...THE CAPE GIRARDEAU MO CLIMATE SUMMARY FOR MARCH 1 2015...

CLIMATE NORMAL PERIOD 1981 TO 2010
CLIMATE RECORD PERIOD 1960 TO 2015


WEATHER ITEM   OBSERVED TIME   RECORD YEAR NORMAL DEPARTURE LAST
                VALUE   (LST)  VALUE       VALUE  FROM      YEAR
                                                  NORMAL
..................................................................
TEMPERATURE (F)
 YESTERDAY
  MAXIMUM         38    200 PM  72    2006  53    -15       56
  MINIMUM         31   1159 PM  13    1980  32     -1       36
  AVERAGE         35                        42     -7

PRECIPITATION (IN)
  YESTERDAY        0.14          1.25 1972   0.12   0.02     0.00
  MONTH TO DATE    0.14                      0.12   0.02     0.00
  SINCE MAR 1      0.14                      0.12   0.02     0.00
  SINCE JAN 1      6.66                      7.00  -0.34     3.14

DEGREE DAYS
 HEATING
  YESTERDAY       30                        23      7       19
  MONTH TO DATE   30                        23      7       19
  SINCE MAR 1     30                        23      7       19
  SINCE JUL 1   3808                      3520    288     3944

 COOLING
  YESTERDAY        0                         0      0        0
  MONTH TO DATE    0                         0      0        0
  SINCE MAR 1      0                         0      0        0
  SINCE JAN 1      0                         0      0        0
..................................................................


WIND (MPH)
  HIGHEST WIND SPEED    17   HIGHEST WIND DIRECTION    SE (140)
  HIGHEST GUST SPEED    20   HIGHEST GUST DIRECTION    SE (150)
  AVERAGE WIND SPEED     5.9


SKY COVER
  AVERAGE SKY COVER 0.9


WEATHER CONDITIONS
 THE FOLLOWING WEATHER WAS RECORDED YESTERDAY.
  LIGHT RAIN
  LT FREEZING RAIN
  FOG
  HAZE


RELATIVE HUMIDITY (PERCENT)
 HIGHEST    96
 LOWEST     72
 AVERAGE    84

..........................................................


THE CAPE GIRARDEAU MO CLIMATE NORMALS FOR TODAY
                         NORMAL    RECORD    YEAR
 MAXIMUM TEMPERATURE (F)   53        76      2012
 MINIMUM TEMPERATURE (F)   32         7      1980


SUNRISE AND SUNSET
MARCH  2 2015.........SUNRISE   628 AM CST   SUNSET   553 PM CST
MARCH  3 2015.........SUNRISE   627 AM CST   SUNSET   554 PM CST


-  INDICATES NEGATIVE NUMBERS.
R  INDICATES RECORD WAS SET OR TIED.
MM INDICATES DATA IS MISSING.
T  INDICATES TRACE AMOUNT.




$$
