000
CDUS43 KPAH 232128
CLICGI


CLIMATE REPORT
NATIONAL WEATHER SERVICE PADUCAH KY
426 PM CDT SAT SEP 23 2017


...................................

...THE CAPE GIRARDEAU MO CLIMATE SUMMARY FOR SEPTEMBER 23 2017...
VALID TODAY AS OF 0400 PM LOCAL TIME.

CLIMATE NORMAL PERIOD 1981 TO 2010
CLIMATE RECORD PERIOD 1960 TO 2017


WEATHER ITEM   OBSERVED TIME   RECORD YEAR NORMAL DEPARTURE LAST
                VALUE   (LST)  VALUE       VALUE  FROM      YEAR
                                                  NORMAL
..................................................................
TEMPERATURE (F)
 TODAY
  MAXIMUM         92R   259 PM  92    2010  78     14       90
  MINIMUM         62    544 AM  37    1999  53      9       62
  AVERAGE         77                        66     11

PRECIPITATION (IN)
  TODAY            0.00          3.38 1993   0.11  -0.11     0.00
  MONTH TO DATE    0.73                      2.53  -1.80     5.01
  SINCE SEP 1      0.73                      2.53  -1.80     5.01
  SINCE JAN 1     26.48                     33.58  -7.10    41.71

DEGREE DAYS
 HEATING
  TODAY            0                         3     -3        0
  MONTH TO DATE   14                        20     -6        0
  SINCE SEP 1     14                        20     -6        0
  SINCE JUL 1     14                        21     -7        0

 COOLING
  TODAY           12                         3      9       11
  MONTH TO DATE  148                       143      5      230
  SINCE SEP 1    148                       143      5      230
  SINCE JAN 1   1350                      1403    -53     1673
..................................................................


WIND (MPH)
  HIGHEST WIND SPEED    12   HIGHEST WIND DIRECTION    NE (30)
  HIGHEST GUST SPEED    15   HIGHEST GUST DIRECTION     N (20)
  AVERAGE WIND SPEED     2.9


SKY COVER
  AVERAGE SKY COVER 0.3


WEATHER CONDITIONS
 THE FOLLOWING WEATHER WAS RECORDED TODAY.
  FOG
  FOG W/VISIBILITY <= 1/4 MILE


RELATIVE HUMIDITY (PERCENT)
 HIGHEST   100
 LOWEST     41
 AVERAGE    71

..........................................................


THE CAPE GIRARDEAU MO CLIMATE NORMALS FOR TOMORROW
                         NORMAL
 MAXIMUM TEMPERATURE (F)   78
 MINIMUM TEMPERATURE (F)   53


SUNRISE AND SUNSET
SEPTEMBER 23 2017.....SUNRISE   647 AM CDT   SUNSET   653 PM CDT
SEPTEMBER 24 2017.....SUNRISE   648 AM CDT   SUNSET   652 PM CDT


-  INDICATES NEGATIVE NUMBERS.
R  INDICATES RECORD WAS SET OR TIED.
MM INDICATES DATA IS MISSING.
T  INDICATES TRACE AMOUNT.




$$
