000
CDUS44 KMRX 290822
CLICHA


CLIMATE REPORT
NATIONAL WEATHER SERVICE MORRISTOWN TN
421 AM EDT SAT AUG 29 2015


...................................

...THE CHATTANOOGA  ASOS CLIMATE SUMMARY FOR AUGUST 28 2015...

CLIMATE NORMAL PERIOD 1981 TO 2010
CLIMATE RECORD PERIOD 1879 TO 2015


WEATHER ITEM   OBSERVED TIME   RECORD YEAR NORMAL DEPARTURE LAST
                VALUE   (LST)  VALUE       VALUE  FROM      YEAR
                                                  NORMAL
..................................................................
TEMPERATURE (F)
 YESTERDAY
  MAXIMUM         87    413 PM 100    1990  88     -1       94
                                      1924
  MINIMUM         67    611 AM  56    1927  68     -1       67
  AVERAGE         77                        78     -1       81

PRECIPITATION (IN)
  YESTERDAY        0.00          2.03 1933   0.10  -0.10     0.00
  MONTH TO DATE    7.09                      3.17   3.92     2.89
  SINCE JUN 1     17.48                     12.13   5.35    10.45
  SINCE JAN 1     40.68                     34.95   5.73    27.74

DEGREE DAYS
 COOLING
  YESTERDAY       12                        13     -1       16
  MONTH TO DATE  380                       408    -28      404
  SINCE JUN 1   1336                      1216    120     1200
  SINCE JAN 1   1612                      1412    200     1458
..................................................................


WIND (MPH)
  HIGHEST WIND SPEED    13   HIGHEST WIND DIRECTION    SE (120)
  HIGHEST GUST SPEED    16   HIGHEST GUST DIRECTION    SE (120)
  AVERAGE WIND SPEED     4.6


SKY COVER
  POSSIBLE SUNSHINE  MM
  AVERAGE SKY COVER 0.5


WEATHER CONDITIONS
 THE FOLLOWING WEATHER WAS RECORDED YESTERDAY.
  NO SIGNIFICANT WEATHER WAS OBSERVED.


RELATIVE HUMIDITY (PERCENT)
 HIGHEST    78           200 AM
 LOWEST     48           400 PM
 AVERAGE    63

..........................................................


THE CHATTANOOGA  ASOS CLIMATE NORMALS FOR TODAY
                         NORMAL    RECORD    YEAR
 MAXIMUM TEMPERATURE (F)   88       100      1993
 MINIMUM TEMPERATURE (F)   68        54      1992


SUNRISE AND SUNSET
AUGUST 29 2015........SUNRISE   711 AM EDT   SUNSET   812 PM EDT
AUGUST 30 2015........SUNRISE   712 AM EDT   SUNSET   811 PM EDT


-  INDICATES NEGATIVE NUMBERS.
R  INDICATES RECORD WAS SET OR TIED.
MM INDICATES DATA IS MISSING.
T  INDICATES TRACE AMOUNT.




$$
