667
CDUS44 KMRX 120930
CLICHA


CLIMATE REPORT
NATIONAL WEATHER SERVICE MORRISTOWN TN
429 AM EST FRI FEB 12 2016


...................................

...THE CHATTANOOGA  ASOS CLIMATE SUMMARY FOR FEBRUARY 11 2016...

CLIMATE NORMAL PERIOD 1981 TO 2010
CLIMATE RECORD PERIOD 1879 TO 2016


WEATHER ITEM   OBSERVED TIME   RECORD YEAR NORMAL DEPARTURE LAST
                VALUE   (LST)  VALUE       VALUE  FROM      YEAR
                                                  NORMAL
..................................................................
TEMPERATURE (F)
 YESTERDAY
  MAXIMUM         47    520 PM  76    1932  54     -7       62
  MINIMUM         27    546 AM   6    1885  33     -6       29
  AVERAGE         37                        44     -7       46

PRECIPITATION (IN)
  YESTERDAY        0.00          1.87 1953   0.16  -0.16     0.00
  MONTH TO DATE    2.77                      1.87   0.90     0.55
  SINCE DEC 1     16.85                     11.68   5.17     8.44
  SINCE JAN 1      6.44                      6.78  -0.34     4.04

SNOWFALL (IN)
  YESTERDAY        0.0                       0.1   -0.1      0.0
  MONTH TO DATE    0.3                       0.3    0.0       T
  SINCE DEC 1      0.5                       2.3   -1.8      0.7
  SINCE JUL 1      0.5                       2.3   -1.8      0.7
  SNOW DEPTH       0

DEGREE DAYS
 HEATING
  YESTERDAY       28                        22      6       19
  MONTH TO DATE  229                       248    -19      240
  SINCE DEC 1   1378                      1704   -326     1600
  SINCE JUL 1   1758                      2293   -535     2276
..................................................................


WIND (MPH)
  HIGHEST WIND SPEED    13   HIGHEST WIND DIRECTION     N (360)
  HIGHEST GUST SPEED    16   HIGHEST GUST DIRECTION     N (360)
  AVERAGE WIND SPEED     3.8


SKY COVER
  POSSIBLE SUNSHINE  MM
  AVERAGE SKY COVER 0.5


WEATHER CONDITIONS
 THE FOLLOWING WEATHER WAS RECORDED YESTERDAY.
  NO SIGNIFICANT WEATHER WAS OBSERVED.


RELATIVE HUMIDITY (PERCENT)
 HIGHEST    75          1100 PM
 LOWEST     34           300 PM
 AVERAGE    55

..........................................................


THE CHATTANOOGA  ASOS CLIMATE NORMALS FOR TODAY
                         NORMAL    RECORD    YEAR
 MAXIMUM TEMPERATURE (F)   54        76      1938
 MINIMUM TEMPERATURE (F)   33         1      1899


SUNRISE AND SUNSET
FEBRUARY 12 2016......SUNRISE   730 AM EST   SUNSET   620 PM EST
FEBRUARY 13 2016......SUNRISE   729 AM EST   SUNSET   621 PM EST


-  INDICATES NEGATIVE NUMBERS.
R  INDICATES RECORD WAS SET OR TIED.
MM INDICATES DATA IS MISSING.
T  INDICATES TRACE AMOUNT.




$$
