146
CDUS44 KMRX 250809
CLICHA


CLIMATE REPORT
NATIONAL WEATHER SERVICE MORRISTOWN TN
409 AM EDT SUN SEP 25 2016


...................................

...THE CHATTANOOGA  ASOS CLIMATE SUMMARY FOR SEPTEMBER 24 2016...

CLIMATE NORMAL PERIOD 1981 TO 2010
CLIMATE RECORD PERIOD 1879 TO 2016


WEATHER ITEM   OBSERVED TIME   RECORD YEAR NORMAL DEPARTURE LAST
                VALUE   (LST)  VALUE       VALUE  FROM      YEAR
                                                  NORMAL
..................................................................
TEMPERATURE (F)
 YESTERDAY
  MAXIMUM         94R   457 PM  94    2010  80     14       84
  MINIMUM         66    642 AM  41    1963  59      7       62
  AVERAGE         80                        69     11       73

PRECIPITATION (IN)
  YESTERDAY        0.00          1.70 1991   0.14  -0.14      T
  MONTH TO DATE    1.20                      3.18  -1.98     0.74
  SINCE SEP 1      1.20                      3.18  -1.98     0.74
  SINCE JAN 1     24.54                     38.44 -13.90    41.42

DEGREE DAYS
 HEATING
  YESTERDAY        0                         1     -1        0
  MONTH TO DATE    0                         6     -6        3
  SINCE SEP 1      0                         6     -6        3
  SINCE JUL 1      0                         6     -6        3

 COOLING
  YESTERDAY       15                         5     10        8
  MONTH TO DATE  373                       213    160      236
  SINCE SEP 1    373                       213    160      236
  SINCE JAN 1   2282                      1663    619     1883
..................................................................


WIND (MPH)
  HIGHEST WIND SPEED    12   HIGHEST WIND DIRECTION     N (20)
  HIGHEST GUST SPEED    14   HIGHEST GUST DIRECTION     N (20)
  AVERAGE WIND SPEED     2.5


SKY COVER
  POSSIBLE SUNSHINE  MM
  AVERAGE SKY COVER 0.2


WEATHER CONDITIONS
 THE FOLLOWING WEATHER WAS RECORDED YESTERDAY.
  NO SIGNIFICANT WEATHER WAS OBSERVED.


RELATIVE HUMIDITY (PERCENT)
 HIGHEST    93           500 AM
 LOWEST     26           400 PM
 AVERAGE    60

..........................................................


THE CHATTANOOGA  ASOS CLIMATE NORMALS FOR TODAY
                         NORMAL    RECORD    YEAR
 MAXIMUM TEMPERATURE (F)   80        94      1931
 MINIMUM TEMPERATURE (F)   58        41      1887


SUNRISE AND SUNSET
SEPTEMBER 25 2016.....SUNRISE   731 AM EDT   SUNSET   733 PM EDT
SEPTEMBER 26 2016.....SUNRISE   732 AM EDT   SUNSET   731 PM EDT


-  INDICATES NEGATIVE NUMBERS.
R  INDICATES RECORD WAS SET OR TIED.
MM INDICATES DATA IS MISSING.
T  INDICATES TRACE AMOUNT.




$$
