000
CDUS44 KMRX 290836
CLICHA


CLIMATE REPORT
NATIONAL WEATHER SERVICE MORRISTOWN TN
436 AM EDT WED MAR 29 2017


...................................

...THE CHATTANOOGA  ASOS CLIMATE SUMMARY FOR MARCH 28 2017...

CLIMATE NORMAL PERIOD 1981 TO 2010
CLIMATE RECORD PERIOD 1879 TO 2017


WEATHER ITEM   OBSERVED TIME   RECORD YEAR NORMAL DEPARTURE LAST
                VALUE   (LST)  VALUE       VALUE  FROM      YEAR
                                                  NORMAL
..................................................................
TEMPERATURE (F)
 YESTERDAY
  MAXIMUM         77    516 PM  87    1907  68      9       67
  MINIMUM         53    559 AM  25    1894  44      9       48
  AVERAGE         65                        56      9       58

PRECIPITATION (IN)
  YESTERDAY        0.02          4.42 1951   0.16  -0.14     0.00
  MONTH TO DATE    3.99                      4.50  -0.51     2.52
  SINCE MAR 1      3.99                      4.50  -0.51     2.52
  SINCE JAN 1     12.42                     14.25  -1.83    13.26

SNOWFALL (IN)
  YESTERDAY        0.0                       0.0    0.0      0.0
  MONTH TO DATE    T                         1.2   -1.2       T
  SINCE MAR 1      T                         1.2   -1.2       T
  SINCE JUL 1      0.3                       3.8   -3.5      0.5
  SNOW DEPTH       0

DEGREE DAYS
 HEATING
  YESTERDAY        0                        10    -10        7
  MONTH TO DATE  326                       375    -49      228
  SINCE MAR 1    326                       375    -49      228
  SINCE JUL 1   2137                      2997   -860     2313

 COOLING
  YESTERDAY        0                         0      0        0
  MONTH TO DATE   12                         0     12       12
  SINCE MAR 1     12                         0     12       12
  SINCE JAN 1     12                         0     12       12
..................................................................


WIND (MPH)
  HIGHEST WIND SPEED    15   HIGHEST WIND DIRECTION    SW (240)
  HIGHEST GUST SPEED    22   HIGHEST GUST DIRECTION    SW (230)
  AVERAGE WIND SPEED     3.9


SKY COVER
  POSSIBLE SUNSHINE  MM
  AVERAGE SKY COVER 0.5


WEATHER CONDITIONS
 THE FOLLOWING WEATHER WAS RECORDED YESTERDAY.
  HEAVY RAIN
  LIGHT RAIN
  FOG
  FOG W/VISIBILITY <= 1/4 MILE


RELATIVE HUMIDITY (PERCENT)
 HIGHEST   100           200 AM
 LOWEST     36           500 PM
 AVERAGE    68

..........................................................


THE CHATTANOOGA  ASOS CLIMATE NORMALS FOR TODAY
                         NORMAL    RECORD    YEAR
 MAXIMUM TEMPERATURE (F)   68        86      1928
 MINIMUM TEMPERATURE (F)   44        25      1887


SUNRISE AND SUNSET
MARCH 29 2017.........SUNRISE   731 AM EDT   SUNSET   800 PM EDT
MARCH 30 2017.........SUNRISE   730 AM EDT   SUNSET   801 PM EDT


-  INDICATES NEGATIVE NUMBERS.
R  INDICATES RECORD WAS SET OR TIED.
MM INDICATES DATA IS MISSING.
T  INDICATES TRACE AMOUNT.




$$
