000
CDUS44 KMRX 192219
CLICHA

CLIMATE REPORT NATIONAL WEATHER SERVICE MORRISTOWN TN
519 PM EST FRI DEC 19 2014

...................................

...THE CHATTANOOGA CLIMATE SUMMARY FOR DECEMBER 19 2014... VALID
TODAY AS OF 500 PM LOCAL TIME.

CLIMATE NORMAL PERIOD 1981 TO 2010
CLIMATE RECORD PERIOD 1879 TO 2014


WEATHER ITEM   OBSERVED TIME   RECORD YEAR NORMAL DEPARTURE LAST
                VALUE   (LST)  VALUE       VALUE  FROM      YEAR
                                                  NORMAL
..................................................................
TEMPERATURE (F)
 TODAY
  MAXIMUM         47    441 PM  73    1889  51     -4       61
  MINIMUM         30    734 AM   8    1884  32     -2       27
  AVERAGE         39                        42     -3       44

PRECIPITATION (IN)
  TODAY            0.00          1.47 2002   0.15  -0.15     0.00
  MONTH TO DATE    1.25                      3.14  -1.89     4.33
  SINCE DEC 1      1.25                      3.14  -1.89     4.33
  SINCE JAN 1     42.13                     50.72  -8.59    65.12

SNOWFALL (IN)
  TODAY            0.0                       0.0    0.0      0.0
  MONTH TO DATE    0.0                       0.1   -0.1      0.0
  SINCE DEC 1      0.0                       0.1   -0.1      0.0
  SINCE JUL 1      T                         0.1   -0.1       T
  SNOW DEPTH       0

DEGREE DAYS
 HEATING
  TODAY           26                        23      3       21
  MONTH TO DATE  353                       407    -54      368
  SINCE DEC 1    353                       407    -54      368
  SINCE JUL 1   1029                       996     33      999

 COOLING
  TODAY            0                         0      0        0
  MONTH TO DATE    0                         0      0        4
  SINCE DEC 1      0                         0      0        4
  SINCE JAN 1   1910                      1741    169     1756
..................................................................


WIND (MPH)
  HIGHEST WIND SPEED    12   HIGHEST WIND DIRECTION    NE (30)
  HIGHEST GUST SPEED    14   HIGHEST GUST DIRECTION    NE (30)
  AVERAGE WIND SPEED     2.9


SKY COVER
  POSSIBLE SUNSHINE  MM
  AVERAGE SKY COVER  MM


WEATHER CONDITIONS
 THE FOLLOWING WEATHER WAS RECORDED TODAY.
  NO SIGNIFICANT WEATHER WAS OBSERVED.


RELATIVE HUMIDITY (PERCENT)
 HIGHEST    92           800 AM
 LOWEST     45           200 PM
 AVERAGE    69

..........................................................


THE CHATTANOOGA  ASOS CLIMATE NORMALS FOR TOMORROW
                         NORMAL    RECORD    YEAR
 MAXIMUM TEMPERATURE (F)   51        74      1978
 MINIMUM TEMPERATURE (F)   32         8      1901


SUNRISE AND SUNSET
DECEMBER 19 2014......SUNRISE   744 AM EST   SUNSET   532 PM EST
DECEMBER 20 2014......SUNRISE   744 AM EST   SUNSET   532 PM EST


-  INDICATES NEGATIVE NUMBERS.
R  INDICATES RECORD WAS SET OR TIED.
MM INDICATES DATA IS MISSING.
T  INDICATES TRACE AMOUNT.




$$
