000
CDUS44 KMRX 250826
CLICHA


CLIMATE REPORT
NATIONAL WEATHER SERVICE MORRISTOWN TN
426 AM EDT THU AUG 25 2016


...................................

...THE CHATTANOOGA  ASOS CLIMATE SUMMARY FOR AUGUST 24 2016...

CLIMATE NORMAL PERIOD 1981 TO 2010
CLIMATE RECORD PERIOD 1879 TO 2016


WEATHER ITEM   OBSERVED TIME   RECORD YEAR NORMAL DEPARTURE LAST
                VALUE   (LST)  VALUE       VALUE  FROM      YEAR
                                                  NORMAL
..................................................................
TEMPERATURE (F)
 YESTERDAY
  MAXIMUM         90    610 PM 102    2007  89      1       89
  MINIMUM         72    620 AM  54    1891  69      3       66
  AVERAGE         81                        79      2       78

PRECIPITATION (IN)
  YESTERDAY        0.00          1.46 1896   0.10  -0.10     0.00
  MONTH TO DATE    1.31                      2.76  -1.45     7.09
  SINCE JUN 1      5.03                     11.72  -6.69    17.48
  SINCE JAN 1     22.27                     34.54 -12.27    40.68

DEGREE DAYS
 COOLING
  YESTERDAY       16                        14      2       13
  MONTH TO DATE  439                       354     85      344
  SINCE JUN 1   1501                      1162    339     1300
  SINCE JAN 1   1777                      1358    419     1576
..................................................................


WIND (MPH)
  HIGHEST WIND SPEED    13   HIGHEST WIND DIRECTION    SE (130)
  HIGHEST GUST SPEED    17   HIGHEST GUST DIRECTION    SE (150)
  AVERAGE WIND SPEED     3.4


SKY COVER
  POSSIBLE SUNSHINE  MM
  AVERAGE SKY COVER 0.5


WEATHER CONDITIONS
 THE FOLLOWING WEATHER WAS RECORDED YESTERDAY.
  NO SIGNIFICANT WEATHER WAS OBSERVED.


RELATIVE HUMIDITY (PERCENT)
 HIGHEST    90           400 AM
 LOWEST     50           600 PM
 AVERAGE    70

..........................................................


THE CHATTANOOGA  ASOS CLIMATE NORMALS FOR TODAY
                         NORMAL    RECORD    YEAR
 MAXIMUM TEMPERATURE (F)   89       100      2011
 MINIMUM TEMPERATURE (F)   68        54      1891


SUNRISE AND SUNSET
AUGUST 25 2016........SUNRISE   709 AM EDT   SUNSET   816 PM EDT
AUGUST 26 2016........SUNRISE   709 AM EDT   SUNSET   815 PM EDT


-  INDICATES NEGATIVE NUMBERS.
R  INDICATES RECORD WAS SET OR TIED.
MM INDICATES DATA IS MISSING.
T  INDICATES TRACE AMOUNT.




$$
