372
CDUS44 KMRX 070811
CLICHA


CLIMATE REPORT
NATIONAL WEATHER SERVICE MORRISTOWN TN
311 AM EST WED DEC 7 2016


...................................

...THE CHATTANOOGA  ASOS CLIMATE SUMMARY FOR DECEMBER 6 2016...

CLIMATE NORMAL PERIOD 1981 TO 2010
CLIMATE RECORD PERIOD 1879 TO 2016


WEATHER ITEM   OBSERVED TIME   RECORD YEAR NORMAL DEPARTURE LAST
                VALUE   (LST)  VALUE       VALUE  FROM      YEAR
                                                  NORMAL
..................................................................
TEMPERATURE (F)
 YESTERDAY
  MAXIMUM         61    424 PM  77    1998  54      7       59
  MINIMUM         46   1159 PM  13    1937  35     11       31
  AVERAGE         54                        44     10       45

PRECIPITATION (IN)
  YESTERDAY        1.04          3.69 2004   0.17   0.87     0.00
  MONTH TO DATE    2.89                      1.06   1.83     2.77
  SINCE DEC 1      2.89                      1.06   1.83     2.77
  SINCE JAN 1     33.42                     48.64 -15.22    59.14

SNOWFALL (IN)
  YESTERDAY        0.0                       0.0    0.0      0.0
  MONTH TO DATE    0.0                       0.0    0.0      0.0
  SINCE DEC 1      0.0                       0.0    0.0      0.0
  SINCE JUL 1      0.0                       T      0.0      0.0
  SNOW DEPTH       0

DEGREE DAYS
 HEATING
  YESTERDAY       11                        21    -10       20
  MONTH TO DATE  109                       119    -10       98
  SINCE DEC 1    109                       119    -10       98
  SINCE JUL 1    429                       708   -279      478
..................................................................


WIND (MPH)
  HIGHEST WIND SPEED    17   HIGHEST WIND DIRECTION    NW (310)
  HIGHEST GUST SPEED    24   HIGHEST GUST DIRECTION    NW (310)
  AVERAGE WIND SPEED     6.1


SKY COVER
  POSSIBLE SUNSHINE  MM
  AVERAGE SKY COVER 0.9


WEATHER CONDITIONS
 THE FOLLOWING WEATHER WAS RECORDED YESTERDAY.
  HEAVY RAIN
  RAIN
  LIGHT RAIN
  FOG
  HAZE


RELATIVE HUMIDITY (PERCENT)
 HIGHEST    93          1200 AM
 LOWEST     77           700 PM
 AVERAGE    85

..........................................................


THE CHATTANOOGA  ASOS CLIMATE NORMALS FOR TODAY
                         NORMAL    RECORD    YEAR
 MAXIMUM TEMPERATURE (F)   54        78      1951
 MINIMUM TEMPERATURE (F)   35        12      1937
                                             1886


SUNRISE AND SUNSET
DECEMBER  7 2016......SUNRISE   736 AM EST   SUNSET   529 PM EST
DECEMBER  8 2016......SUNRISE   737 AM EST   SUNSET   529 PM EST


-  INDICATES NEGATIVE NUMBERS.
R  INDICATES RECORD WAS SET OR TIED.
MM INDICATES DATA IS MISSING.
T  INDICATES TRACE AMOUNT.




$$
