000
CDUS44 KMRX 260821
CLICHA


CLIMATE REPORT
NATIONAL WEATHER SERVICE MORRISTOWN TN
421 AM EDT FRI MAY 26 2017


...................................

...THE CHATTANOOGA  ASOS CLIMATE SUMMARY FOR MAY 25 2017...

CLIMATE NORMAL PERIOD 1981 TO 2010
CLIMATE RECORD PERIOD 1879 TO 2017


WEATHER ITEM   OBSERVED TIME   RECORD YEAR NORMAL DEPARTURE LAST
                VALUE   (LST)  VALUE       VALUE  FROM      YEAR
                                                  NORMAL
..................................................................
TEMPERATURE (F)
 YESTERDAY
  MAXIMUM         74    519 PM  95    1953  82     -8       88
  MINIMUM         57    640 AM  46    1942  60     -3       60
                                      1925
  AVERAGE         66                        71     -5       74

PRECIPITATION (IN)
  YESTERDAY        0.01          1.23 1895   0.12  -0.11     0.00
  MONTH TO DATE    4.32                      3.34   0.98     1.41
  SINCE MAR 1     18.88                     12.31   6.57     6.48
  SINCE JAN 1     27.31                     22.06   5.25    17.22

DEGREE DAYS
 COOLING
  YESTERDAY        1                         7     -6        9
  MONTH TO DATE  149                       105     44      117
  SINCE MAR 1    275                       151    124      196
  SINCE JAN 1    275                       151    124      196
..................................................................


WIND (MPH)
  HIGHEST WIND SPEED    21   HIGHEST WIND DIRECTION     W (280)
  HIGHEST GUST SPEED    27   HIGHEST GUST DIRECTION    NW (300)
  AVERAGE WIND SPEED     7.5


SKY COVER
  POSSIBLE SUNSHINE  MM
  AVERAGE SKY COVER 0.5


WEATHER CONDITIONS
 THE FOLLOWING WEATHER WAS RECORDED YESTERDAY.
  LIGHT RAIN


RELATIVE HUMIDITY (PERCENT)
 HIGHEST    86           300 AM
 LOWEST     41           200 PM
 AVERAGE    64

..........................................................


THE CHATTANOOGA  ASOS CLIMATE NORMALS FOR TODAY
                         NORMAL    RECORD    YEAR
 MAXIMUM TEMPERATURE (F)   82        94      1962
                                             1953
 MINIMUM TEMPERATURE (F)   60        40      1979


SUNRISE AND SUNSET
MAY 26 2017...........SUNRISE   630 AM EDT   SUNSET   846 PM EDT
MAY 27 2017...........SUNRISE   630 AM EDT   SUNSET   847 PM EDT


-  INDICATES NEGATIVE NUMBERS.
R  INDICATES RECORD WAS SET OR TIED.
MM INDICATES DATA IS MISSING.
T  INDICATES TRACE AMOUNT.




$$
