000
CDUS41 KLWX 192129
CLICHO


CLIMATE REPORT
NATIONAL WEATHER SERVICE BALTIMORE MD/WASHINGTON DC
428 PM EST SUN FEB 19 2017


...................................

...THE CHARLOTTESVILLE VA CLIMATE SUMMARY FOR FEBRUARY 19 2017...
VALID TODAY AS OF 0400 PM LOCAL TIME.

CLIMATE NORMAL PERIOD 1981 TO 2010
CLIMATE RECORD PERIOD 1889 TO 2017


WEATHER ITEM   OBSERVED TIME   RECORD YEAR NORMAL DEPARTURE LAST
                VALUE   (LST)  VALUE       VALUE  FROM      YEAR
                                                  NORMAL
..................................................................
TEMPERATURE (F)
 TODAY
  MAXIMUM         74    359 PM  MM      MM  50     24       48
  MINIMUM         52    737 AM  MM      MM  28     24       22
  AVERAGE         63                        39     24       35

PRECIPITATION (IN)
  TODAY            0.00                      0.11  -0.11     0.00
  MONTH TO DATE    0.21                      1.75  -1.54     2.62
  SINCE DEC 1      4.53                      7.67  -3.14     8.31
  SINCE JAN 1      2.81                      4.52  -1.71     4.48

DEGREE DAYS
 HEATING
  TODAY            2                                        30
  MONTH TO DATE  323                                       551
  SINCE DEC 1   1763                                      1937
  SINCE JUL 1   2288                                      2583

 COOLING
  TODAY            0                                         0
  MONTH TO DATE    1                                         0
  SINCE DEC 1      1                                         2
  SINCE JAN 1      1                                         0
..................................................................


WIND (MPH)
  HIGHEST WIND SPEED    13   HIGHEST WIND DIRECTION     N (340)
  HIGHEST GUST SPEED    19   HIGHEST GUST DIRECTION    NW (330)
  AVERAGE WIND SPEED     5.1


SKY COVER
  POSSIBLE SUNSHINE  MM
  AVERAGE SKY COVER 0.3


WEATHER CONDITIONS
 THE FOLLOWING WEATHER WAS RECORDED TODAY.
  NO SIGNIFICANT WEATHER WAS OBSERVED.


RELATIVE HUMIDITY (PERCENT)
 HIGHEST    61           800 AM
 LOWEST     28          1200 AM
 AVERAGE    45

..........................................................


THE CHARLOTTESVILLE VA CLIMATE NORMALS FOR TOMORROW
                         NORMAL    RECORD    YEAR
 MAXIMUM TEMPERATURE (F)   50        MM        MM
 MINIMUM TEMPERATURE (F)   28        MM        MM


SUNRISE AND SUNSET
FEBRUARY 19 2017......SUNRISE   659 AM EST   SUNSET   557 PM EST
FEBRUARY 20 2017......SUNRISE   657 AM EST   SUNSET   558 PM EST


-  INDICATES NEGATIVE NUMBERS.
R  INDICATES RECORD WAS SET OR TIED.
MM INDICATES DATA IS MISSING.
T  INDICATES TRACE AMOUNT.




$$
