000
CDUS41 KLWX 270524
CLICHO


CLIMATE REPORT
NATIONAL WEATHER SERVICE BALTIMORE MD/WASHINGTON DC
123 AM EDT MON MAR 27 2017


...................................

...THE CHARLOTTESVILLE VA CLIMATE SUMMARY FOR MARCH 26 2017...

CLIMATE NORMAL PERIOD 1981 TO 2010
CLIMATE RECORD PERIOD 1889 TO 2017


WEATHER ITEM   OBSERVED TIME   RECORD YEAR NORMAL DEPARTURE LAST
                VALUE   (LST)  VALUE       VALUE  FROM      YEAR
                                                  NORMAL
..................................................................
TEMPERATURE (F)
 YESTERDAY
  MAXIMUM         63   1211 AM  MM      MM  61      2       61
  MINIMUM         50   1159 PM  MM      MM  38     12       39
  AVERAGE         57                        49      8       50

PRECIPITATION (IN)
  YESTERDAY        0.03                      0.13  -0.10     0.00
  MONTH TO DATE    1.18                      2.97  -1.79     1.08
  SINCE MAR 1      1.18                      2.97  -1.79     1.08
  SINCE JAN 1      4.42                      8.44  -4.02     7.20

DEGREE DAYS
 HEATING
  YESTERDAY        8                        16     -8       15
  MONTH TO DATE  478                       516    -38      299
  SINCE MAR 1    478                       516    -38      299
  SINCE JUL 1   2851                      3928  -1077     3057

 COOLING
  YESTERDAY        0                         0      0        0
  MONTH TO DATE    3                         0      3        4
  SINCE MAR 1      3                         0      3        4
  SINCE JAN 1      4                         0      4        4
..................................................................


WIND (MPH)
  HIGHEST WIND SPEED    17   HIGHEST WIND DIRECTION    NE (50)
  HIGHEST GUST SPEED    21   HIGHEST GUST DIRECTION    NE (60)
  AVERAGE WIND SPEED     8.1


SKY COVER
  POSSIBLE SUNSHINE  MM
  AVERAGE SKY COVER 0.7


WEATHER CONDITIONS
 THE FOLLOWING WEATHER WAS RECORDED YESTERDAY.
  LIGHT RAIN
  FOG
  HAZE


RELATIVE HUMIDITY (PERCENT)
 HIGHEST    93          1100 PM
 LOWEST     65          1200 AM
 AVERAGE    79

..........................................................


THE CHARLOTTESVILLE VA CLIMATE NORMALS FOR TODAY
                         NORMAL    RECORD    YEAR
 MAXIMUM TEMPERATURE (F)   61        MM        MM
 MINIMUM TEMPERATURE (F)   38        MM        MM


SUNRISE AND SUNSET
MARCH 27 2017.........SUNRISE   706 AM EDT   SUNSET   733 PM EDT
MARCH 28 2017.........SUNRISE   705 AM EDT   SUNSET   733 PM EDT


-  INDICATES NEGATIVE NUMBERS.
R  INDICATES RECORD WAS SET OR TIED.
MM INDICATES DATA IS MISSING.
T  INDICATES TRACE AMOUNT.




$$
