000
CDUS41 KLWX 060525
CLICHO


CLIMATE REPORT
NATIONAL WEATHER SERVICE BALTIMORE MD/WASHINGTON DC
1225 AM EST FRI MAR 6 2015


...................................

...THE CHARLOTTESVILLE VA CLIMATE SUMMARY FOR MARCH 5 2015...

CLIMATE NORMAL PERIOD 1981 TO 2010
CLIMATE RECORD PERIOD 1889 TO 2015


WEATHER ITEM   OBSERVED TIME   RECORD YEAR NORMAL DEPARTURE LAST
                VALUE   (LST)  VALUE       VALUE  FROM      YEAR
                                                  NORMAL
..................................................................
TEMPERATURE (F)
 YESTERDAY
  MAXIMUM         46   1205 AM  MM      MM  54     -8       44
  MINIMUM         21   1159 PM  MM      MM  31    -10       16
  AVERAGE         34                        42     -8       30

PRECIPITATION (IN)
  YESTERDAY        0.87                      0.10   0.77     0.00
  MONTH TO DATE    1.21                      0.49   0.72     0.76
  SINCE MAR 1      1.21                      0.49   0.72     0.76
  SINCE JAN 1      3.87                      5.96  -2.09     5.85

DEGREE DAYS
 HEATING
  YESTERDAY       31                        23      8       35
  MONTH TO DATE  149                       116     33      173
  SINCE MAR 1    149                       116     33      173
  SINCE JUL 1   3664                      3528    136     3682

 COOLING
  YESTERDAY        0                         0      0        0
  MONTH TO DATE    0                         0      0        0
  SINCE MAR 1      0                         0      0        0
  SINCE JAN 1      0                         0      0        0
..................................................................


WIND (MPH)
  HIGHEST WIND SPEED    17   HIGHEST WIND DIRECTION    NE (50)
  HIGHEST GUST SPEED    22   HIGHEST GUST DIRECTION    NE (50)
  AVERAGE WIND SPEED     7.6


SKY COVER
  POSSIBLE SUNSHINE  MM
  AVERAGE SKY COVER 1.0


WEATHER CONDITIONS
 THE FOLLOWING WEATHER WAS RECORDED YESTERDAY.
  RAIN
  LIGHT RAIN
  HEAVY SNOW
  SNOW
  LIGHT SNOW
  FOG
  FOG W/VISIBILITY <= 1/4 MILE


RELATIVE HUMIDITY (PERCENT)
 HIGHEST   100          1200 AM
 LOWEST     68          1100 PM
 AVERAGE    84

..........................................................


THE CHARLOTTESVILLE VA CLIMATE NORMALS FOR TODAY
                         NORMAL    RECORD    YEAR
 MAXIMUM TEMPERATURE (F)   54        MM        MM
 MINIMUM TEMPERATURE (F)   32        MM        MM


SUNRISE AND SUNSET
MARCH  6 2015.........SUNRISE   639 AM EST   SUNSET   612 PM EST
MARCH  7 2015.........SUNRISE   637 AM EST   SUNSET   613 PM EST


-  INDICATES NEGATIVE NUMBERS.
R  INDICATES RECORD WAS SET OR TIED.
MM INDICATES DATA IS MISSING.
T  INDICATES TRACE AMOUNT.




$$
