000
CDUS41 KLWX 210521
CLICHO


CLIMATE REPORT
NATIONAL WEATHER SERVICE BALTIMORE MD/WASHINGTON DC
121 AM EDT MON APR 21 2014


...................................

...THE CHARLOTTESVILLE VA CLIMATE SUMMARY FOR APRIL 20 2014...

CLIMATE NORMAL PERIOD 1981 TO 2010
CLIMATE RECORD PERIOD 1889 TO 2014


WEATHER ITEM   OBSERVED TIME   RECORD YEAR NORMAL DEPARTURE LAST
                VALUE   (LST)  VALUE       VALUE  FROM      YEAR
                                                  NORMAL
..................................................................
TEMPERATURE (F)
 YESTERDAY
  MAXIMUM         66    436 PM  MM      MM  69     -3       62
  MINIMUM         45    558 AM  MM      MM  44      1       44
  AVERAGE         56                        57     -1       53

PRECIPITATION (IN)
  YESTERDAY        0.00                      0.12  -0.12     0.00
  MONTH TO DATE    2.20                      2.26  -0.06     2.56
  SINCE MAR 1      4.69                      5.92  -1.23     5.38
  SINCE JAN 1      9.78                     11.39  -1.61    11.82

DEGREE DAYS
 HEATING
  YESTERDAY        9                         9      0       12
  MONTH TO DATE  208                       230    -22      160
  SINCE MAR 1    935                       822    113      894
  SINCE JUL 1   4444                      4234    210     3951

 COOLING
  YESTERDAY        0                         1     -1        0
  MONTH TO DATE    9                        12     -3       44
  SINCE MAR 1      9                        14     -5       44
  SINCE JAN 1      9                        14     -5       44
..................................................................


WIND (MPH)
  HIGHEST WIND SPEED    15   HIGHEST WIND DIRECTION    NE (50)
  HIGHEST GUST SPEED    21   HIGHEST GUST DIRECTION     E (70)
  AVERAGE WIND SPEED     6.8


SKY COVER
  POSSIBLE SUNSHINE  MM
  AVERAGE SKY COVER 0.0


WEATHER CONDITIONS
 THE FOLLOWING WEATHER WAS RECORDED YESTERDAY.
  NO SIGNIFICANT WEATHER WAS OBSERVED.


RELATIVE HUMIDITY (PERCENT)
 HIGHEST    61          1100 PM
 LOWEST     31           400 PM
 AVERAGE    46

..........................................................


THE CHARLOTTESVILLE VA CLIMATE NORMALS FOR TODAY
                         NORMAL    RECORD    YEAR
 MAXIMUM TEMPERATURE (F)   69        MM        MM
 MINIMUM TEMPERATURE (F)   45        MM        MM


SUNRISE AND SUNSET
APRIL 21 2014.........SUNRISE   630 AM EDT   SUNSET   756 PM EDT
APRIL 22 2014.........SUNRISE   629 AM EDT   SUNSET   756 PM EDT


-  INDICATES NEGATIVE NUMBERS.
R  INDICATES RECORD WAS SET OR TIED.
MM INDICATES DATA IS MISSING.
T  INDICATES TRACE AMOUNT.




$$
