000
CDUS41 KLWX 282123
CLICHO


CLIMATE REPORT
NATIONAL WEATHER SERVICE BALTIMORE MD/WASHINGTON DC
523 PM EDT WED JUN 28 2017


...................................

...THE CHARLOTTESVILLE VA CLIMATE SUMMARY FOR JUNE 28 2017...
VALID TODAY AS OF 0500 PM LOCAL TIME.

CLIMATE NORMAL PERIOD 1981 TO 2010
CLIMATE RECORD PERIOD 1998 TO 2017


WEATHER ITEM   OBSERVED TIME   RECORD YEAR NORMAL DEPARTURE LAST
                VALUE   (LST)  VALUE       VALUE  FROM      YEAR
                                                  NORMAL
..................................................................
TEMPERATURE (F)
 TODAY
  MAXIMUM         82    306 PM  MM      MM  86     -4       89
  MINIMUM         53    534 AM  MM      MM  64    -11       69
  AVERAGE         68                        75     -7       79

PRECIPITATION (IN)
  TODAY            T                         0.11  -0.11      T
  MONTH TO DATE    2.60                      3.50  -0.90     3.75
  SINCE JUN 1      2.60                      3.50  -0.90     3.75
  SINCE JAN 1     20.15                     19.97   0.18    20.26

DEGREE DAYS
 HEATING
  TODAY            0                                         0
  MONTH TO DATE    1                                         0
  SINCE JUN 1      1                                         0
  SINCE JUL 1   3092                                      3480

 COOLING
  TODAY            3                                        14
  MONTH TO DATE  268                                       271
  SINCE JUN 1    268                                       271
  SINCE JAN 1    478                                       384
..................................................................


WIND (MPH)
  HIGHEST WIND SPEED    12   HIGHEST WIND DIRECTION     S (200)
  HIGHEST GUST SPEED    15   HIGHEST GUST DIRECTION    SE (130)
  AVERAGE WIND SPEED     2.0


SKY COVER
  POSSIBLE SUNSHINE  MM
  AVERAGE SKY COVER 0.0


WEATHER CONDITIONS
 THE FOLLOWING WEATHER WAS RECORDED TODAY.
  FOG
  HAZE


RELATIVE HUMIDITY (PERCENT)
 HIGHEST    86           600 AM
 LOWEST     30           200 PM
 AVERAGE    58

..........................................................


THE CHARLOTTESVILLE VA CLIMATE NORMALS FOR TOMORROW
                         NORMAL    RECORD    YEAR
 MAXIMUM TEMPERATURE (F)   86        MM        MM
 MINIMUM TEMPERATURE (F)   64        MM        MM


SUNRISE AND SUNSET
JUNE 28 2017..........SUNRISE   553 AM EDT   SUNSET   841 PM EDT
JUNE 29 2017..........SUNRISE   554 AM EDT   SUNSET   841 PM EDT


-  INDICATES NEGATIVE NUMBERS.
R  INDICATES RECORD WAS SET OR TIED.
MM INDICATES DATA IS MISSING.
T  INDICATES TRACE AMOUNT.




$$
