000
CDUS42 KCHS 260603
CLICHS


CLIMATE REPORT
NATIONAL WEATHER SERVICE CHARLESTON SC
203 AM EDT TUE JUL 26 2016


...................................

...THE NORTH CHARLESTON SC CLIMATE SUMMARY FOR JULY 25 2016...

CLIMATE NORMAL PERIOD 1981 TO 2010
CLIMATE RECORD PERIOD 1938 TO 2016


WEATHER ITEM   OBSERVED TIME   RECORD YEAR NORMAL DEPARTURE LAST
                VALUE   (LST)  VALUE       VALUE  FROM      YEAR
                                                  NORMAL
..................................................................
TEMPERATURE (F)
 YESTERDAY
  MAXIMUM         93    321 PM  98    1940  91      2       92
  MINIMUM         78   1159 PM  68    1977  73      5       71
                                      1949
  AVERAGE         86                        82      4       82

PRECIPITATION (IN)
  YESTERDAY        0.00          4.57 1980   0.21  -0.21     0.00
  MONTH TO DATE    4.32                      5.30  -0.98     7.72
  SINCE JUN 1      7.46                     10.95  -3.49    15.41
  SINCE JAN 1     28.21                     27.26   0.95    30.63

DEGREE DAYS
 HEATING
  YESTERDAY        0                         0      0        0
  MONTH TO DATE    0                         0      0        0
  SINCE JUN 1      0                         1     -1        0
  SINCE JUL 1      0                         0      0        0

 COOLING
  YESTERDAY       21                        17      4       17
  MONTH TO DATE  525                       422    103      462
  SINCE JUN 1   1050                       843    207      990
  SINCE JAN 1   1545                      1205    340     1423
..................................................................


WIND (MPH)
  HIGHEST WIND SPEED    16   HIGHEST WIND DIRECTION     S (190)
  HIGHEST GUST SPEED    21   HIGHEST GUST DIRECTION     S (170)
  AVERAGE WIND SPEED     7.7


SKY COVER
  POSSIBLE SUNSHINE  MM
  AVERAGE SKY COVER 0.2


WEATHER CONDITIONS
 THE FOLLOWING WEATHER WAS RECORDED YESTERDAY.
  NO SIGNIFICANT WEATHER WAS OBSERVED.


RELATIVE HUMIDITY (PERCENT)
 HIGHEST    91          1200 AM
 LOWEST     49           200 PM
 AVERAGE    70

..........................................................


THE NORTH CHARLESTON SC CLIMATE NORMALS FOR TODAY
                         NORMAL    RECORD    YEAR
 MAXIMUM TEMPERATURE (F)   91        99      2010
                                             1940
 MINIMUM TEMPERATURE (F)   73        67      1959


SUNRISE AND SUNSET
JULY 26 2016..........SUNRISE   630 AM EDT   SUNSET   823 PM EDT
JULY 27 2016..........SUNRISE   631 AM EDT   SUNSET   822 PM EDT


-  INDICATES NEGATIVE NUMBERS.
R  INDICATES RECORD WAS SET OR TIED.
MM INDICATES DATA IS MISSING.
T  INDICATES TRACE AMOUNT.




$$
