000
CDUS42 KCHS 200522
CLICHS


CLIMATE REPORT
NATIONAL WEATHER SERVICE CHARLESTON SC
122 AM EDT SAT SEP 20 2014


...................................

...THE NORTH CHARLESTON SC CLIMATE SUMMARY FOR SEPTEMBER 19 2014...

CLIMATE NORMAL PERIOD 1981 TO 2010
CLIMATE RECORD PERIOD 1938 TO 2014


WEATHER ITEM   OBSERVED TIME   RECORD YEAR NORMAL DEPARTURE LAST
                VALUE   (LST)  VALUE       VALUE  FROM      YEAR
                                                  NORMAL
..................................................................
TEMPERATURE (F)
 YESTERDAY
  MAXIMUM         84    100 PM  98    1942  84      0       86
  MINIMUM         69    656 PM  51    1981  67      2       63
  AVERAGE         77                        75      2       75

PRECIPITATION (IN)
  YESTERDAY        0.78          1.34 1966   0.20   0.58     0.00
  MONTH TO DATE    6.73                      4.22   2.51     2.70
  SINCE SEP 1      6.73                      4.22   2.51     2.70
  SINCE JAN 1     42.06                     39.86   2.20    48.76

DEGREE DAYS
 HEATING
  YESTERDAY        0                         0      0        0
  MONTH TO DATE    0                         0      0        0
  SINCE SEP 1      0                         0      0        0
  SINCE JUL 1      0                         0      0        0

 COOLING
  YESTERDAY       12                        10      2       10
  MONTH TO DATE  317                       237     80      290
  SINCE SEP 1    317                       237     80      290
  SINCE JAN 1   2479                      2042    437     2145
..................................................................


WIND (MPH)
  HIGHEST WIND SPEED    21   HIGHEST WIND DIRECTION    NE (60)
  HIGHEST GUST SPEED    30   HIGHEST GUST DIRECTION    NE (50)
  AVERAGE WIND SPEED     9.1


SKY COVER
  POSSIBLE SUNSHINE  MM
  AVERAGE SKY COVER 0.7


WEATHER CONDITIONS
 THE FOLLOWING WEATHER WAS RECORDED YESTERDAY.
  HEAVY RAIN
  RAIN
  LIGHT RAIN
  FOG


RELATIVE HUMIDITY (PERCENT)
 HIGHEST    93           300 AM
 LOWEST     58          1200 PM
 AVERAGE    76

..........................................................


THE NORTH CHARLESTON SC CLIMATE NORMALS FOR TODAY
                         NORMAL    RECORD    YEAR
 MAXIMUM TEMPERATURE (F)   84        98      1942
 MINIMUM TEMPERATURE (F)   66        53      1984
                                             1981


SUNRISE AND SUNSET
SEPTEMBER 20 2014.....SUNRISE   707 AM EDT   SUNSET   720 PM EDT
SEPTEMBER 21 2014.....SUNRISE   708 AM EDT   SUNSET   718 PM EDT


-  INDICATES NEGATIVE NUMBERS.
R  INDICATES RECORD WAS SET OR TIED.
MM INDICATES DATA IS MISSING.
T  INDICATES TRACE AMOUNT.




$$
