000
CDUS42 KCHS 060601
CLICHS


CLIMATE REPORT
NATIONAL WEATHER SERVICE CHARLESTON SC
201 AM EDT FRI MAY 6 2016


...................................

...THE NORTH CHARLESTON SC CLIMATE SUMMARY FOR MAY 5 2016...

CLIMATE NORMAL PERIOD 1981 TO 2010
CLIMATE RECORD PERIOD 1938 TO 2016


WEATHER ITEM   OBSERVED TIME   RECORD YEAR NORMAL DEPARTURE LAST
                VALUE   (LST)  VALUE       VALUE  FROM      YEAR
                                                  NORMAL
..................................................................
TEMPERATURE (F)
 YESTERDAY
  MAXIMUM         74    256 PM  95    2014  81     -7       80
  MINIMUM         54   1159 PM  44    1976  58     -4       56
                                      1939
  AVERAGE         64                        70     -6       68

PRECIPITATION (IN)
  YESTERDAY        0.00          1.28 2013   0.10  -0.10     0.00
  MONTH TO DATE    0.47                      0.47   0.00     0.00
  SINCE MAR 1      6.27                      7.09  -0.82     5.93
  SINCE JAN 1     14.56                     13.76   0.80    13.86

DEGREE DAYS
 HEATING
  YESTERDAY        1                         1      0        0
  MONTH TO DATE    1                         5     -4        4
  SINCE MAR 1    177                       332   -155      210
  SINCE JUL 1   1354                      1968   -614     1947

 COOLING
  YESTERDAY        0                         5     -5        3
  MONTH TO DATE   46                        25     21       10
  SINCE MAR 1    246                       136    110      170
  SINCE JAN 1    254                       143    111      174
..................................................................


WIND (MPH)
  HIGHEST WIND SPEED    25   HIGHEST WIND DIRECTION     N (340)
  HIGHEST GUST SPEED    32   HIGHEST GUST DIRECTION    NW (310)
  AVERAGE WIND SPEED    12.5


SKY COVER
  POSSIBLE SUNSHINE  MM
  AVERAGE SKY COVER 0.3


WEATHER CONDITIONS
 THE FOLLOWING WEATHER WAS RECORDED YESTERDAY.
  NO SIGNIFICANT WEATHER WAS OBSERVED.


RELATIVE HUMIDITY (PERCENT)
 HIGHEST    72           600 AM
 LOWEST     31           200 PM
 AVERAGE    52

..........................................................


THE NORTH CHARLESTON SC CLIMATE NORMALS FOR TODAY
                         NORMAL    RECORD    YEAR
 MAXIMUM TEMPERATURE (F)   81        95      1952
 MINIMUM TEMPERATURE (F)   59        44      1973


SUNRISE AND SUNSET
MAY  6 2016...........SUNRISE   628 AM EDT   SUNSET   806 PM EDT
MAY  7 2016...........SUNRISE   627 AM EDT   SUNSET   807 PM EDT


-  INDICATES NEGATIVE NUMBERS.
R  INDICATES RECORD WAS SET OR TIED.
MM INDICATES DATA IS MISSING.
T  INDICATES TRACE AMOUNT.




$$
