000
CDUS42 KCHS 300525
CLICHS


CLIMATE REPORT
NATIONAL WEATHER SERVICE CHARLESTON SC
123 AM EDT MON MAR 30 2015


...................................

...THE NORTH CHARLESTON SC CLIMATE SUMMARY FOR MARCH 29 2015...

CLIMATE NORMAL PERIOD 1981 TO 2010
CLIMATE RECORD PERIOD 1938 TO 2015


WEATHER ITEM   OBSERVED TIME   RECORD YEAR NORMAL DEPARTURE LAST
                VALUE   (LST)  VALUE       VALUE  FROM      YEAR
                                                  NORMAL
..................................................................
TEMPERATURE (F)
 YESTERDAY
  MAXIMUM         58    459 PM  87    2012  73    -15       79
                                      1985
  MINIMUM         34    619 AM  30    1966  50    -16       64
  AVERAGE         46                        61    -15       72

PRECIPITATION (IN)
  YESTERDAY        0.00          4.13 1990   0.12  -0.12     1.03
  MONTH TO DATE    2.26                      3.47  -1.21     4.93
  SINCE MAR 1      2.26                      3.47  -1.21     4.93
  SINCE JAN 1     10.19                     10.14   0.05     9.78

SNOWFALL (IN)
  YESTERDAY        0.0                       0.0    0.0
  SINCE MAR 1      0.0                       0.0    0.0
  SINCE JUL 1      T                         0.5   -0.5

DEGREE DAYS
 HEATING
  YESTERDAY       19                         5     14        0
  MONTH TO DATE  173                       230    -57      302
  SINCE MAR 1    173                       230    -57      302
  SINCE JUL 1   1910                      1866     44     1825

 COOLING
  YESTERDAY        0                         1     -1        7
  MONTH TO DATE   33                        27      6        9
  SINCE MAR 1     33                        27      6        9
  SINCE JAN 1     37                        34      3       19
..................................................................


WIND (MPH)
  HIGHEST WIND SPEED    16   HIGHEST WIND DIRECTION    NE (50)
  HIGHEST GUST SPEED    22   HIGHEST GUST DIRECTION    NE (30)
  AVERAGE WIND SPEED     6.8


SKY COVER
  POSSIBLE SUNSHINE  MM
  AVERAGE SKY COVER 0.1


WEATHER CONDITIONS
 THE FOLLOWING WEATHER WAS RECORDED YESTERDAY.
  NO SIGNIFICANT WEATHER WAS OBSERVED.


RELATIVE HUMIDITY (PERCENT)
 HIGHEST    89           100 AM
 LOWEST     15           300 PM
 AVERAGE    52

..........................................................


THE NORTH CHARLESTON SC CLIMATE NORMALS FOR TODAY
                         NORMAL    RECORD    YEAR
 MAXIMUM TEMPERATURE (F)   73        88      1954
 MINIMUM TEMPERATURE (F)   50        31      1964
                                             1955
                                             1941


SUNRISE AND SUNSET
MARCH 30 2015.........SUNRISE   711 AM EDT   SUNSET   739 PM EDT
MARCH 31 2015.........SUNRISE   710 AM EDT   SUNSET   739 PM EDT


-  INDICATES NEGATIVE NUMBERS.
R  INDICATES RECORD WAS SET OR TIED.
MM INDICATES DATA IS MISSING.
T  INDICATES TRACE AMOUNT.

$$
