000
CDUS42 KCHS 240535
CLICHS

CLIMATE REPORT
NATIONAL WEATHER SERVICE CHARLESTON SC
133 AM EDT THU APR 24 2014


...................................

...THE NORTH CHARLESTON SC CLIMATE SUMMARY FOR APRIL 23 2014...

CLIMATE NORMAL PERIOD 1981 TO 2010
CLIMATE RECORD PERIOD 1938 TO 2014


WEATHER ITEM   OBSERVED TIME   RECORD YEAR NORMAL DEPARTURE LAST
                VALUE   (LST)  VALUE       VALUE  FROM      YEAR
                                                  NORMAL
..................................................................
TEMPERATURE (F)
 YESTERDAY
  MAXIMUM         86    425 PM  92    1963  78      8       69
  MINIMUM         61   1122 PM  39    1993  55      6       53
  AVERAGE         74                        66      8       61

PRECIPITATION (IN)
  YESTERDAY        0.00          2.43 1938   0.10  -0.10     0.00
  MONTH TO DATE    4.90                      2.25   2.65     4.43
  SINCE MAR 1      9.83                      5.96   3.87     8.50
  SINCE JAN 1     14.68                     12.63   2.05    19.32

SNOWFALL (IN)
  YESTERDAY        0.0                       0.0    0.0
  SINCE MAR 1      0.0                       0.0    0.0
  SINCE JUL 1      T                         0.5   -0.5

DEGREE DAYS
 HEATING
  YESTERDAY        0                         2     -2        4
  MONTH TO DATE   38                        78    -40       71
  SINCE MAR 1    352                       317     35      451
  SINCE JUL 1   1875                      1953    -78     1836

 COOLING
  YESTERDAY        9                         4      5        0
  MONTH TO DATE   79                        56     23       63
  SINCE MAR 1     88                        83      5       73
  SINCE JAN 1     98                        90      8       94
..................................................................


WIND (MPH)
  HIGHEST WIND SPEED    16   HIGHEST WIND DIRECTION    NW (300)
  HIGHEST GUST SPEED    25   HIGHEST GUST DIRECTION    NW (300)
  AVERAGE WIND SPEED     6.4


SKY COVER
  POSSIBLE SUNSHINE  MM
  AVERAGE SKY COVER 0.2


WEATHER CONDITIONS
 THE FOLLOWING WEATHER WAS RECORDED YESTERDAY.
  FOG
  HAZE


RELATIVE HUMIDITY (PERCENT)
 HIGHEST    93           400 AM
 LOWEST     27           400 PM
 AVERAGE    60

..........................................................


THE NORTH CHARLESTON SC CLIMATE NORMALS FOR TODAY
                         NORMAL    RECORD    YEAR
 MAXIMUM TEMPERATURE (F)   78        91      1958
 MINIMUM TEMPERATURE (F)   55        35      1982


SUNRISE AND SUNSET
APRIL 24 2014.........SUNRISE   640 AM EDT   SUNSET   757 PM EDT
APRIL 25 2014.........SUNRISE   639 AM EDT   SUNSET   758 PM EDT


-  INDICATES NEGATIVE NUMBERS.
R  INDICATES RECORD WAS SET OR TIED.
MM INDICATES DATA IS MISSING.
T  INDICATES TRACE AMOUNT.




$$
