000
CDUS42 KCHS 220529
CLICHS


CLIMATE REPORT
NATIONAL WEATHER SERVICE CHARLESTON SC
1229 AM EST SAT NOV 22 2014


...................................

...THE NORTH CHARLESTON SC CLIMATE SUMMARY FOR NOVEMBER 21 2014...

CLIMATE NORMAL PERIOD 1981 TO 2010
CLIMATE RECORD PERIOD 1938 TO 2014


WEATHER ITEM   OBSERVED TIME   RECORD YEAR NORMAL DEPARTURE LAST
                VALUE   (LST)  VALUE       VALUE  FROM      YEAR
                                                  NORMAL
..................................................................
TEMPERATURE (F)
 YESTERDAY
  MAXIMUM         68    140 PM  83    1973  68      0       73
  MINIMUM         39    628 AM  24    1951  46     -7       53
  AVERAGE         54                        57     -3       63

PRECIPITATION (IN)
  YESTERDAY        0.00          2.59 2005   0.08  -0.08      T
  MONTH TO DATE    0.43                      1.71  -1.28     1.33
  SINCE SEP 1     10.04                     11.56  -1.52     7.71
  SINCE JAN 1     45.37                     47.20  -1.83    53.77

SNOWFALL (IN)
  YESTERDAY        0.0                       0.0    0.0
  SINCE SEP 1      0.0                       0.0    0.0
  SINCE JUL 1      0.0                       0.0    0.0

DEGREE DAYS
 HEATING
  YESTERDAY       11                         9      2        2
  MONTH TO DATE  220                       135     85      144
  SINCE SEP 1    242                       204     38      186
  SINCE JUL 1    242                       204     38      186

 COOLING
  YESTERDAY        0                         1     -1        0
  MONTH TO DATE   12                        26    -14       30
  SINCE SEP 1    601                       485    116      570
  SINCE JAN 1   2763                      2290    473     2425
..................................................................


WIND (MPH)
  HIGHEST WIND SPEED    MM   HIGHEST WIND DIRECTION    MM
  HIGHEST GUST SPEED    MM   HIGHEST GUST DIRECTION    MM
  AVERAGE WIND SPEED     6.3


SKY COVER
  POSSIBLE SUNSHINE  MM
  AVERAGE SKY COVER 0.1


WEATHER CONDITIONS
 THE FOLLOWING WEATHER WAS RECORDED YESTERDAY.
  NO SIGNIFICANT WEATHER WAS OBSERVED.


RELATIVE HUMIDITY (PERCENT)
 HIGHEST    83           800 AM
 LOWEST     22           100 PM
 AVERAGE    53

..........................................................


THE NORTH CHARLESTON SC CLIMATE NORMALS FOR TODAY
                         NORMAL    RECORD    YEAR
 MAXIMUM TEMPERATURE (F)   68        83      1942
 MINIMUM TEMPERATURE (F)   46        24      2000


SUNRISE AND SUNSET
NOVEMBER 22 2014......SUNRISE   657 AM EST   SUNSET   515 PM EST
NOVEMBER 23 2014......SUNRISE   658 AM EST   SUNSET   515 PM EST


-  INDICATES NEGATIVE NUMBERS.
R  INDICATES RECORD WAS SET OR TIED.
MM INDICATES DATA IS MISSING.
T  INDICATES TRACE AMOUNT.




$$
