000
CDUS42 KCHS 290522
CLICHS


CLIMATE REPORT
NATIONAL WEATHER SERVICE CHARLESTON SC
121 AM EDT TUE JUL 29 2014


...................................

...THE NORTH CHARLESTON SC CLIMATE SUMMARY FOR JULY 28 2014...

CLIMATE NORMAL PERIOD 1981 TO 2010
CLIMATE RECORD PERIOD 1938 TO 2014


WEATHER ITEM   OBSERVED TIME   RECORD YEAR NORMAL DEPARTURE LAST
                VALUE   (LST)  VALUE       VALUE  FROM      YEAR
                                                  NORMAL
..................................................................
TEMPERATURE (F)
 YESTERDAY
  MAXIMUM         96    303 PM 101    1949  91      5       88
  MINIMUM         80   1159 PM  65    1954  73      7       77
  AVERAGE         88                        82      6       83

PRECIPITATION (IN)
  YESTERDAY        T             1.96 1985   0.20  -0.20      T
  MONTH TO DATE    5.36                      5.91  -0.55     3.83
  SINCE JUN 1      8.95                     11.56  -2.61    17.15
  SINCE JAN 1     26.20                     27.87  -1.67    40.59

DEGREE DAYS
 HEATING
  YESTERDAY        0                         0      0        0
  MONTH TO DATE    0                         0      0        0
  SINCE JUN 1      0                         1     -1        0
  SINCE JUL 1      0                         0      0        0

 COOLING
  YESTERDAY       23                        17      6       18
  MONTH TO DATE  517                       473     44      476
  SINCE JUN 1   1035                       894    141      940
  SINCE JAN 1   1545                      1256    289     1287
..................................................................


WIND (MPH)
  HIGHEST WIND SPEED    23   HIGHEST WIND DIRECTION     W (250)
  HIGHEST GUST SPEED    31   HIGHEST GUST DIRECTION     W (250)
  AVERAGE WIND SPEED     9.6


SKY COVER
  POSSIBLE SUNSHINE  MM
  AVERAGE SKY COVER 0.6


WEATHER CONDITIONS
 THE FOLLOWING WEATHER WAS RECORDED YESTERDAY.
  THUNDERSTORM
  LIGHT RAIN


RELATIVE HUMIDITY (PERCENT)
 HIGHEST    80          1200 AM
 LOWEST     53           200 PM
 AVERAGE    67

..........................................................


THE NORTH CHARLESTON SC CLIMATE NORMALS FOR TODAY
                         NORMAL    RECORD    YEAR
 MAXIMUM TEMPERATURE (F)   91       100      1993
 MINIMUM TEMPERATURE (F)   73        63      1954


SUNRISE AND SUNSET
JULY 29 2014..........SUNRISE   632 AM EDT   SUNSET   821 PM EDT
JULY 30 2014..........SUNRISE   632 AM EDT   SUNSET   820 PM EDT


-  INDICATES NEGATIVE NUMBERS.
R  INDICATES RECORD WAS SET OR TIED.
MM INDICATES DATA IS MISSING.
T  INDICATES TRACE AMOUNT.




$$
