000
CDUS42 KCHS 202209
CLICHS


CLIMATE REPORT
NATIONAL WEATHER SERVICE CHARLESTON SC
509 PM EST MON NOV 20 2017


...................................

...THE NORTH CHARLESTON SC CLIMATE SUMMARY FOR NOVEMBER 20 2017...
VALID TODAY AS OF 0500 PM LOCAL TIME.

CLIMATE NORMAL PERIOD 1981 TO 2010
CLIMATE RECORD PERIOD 1938 TO 2017


WEATHER ITEM   OBSERVED TIME   RECORD YEAR NORMAL DEPARTURE LAST
                VALUE   (LST)  VALUE       VALUE  FROM      YEAR
                                                  NORMAL
..................................................................
TEMPERATURE (F)
 TODAY
  MAXIMUM         63    237 PM  82    1942  69     -6       61
                                      1941
  MINIMUM         36    708 AM  25    1951  46    -10       34
  AVERAGE         50                        58     -8       48

PRECIPITATION (IN)
  TODAY            0.00          2.56 1986   0.08  -0.08     0.00
  MONTH TO DATE    1.17                      1.63  -0.46     0.11
  SINCE SEP 1     11.49                     11.48   0.01    22.86
  SINCE JAN 1     49.93                     47.12   2.81    54.85

SNOWFALL (IN)
  TODAY            0.0                       0.0    0.0
  SINCE SEP 1      0.0                       0.0    0.0
  SINCE JUL 1      T                         0.0    0.0

DEGREE DAYS
 HEATING
  TODAY           15                         8      7       17
  MONTH TO DATE  139                       126     13      131
  SINCE SEP 1    197                       195      2      147
  SINCE JUL 1    197                       195      2      147

 COOLING
  TODAY            0                         1     -1        0
  MONTH TO DATE   32                        25      7       22
  SINCE SEP 1    637                       484    153      658
  SINCE JAN 1   2679                      2289    390     2933
..................................................................


WIND (MPH)
  HIGHEST WIND SPEED    13   HIGHEST WIND DIRECTION    NE (40)
  HIGHEST GUST SPEED    16   HIGHEST GUST DIRECTION    NE (40)
  AVERAGE WIND SPEED     6.0


SKY COVER
  POSSIBLE SUNSHINE  MM
  AVERAGE SKY COVER 0.2


WEATHER CONDITIONS
 THE FOLLOWING WEATHER WAS RECORDED TODAY.
  NO SIGNIFICANT WEATHER WAS OBSERVED.


RELATIVE HUMIDITY (PERCENT)
 HIGHEST    92          1200 AM
 LOWEST     32           200 PM
 AVERAGE    62

..........................................................


THE NORTH CHARLESTON SC CLIMATE NORMALS FOR TOMORROW
                         NORMAL    RECORD    YEAR
 MAXIMUM TEMPERATURE (F)   68        83      1973
 MINIMUM TEMPERATURE (F)   46        24      1951


SUNRISE AND SUNSET
NOVEMBER 20 2017......SUNRISE   655 AM EST   SUNSET   516 PM EST
NOVEMBER 21 2017......SUNRISE   656 AM EST   SUNSET   516 PM EST


-  INDICATES NEGATIVE NUMBERS.
R  INDICATES RECORD WAS SET OR TIED.
MM INDICATES DATA IS MISSING.
T  INDICATES TRACE AMOUNT.




$$
