000
CDUS42 KCHS 040521
CLICHS


CLIMATE REPORT
NATIONAL WEATHER SERVICE CHARLESTON SC
1220 AM EST WED MAR 4 2015


...................................

...THE NORTH CHARLESTON SC CLIMATE SUMMARY FOR MARCH 3 2015...

CLIMATE NORMAL PERIOD 1981 TO 2010
CLIMATE RECORD PERIOD 1938 TO 2015


WEATHER ITEM   OBSERVED TIME   RECORD YEAR NORMAL DEPARTURE LAST
                VALUE   (LST)  VALUE       VALUE  FROM      YEAR
                                                  NORMAL
..................................................................
TEMPERATURE (F)
 YESTERDAY
  MAXIMUM         64    400 PM  86    1976  67     -3       75
  MINIMUM         52   1013 PM  15    1980  44      8       37
  AVERAGE         58                        55      3       56

PRECIPITATION (IN)
  YESTERDAY        0.00          1.81 2012   0.11  -0.11     0.54
  MONTH TO DATE    0.14                      0.34  -0.20     0.54
  SINCE MAR 1      0.14                      0.34  -0.20     0.54
  SINCE JAN 1      8.07                      7.01   1.06     5.39

SNOWFALL (IN)
  YESTERDAY        0.0                       0.0    0.0
  SINCE MAR 1      0.0                       0.0    0.0
  SINCE JUL 1      T                         0.5   -0.5

DEGREE DAYS
 HEATING
  YESTERDAY        7                        10     -3        9
  MONTH TO DATE   36                        32      4       30
  SINCE MAR 1     36                        32      4       30
  SINCE JUL 1   1773                      1668    105     1553

 COOLING
  YESTERDAY        0                         1     -1        0
  MONTH TO DATE    0                         1     -1        0
  SINCE MAR 1      0                         1     -1        0
  SINCE JAN 1      4                         8     -4       10
..................................................................


WIND (MPH)
  HIGHEST WIND SPEED    15   HIGHEST WIND DIRECTION     E (90)
  HIGHEST GUST SPEED    18   HIGHEST GUST DIRECTION     E (100)
  AVERAGE WIND SPEED     4.8


SKY COVER
  POSSIBLE SUNSHINE  MM
  AVERAGE SKY COVER 0.8


WEATHER CONDITIONS
 THE FOLLOWING WEATHER WAS RECORDED YESTERDAY.
  FOG


RELATIVE HUMIDITY (PERCENT)
 HIGHEST    93          1000 PM
 LOWEST     67          1200 PM
 AVERAGE    80

..........................................................


THE NORTH CHARLESTON SC CLIMATE NORMALS FOR TODAY
                         NORMAL    RECORD    YEAR
 MAXIMUM TEMPERATURE (F)   67        83      2004
 MINIMUM TEMPERATURE (F)   44        21      1980


SUNRISE AND SUNSET
MARCH  4 2015.........SUNRISE   645 AM EST   SUNSET   619 PM EST
MARCH  5 2015.........SUNRISE   643 AM EST   SUNSET   620 PM EST


-  INDICATES NEGATIVE NUMBERS.
R  INDICATES RECORD WAS SET OR TIED.
MM INDICATES DATA IS MISSING.
T  INDICATES TRACE AMOUNT.




$$
