000
CDUS42 KCHS 040605
CLICHS


CLIMATE REPORT
NATIONAL WEATHER SERVICE CHARLESTON SC
205 AM EDT FRI SEP 4 2015


...................................

...THE NORTH CHARLESTON SC CLIMATE SUMMARY FOR SEPTEMBER 3 2015...

CLIMATE NORMAL PERIOD 1981 TO 2010
CLIMATE RECORD PERIOD 1938 TO 2015


WEATHER ITEM   OBSERVED TIME   RECORD YEAR NORMAL DEPARTURE LAST
                VALUE   (LST)  VALUE       VALUE  FROM      YEAR
                                                  NORMAL
..................................................................
TEMPERATURE (F)
 YESTERDAY
  MAXIMUM         90    222 PM  97    1944  87      3       92
  MINIMUM         74    619 AM  57    1954  70      4       75
  AVERAGE         82                        79      3       84

PRECIPITATION (IN)
  YESTERDAY        0.01          2.60 1998   0.23  -0.22     0.00
  MONTH TO DATE    0.01                      0.71  -0.70      T
  SINCE SEP 1      0.01                      0.71  -0.70      T
  SINCE JAN 1     41.86                     36.35   5.51    35.33

DEGREE DAYS
 HEATING
  YESTERDAY        0                         0      0        0
  MONTH TO DATE    0                         0      0        0
  SINCE SEP 1      0                         0      0        0
  SINCE JUL 1      0                         0      0        0

 COOLING
  YESTERDAY       17                        14      3       19
  MONTH TO DATE   49                        42      7       61
  SINCE SEP 1     49                        42      7       61
  SINCE JAN 1   2096                      1847    249     2223
..................................................................


WIND (MPH)
  HIGHEST WIND SPEED    15   HIGHEST WIND DIRECTION     S (170)
  HIGHEST GUST SPEED    18   HIGHEST GUST DIRECTION     S (170)
  AVERAGE WIND SPEED     3.7


SKY COVER
  POSSIBLE SUNSHINE  MM
  AVERAGE SKY COVER 0.6


WEATHER CONDITIONS
 THE FOLLOWING WEATHER WAS RECORDED YESTERDAY.
  LIGHT RAIN


RELATIVE HUMIDITY (PERCENT)
 HIGHEST    94           100 AM
 LOWEST     55          1200 PM
 AVERAGE    75

..........................................................


THE NORTH CHARLESTON SC CLIMATE NORMALS FOR TODAY
                         NORMAL    RECORD    YEAR
 MAXIMUM TEMPERATURE (F)   87        99      1944
 MINIMUM TEMPERATURE (F)   70        60      1997


SUNRISE AND SUNSET
SEPTEMBER  4 2015.....SUNRISE   656 AM EDT   SUNSET   741 PM EDT
SEPTEMBER  5 2015.....SUNRISE   657 AM EDT   SUNSET   740 PM EDT


-  INDICATES NEGATIVE NUMBERS.
R  INDICATES RECORD WAS SET OR TIED.
MM INDICATES DATA IS MISSING.
T  INDICATES TRACE AMOUNT.




$$
