325
CDUS42 KCHS 250607
CLICHS


CLIMATE REPORT
NATIONAL WEATHER SERVICE CHARLESTON SC
207 AM EDT THU MAY 25 2017


...................................

...THE NORTH CHARLESTON SC CLIMATE SUMMARY FOR MAY 24 2017...

CLIMATE NORMAL PERIOD 1981 TO 2010
CLIMATE RECORD PERIOD 1938 TO 2017


WEATHER ITEM   OBSERVED TIME   RECORD YEAR NORMAL DEPARTURE LAST
                VALUE   (LST)  VALUE       VALUE  FROM      YEAR
                                                  NORMAL
..................................................................
TEMPERATURE (F)
 YESTERDAY
  MAXIMUM         82   1119 AM  97    1953  85     -3       85
  MINIMUM         69    250 PM  50    1954  64      5       56
  AVERAGE         76                        75      1       71

PRECIPITATION (IN)
  YESTERDAY        0.31          1.78 1979   0.11   0.20     0.00
  MONTH TO DATE    3.74                      2.22   1.52     1.39
  SINCE MAR 1     10.98                      8.84   2.14     7.19
  SINCE JAN 1     15.16                     15.51  -0.35    15.48

DEGREE DAYS
 HEATING
  YESTERDAY        0                         0      0        0
  MONTH TO DATE    3                         8     -5        4
  SINCE MAR 1    260                       335    -75      180
  SINCE JUL 1   1228                      1971   -743     1357

 COOLING
  YESTERDAY       11                        10      1        6
  MONTH TO DATE  210                       171     39      206
  SINCE MAR 1    451                       282    169      406
  SINCE JAN 1    486                       289    197      414
..................................................................


WIND (MPH)
  HIGHEST WIND SPEED    30   HIGHEST WIND DIRECTION    SW (220)
  HIGHEST GUST SPEED    40   HIGHEST GUST DIRECTION     S (200)
  AVERAGE WIND SPEED    12.9


SKY COVER
  POSSIBLE SUNSHINE  MM
  AVERAGE SKY COVER 0.8


WEATHER CONDITIONS
 THE FOLLOWING WEATHER WAS RECORDED YESTERDAY.
  THUNDERSTORM
  RAIN
  LIGHT RAIN
  FOG


RELATIVE HUMIDITY (PERCENT)
 HIGHEST    97           600 AM
 LOWEST     69          1000 AM
 AVERAGE    83

..........................................................


THE NORTH CHARLESTON SC CLIMATE NORMALS FOR TODAY
                         NORMAL    RECORD    YEAR
 MAXIMUM TEMPERATURE (F)   85        97      2000
                                             1953
 MINIMUM TEMPERATURE (F)   65        47      1967
                                             1951


SUNRISE AND SUNSET
MAY 25 2017...........SUNRISE   615 AM EDT   SUNSET   819 PM EDT
MAY 26 2017...........SUNRISE   615 AM EDT   SUNSET   820 PM EDT


-  INDICATES NEGATIVE NUMBERS.
R  INDICATES RECORD WAS SET OR TIED.
MM INDICATES DATA IS MISSING.
T  INDICATES TRACE AMOUNT.




$$
