000
CDUS42 KCHS 160631
CLICHS


CLIMATE REPORT
NATIONAL WEATHER SERVICE CHARLESTON SC
130 AM EST TUE JAN 16 2018


...................................

...THE NORTH CHARLESTON SC CLIMATE SUMMARY FOR JANUARY 15 2018...

CLIMATE NORMAL PERIOD 1981 TO 2010
CLIMATE RECORD PERIOD 1938 TO 2018


WEATHER ITEM   OBSERVED TIME   RECORD YEAR NORMAL DEPARTURE LAST
                VALUE   (LST)  VALUE       VALUE  FROM      YEAR
                                                  NORMAL
..................................................................
TEMPERATURE (F)
 YESTERDAY
  MAXIMUM         49    328 PM  79    2017  59    -10       79
                                      2013
                                      2007
  MINIMUM         27    731 AM  17    1948  37    -10       46
  AVERAGE         38                        48    -10       63

PRECIPITATION (IN)
  YESTERDAY        0.00          1.40 1966   0.12  -0.12     0.00
  MONTH TO DATE    1.26                      1.77  -0.51     0.90
  SINCE DEC 1      3.77                      4.88  -1.11     5.68
  SINCE JAN 1      1.26                      1.77  -0.51     0.90

SNOWFALL (IN)
  YESTERDAY        0.0                      -0.1    0.1
  SINCE DEC 1      5.3                       0.3    5.0
  SINCE JUL 1      5.3                       0.3    5.0

DEGREE DAYS
 HEATING
  YESTERDAY       27                        17     10        2
  MONTH TO DATE  367                       255    112      154
  SINCE DEC 1    784                       701     83      469
  SINCE JUL 1   1070                       993     77      687

 COOLING
  YESTERDAY        0                         0      0        0
  MONTH TO DATE    2                         0      2        9
  SINCE DEC 1      5                         7     -2       16
  SINCE JAN 1      2                         0      2        9
..................................................................


WIND (MPH)
  HIGHEST WIND SPEED    18   HIGHEST WIND DIRECTION     N (350)
  HIGHEST GUST SPEED    25   HIGHEST GUST DIRECTION     N (360)
  AVERAGE WIND SPEED     8.4


SKY COVER
  POSSIBLE SUNSHINE  MM
  AVERAGE SKY COVER 0.2


WEATHER CONDITIONS
 THE FOLLOWING WEATHER WAS RECORDED YESTERDAY.
  NO SIGNIFICANT WEATHER WAS OBSERVED.


RELATIVE HUMIDITY (PERCENT)
 HIGHEST    61          1000 PM
 LOWEST     29           300 PM
 AVERAGE    45

..........................................................


THE NORTH CHARLESTON SC CLIMATE NORMALS FOR TODAY
                         NORMAL    RECORD    YEAR
 MAXIMUM TEMPERATURE (F)   59        83      1950
 MINIMUM TEMPERATURE (F)   37        18      1994
                                             1972


SUNRISE AND SUNSET
JANUARY 16 2018.......SUNRISE   723 AM EST   SUNSET   537 PM EST
JANUARY 17 2018.......SUNRISE   722 AM EST   SUNSET   538 PM EST


-  INDICATES NEGATIVE NUMBERS.
R  INDICATES RECORD WAS SET OR TIED.
MM INDICATES DATA IS MISSING.
T  INDICATES TRACE AMOUNT.




$$
