036
CDUS42 KCHS 200602
CLICHS


CLIMATE REPORT
NATIONAL WEATHER SERVICE CHARLESTON SC
102 AM EST FRI JAN 20 2017


...................................

...THE NORTH CHARLESTON SC CLIMATE SUMMARY FOR JANUARY 19 2017...

CLIMATE NORMAL PERIOD 1981 TO 2010
CLIMATE RECORD PERIOD 1938 TO 2017


WEATHER ITEM   OBSERVED TIME   RECORD YEAR NORMAL DEPARTURE LAST
                VALUE   (LST)  VALUE       VALUE  FROM      YEAR
                                                  NORMAL
..................................................................
TEMPERATURE (F)
 YESTERDAY
  MAXIMUM         72    241 PM  78    1950  59     13       45
                                      1949
  MINIMUM         48    733 AM  16    1976  37     11       24
  AVERAGE         60                        48     12       35

PRECIPITATION (IN)
  YESTERDAY        0.00          2.27 1991   0.12  -0.12     0.00
  MONTH TO DATE    0.90                      2.26  -1.36     2.24
  SINCE DEC 1      5.68                      5.37   0.31     5.38
  SINCE JAN 1      0.90                      2.26  -1.36     2.24

SNOWFALL (IN)
  YESTERDAY        0.0                       0.0    0.0
  SINCE DEC 1      T                         0.3   -0.3
  SINCE JUL 1      T                         0.3   -0.3

DEGREE DAYS
 HEATING
  YESTERDAY        5                        17    -12       30
  MONTH TO DATE  166                       323   -157      313
  SINCE DEC 1    481                       769   -288      446
  SINCE JUL 1    699                      1061   -362      592

 COOLING
  YESTERDAY        0                         0      0        0
  MONTH TO DATE   13                         0     13        0
  SINCE DEC 1     20                         7     13       97
  SINCE JAN 1     13                         0     13        0
..................................................................


WIND (MPH)
  HIGHEST WIND SPEED    12   HIGHEST WIND DIRECTION    SE (130)
  HIGHEST GUST SPEED    20   HIGHEST GUST DIRECTION     E (100)
  AVERAGE WIND SPEED     4.8


SKY COVER
  POSSIBLE SUNSHINE  MM
  AVERAGE SKY COVER 0.5


WEATHER CONDITIONS
 THE FOLLOWING WEATHER WAS RECORDED YESTERDAY.
  FOG
  HAZE


RELATIVE HUMIDITY (PERCENT)
 HIGHEST    96           400 AM
 LOWEST     53           200 PM
 AVERAGE    75

..........................................................


THE NORTH CHARLESTON SC CLIMATE NORMALS FOR TODAY
                         NORMAL    RECORD    YEAR
 MAXIMUM TEMPERATURE (F)   59        75      1954
                                             1951
 MINIMUM TEMPERATURE (F)   37        17      1976
                                             1940


SUNRISE AND SUNSET
JANUARY 20 2017.......SUNRISE   721 AM EST   SUNSET   541 PM EST
JANUARY 21 2017.......SUNRISE   721 AM EST   SUNSET   542 PM EST


-  INDICATES NEGATIVE NUMBERS.
R  INDICATES RECORD WAS SET OR TIED.
MM INDICATES DATA IS MISSING.
T  INDICATES TRACE AMOUNT.




$$
