000
CDUS43 KDVN 162239
CLICID


CLIMATE REPORT
NATIONAL WEATHER SERVICE QUAD CITIES IA IL
438 PM CST TUE JAN 16 2018


...................................

...THE CEDAR RAPIDS IA CLIMATE SUMMARY FOR JANUARY 16 2018...
VALID TODAY AS OF 0400 PM LOCAL TIME.

CLIMATE NORMAL PERIOD 1981 TO 2010
CLIMATE RECORD PERIOD 1891 TO 2018


WEATHER ITEM   OBSERVED TIME   RECORD YEAR NORMAL DEPARTURE LAST
                VALUE   (LST)  VALUE       VALUE  FROM      YEAR
                                                  NORMAL
..................................................................
TEMPERATURE (F)
 TODAY
  MAXIMUM         11    331 PM  54    1990  28    -17       34
  MINIMUM         -4    222 AM -28    2009  11    -15       28
  AVERAGE          4                        19    -15       31

PRECIPITATION (IN)
  TODAY            T            MM      MM   0.03  -0.03     0.68
  MONTH TO DATE    0.08                      0.47  -0.39     1.10
  SINCE DEC 1      0.69                      1.89  -1.20     2.35
  SINCE JAN 1      0.08                      0.47  -0.39     1.10

DEGREE DAYS
 HEATING
  TODAY           61                        46     15       34
  MONTH TO DATE  873                       731    142      731
  SINCE DEC 1   2148                      2024    124     2027
  SINCE JUL 1   3406                      3470    -64     2944

 COOLING
  TODAY            0                         0      0        0
  MONTH TO DATE    0                         0      0        0
  SINCE DEC 1      0                         0      0        0
  SINCE JAN 1      0                         0      0        0
..................................................................


WIND (MPH)
  HIGHEST WIND SPEED    18   HIGHEST WIND DIRECTION    NW (310)
  HIGHEST GUST SPEED    23   HIGHEST GUST DIRECTION    NW (300)
  AVERAGE WIND SPEED    15.4


SKY COVER
  POSSIBLE SUNSHINE  MM
  AVERAGE SKY COVER 0.7


WEATHER CONDITIONS
 THE FOLLOWING WEATHER WAS RECORDED TODAY.
  LIGHT SNOW
  HAZE
  BLOWING SNOW


RELATIVE HUMIDITY (PERCENT)
 HIGHEST    83          1000 AM
 LOWEST     66           400 PM
 AVERAGE    75

..........................................................


THE CEDAR RAPIDS IA CLIMATE NORMALS FOR TOMORROW
                         NORMAL    RECORD    YEAR
 MAXIMUM TEMPERATURE (F)   28        58      1894
 MINIMUM TEMPERATURE (F)   11       -23      1982


SUNRISE AND SUNSET
JANUARY 16 2018.......SUNRISE   731 AM CST   SUNSET   502 PM CST
JANUARY 17 2018.......SUNRISE   731 AM CST   SUNSET   503 PM CST


-  INDICATES NEGATIVE NUMBERS.
R  INDICATES RECORD WAS SET OR TIED.
MM INDICATES DATA IS MISSING.
T  INDICATES TRACE AMOUNT.




$$
