000
CDUS43 KDVN 270916
CLICID


CLIMATE REPORT
NATIONAL WEATHER SERVICE QUAD CITIES IA IL
415 AM CDT MON MAR 27 2017


...................................

...THE CEDAR RAPIDS IA CLIMATE SUMMARY FOR MARCH 26 2017...

CLIMATE NORMAL PERIOD 1981 TO 2010
CLIMATE RECORD PERIOD 1891 TO 2017


WEATHER ITEM   OBSERVED TIME   RECORD YEAR NORMAL DEPARTURE LAST
                VALUE   (LST)  VALUE       VALUE  FROM      YEAR
                                                  NORMAL
..................................................................
TEMPERATURE (F)
 YESTERDAY
  MAXIMUM         49    247 PM  85    1907  52     -3       51
  MINIMUM         42    714 AM   5    1955  30     12       34
  AVERAGE         46                        41      5       43

PRECIPITATION (IN)
  YESTERDAY        T            MM      MM   0.07  -0.07     0.00
  MONTH TO DATE    1.50                      1.71  -0.21     1.75
  SINCE MAR 1      1.50                      1.71  -0.21     1.75
  SINCE JAN 1      3.67                      3.85  -0.18     2.35

DEGREE DAYS
 HEATING
  YESTERDAY       19                        24     -5       22
  MONTH TO DATE  742                       766    -24      605
  SINCE MAR 1    742                       766    -24      605
  SINCE JUL 1   5018                      6049  -1031     4916

 COOLING
  YESTERDAY        0                         0      0        0
  MONTH TO DATE    0                         0      0        0
  SINCE MAR 1      0                         0      0        0
  SINCE JAN 1      0                         0      0        0
..................................................................


WIND (MPH)
  HIGHEST WIND SPEED    13   HIGHEST WIND DIRECTION     W (280)
  HIGHEST GUST SPEED    16   HIGHEST GUST DIRECTION    NW (310)
  AVERAGE WIND SPEED     7.3


SKY COVER
  POSSIBLE SUNSHINE  MM
  AVERAGE SKY COVER 1.0


WEATHER CONDITIONS
 THE FOLLOWING WEATHER WAS RECORDED YESTERDAY.
  LIGHT RAIN
  FOG
  FOG W/VISIBILITY <= 1/4 MILE


RELATIVE HUMIDITY (PERCENT)
 HIGHEST   100           200 AM
 LOWEST     93           300 PM
 AVERAGE    97

..........................................................


THE CEDAR RAPIDS IA CLIMATE NORMALS FOR TODAY
                         NORMAL    RECORD    YEAR
 MAXIMUM TEMPERATURE (F)   52        81      1945
 MINIMUM TEMPERATURE (F)   31         3      1964


SUNRISE AND SUNSET
MARCH 27 2017.........SUNRISE   658 AM CDT   SUNSET   727 PM CDT
MARCH 28 2017.........SUNRISE   656 AM CDT   SUNSET   728 PM CDT


-  INDICATES NEGATIVE NUMBERS.
R  INDICATES RECORD WAS SET OR TIED.
MM INDICATES DATA IS MISSING.
T  INDICATES TRACE AMOUNT.




$$
