000
CDUS43 KDVN 250929
CLICID


CLIMATE REPORT
NATIONAL WEATHER SERVICE QUAD CITIES IA IL
428 AM CDT THU AUG 25 2016


...................................

...THE CEDAR RAPIDS IA CLIMATE SUMMARY FOR AUGUST 24 2016...

CLIMATE NORMAL PERIOD 1981 TO 2010
CLIMATE RECORD PERIOD 1891 TO 2016


WEATHER ITEM   OBSERVED TIME   RECORD YEAR NORMAL DEPARTURE LAST
                VALUE   (LST)  VALUE       VALUE  FROM      YEAR
                                                  NORMAL
..................................................................
TEMPERATURE (F)
 YESTERDAY
  MAXIMUM         85    206 PM 100    1947  81      4       72
  MINIMUM         70   1159 PM  41    1942  60     10       49
  AVERAGE         78                        70      8       61

PRECIPITATION (IN)
  YESTERDAY        0.55         MM      MM   0.14   0.41     0.00
  MONTH TO DATE    7.21                      3.51   3.70     1.53
  SINCE JUN 1     19.40                     12.89   6.51    15.96
  SINCE JAN 1     28.06                     24.33   3.73    25.16

DEGREE DAYS
 HEATING
  YESTERDAY        0                         1     -1        4
  MONTH TO DATE    1                         5     -4       12
  SINCE JUN 1      9                        38    -29       25
  SINCE JUL 1      4                         9     -5       16

 COOLING
  YESTERDAY       13                         6      7        0
  MONTH TO DATE  207                       163     44      134
  SINCE JUN 1    698                       581    117      500
  SINCE JAN 1    758                       630    128      550
..................................................................


WIND (MPH)
  HIGHEST WIND SPEED    17   HIGHEST WIND DIRECTION    SW (230)
  HIGHEST GUST SPEED    24   HIGHEST GUST DIRECTION     S (170)
  AVERAGE WIND SPEED     8.0


SKY COVER
  POSSIBLE SUNSHINE  MM
  AVERAGE SKY COVER 0.7


WEATHER CONDITIONS
 THE FOLLOWING WEATHER WAS RECORDED YESTERDAY.
  THUNDERSTORM
  HEAVY RAIN
  RAIN
  LIGHT RAIN
  FOG


RELATIVE HUMIDITY (PERCENT)
 HIGHEST   100           300 AM
 LOWEST     70           100 PM
 AVERAGE    85

..........................................................


THE CEDAR RAPIDS IA CLIMATE NORMALS FOR TODAY
                         NORMAL    RECORD    YEAR
 MAXIMUM TEMPERATURE (F)   81        97      1925
 MINIMUM TEMPERATURE (F)   59        40      1934


SUNRISE AND SUNSET
AUGUST 25 2016........SUNRISE   626 AM CDT   SUNSET   751 PM CDT
AUGUST 26 2016........SUNRISE   627 AM CDT   SUNSET   749 PM CDT


-  INDICATES NEGATIVE NUMBERS.
R  INDICATES RECORD WAS SET OR TIED.
MM INDICATES DATA IS MISSING.
T  INDICATES TRACE AMOUNT.




$$
