000
CDUS43 KDVN 101024
CLICID


CLIMATE REPORT
NATIONAL WEATHER SERVICE QUAD CITIES IA IL
424 AM CST WED FEB 10 2016


...................................

...THE CEDAR RAPIDS IA CLIMATE SUMMARY FOR FEBRUARY 9 2016...

CLIMATE NORMAL PERIOD 1981 TO 2010
CLIMATE RECORD PERIOD 1891 TO 2016


WEATHER ITEM   OBSERVED TIME   RECORD YEAR NORMAL DEPARTURE LAST
                VALUE   (LST)  VALUE       VALUE  FROM      YEAR
                                                  NORMAL
..................................................................
TEMPERATURE (F)
 YESTERDAY
  MAXIMUM         15    308 PM  56    2009  31    -16       29
  MINIMUM          9   1103 PM -25    1899  14     -5       17
  AVERAGE         12                        22    -10       23

PRECIPITATION (IN)
  YESTERDAY        T            MM      MM   0.04  -0.04     0.00
  MONTH TO DATE    0.17                      0.33  -0.16     0.22
  SINCE DEC 1      4.61                      2.67   1.94     1.72
  SINCE JAN 1      0.54                      1.25  -0.71     1.07

DEGREE DAYS
 HEATING
  YESTERDAY       53                        43     10       42
  MONTH TO DATE  348                       392    -44      437
  SINCE DEC 1   2606                      3094   -488     2826
  SINCE JUL 1   3637                      4540   -903     4487

 COOLING
  YESTERDAY        0                         0      0        0
  MONTH TO DATE    0                         0      0        0
  SINCE DEC 1      0                         0      0        0
  SINCE JAN 1      0                         0      0        0
..................................................................


WIND (MPH)
  HIGHEST WIND SPEED    28   HIGHEST WIND DIRECTION    NW (320)
  HIGHEST GUST SPEED    36   HIGHEST GUST DIRECTION    NW (320)
  AVERAGE WIND SPEED    19.3


SKY COVER
  POSSIBLE SUNSHINE  MM
  AVERAGE SKY COVER 0.6


WEATHER CONDITIONS
 THE FOLLOWING WEATHER WAS RECORDED YESTERDAY.
  LIGHT SNOW
  FOG
  HAZE
  BLOWING SNOW


RELATIVE HUMIDITY (PERCENT)
 HIGHEST    88          1200 AM
 LOWEST     67          1100 AM
 AVERAGE    78

..........................................................


THE CEDAR RAPIDS IA CLIMATE NORMALS FOR TODAY
                         NORMAL    RECORD    YEAR
 MAXIMUM TEMPERATURE (F)   32        59      1932
 MINIMUM TEMPERATURE (F)   14       -19      2014


SUNRISE AND SUNSET
FEBRUARY 10 2016......SUNRISE   710 AM CST   SUNSET   533 PM CST
FEBRUARY 11 2016......SUNRISE   708 AM CST   SUNSET   534 PM CST


-  INDICATES NEGATIVE NUMBERS.
R  INDICATES RECORD WAS SET OR TIED.
MM INDICATES DATA IS MISSING.
T  INDICATES TRACE AMOUNT.




$$
