000
CDUS43 KDVN 222132
CLICID


CLIMATE REPORT
NATIONAL WEATHER SERVICE QUAD CITIES IA IL
429 PM CDT TUE AUG 22 2017


...................................

...THE CEDAR RAPIDS IA CLIMATE SUMMARY FOR AUGUST 22 2017...
VALID TODAY AS OF 0400 PM LOCAL TIME.

CLIMATE NORMAL PERIOD 1981 TO 2010
CLIMATE RECORD PERIOD 1891 TO 2017


WEATHER ITEM   OBSERVED TIME   RECORD YEAR NORMAL DEPARTURE LAST
                VALUE   (LST)  VALUE       VALUE  FROM      YEAR
                                                  NORMAL
..................................................................
TEMPERATURE (F)
 TODAY
  MAXIMUM         76    254 PM 100    1936  81     -5       79
  MINIMUM         63    644 AM  47    1891  60      3       52
  AVERAGE         70                        70      0       66

PRECIPITATION (IN)
  TODAY            0.02         MM      MM   0.15  -0.13     0.00
  MONTH TO DATE    1.47                      3.23  -1.76     6.66
  SINCE JUN 1      7.51                     12.61  -5.10    18.85
  SINCE JAN 1     19.89                     24.05  -4.16    27.51

DEGREE DAYS
 HEATING
  TODAY            0                         1     -1        0
  MONTH TO DATE    6                         3      3        1
  SINCE JUN 1     28                        36     -8        9
  SINCE JUL 1      6                         7     -1        4

 COOLING
  TODAY            5                         6     -1        1
  MONTH TO DATE   89                       151    -62      188
  SINCE JUN 1    561                       569     -8      679
  SINCE JAN 1    599                       618    -19      739
..................................................................


WIND (MPH)
  HIGHEST WIND SPEED    21   HIGHEST WIND DIRECTION    NW (320)
  HIGHEST GUST SPEED    28   HIGHEST GUST DIRECTION    NW (300)
  AVERAGE WIND SPEED    13.2


SKY COVER
  POSSIBLE SUNSHINE  MM
  AVERAGE SKY COVER 0.2


WEATHER CONDITIONS
 THE FOLLOWING WEATHER WAS RECORDED TODAY.
  LIGHT RAIN


RELATIVE HUMIDITY (PERCENT)
 HIGHEST   100          1200 AM
 LOWEST     46           300 PM
 AVERAGE    73

..........................................................


THE CEDAR RAPIDS IA CLIMATE NORMALS FOR TOMORROW
                         NORMAL    RECORD    YEAR
 MAXIMUM TEMPERATURE (F)   81        99      1947
 MINIMUM TEMPERATURE (F)   60        43      1891


SUNRISE AND SUNSET
AUGUST 22 2017........SUNRISE   622 AM CDT   SUNSET   756 PM CDT
AUGUST 23 2017........SUNRISE   623 AM CDT   SUNSET   754 PM CDT


-  INDICATES NEGATIVE NUMBERS.
R  INDICATES RECORD WAS SET OR TIED.
MM INDICATES DATA IS MISSING.
T  INDICATES TRACE AMOUNT.




$$
