000
CDUS43 KDVN 101024
CLICID


CLIMATE REPORT
NATIONAL WEATHER SERVICE QUAD CITIES IA IL
423 AM CST SAT DEC 10 2016


...................................

...THE CEDAR RAPIDS IA CLIMATE SUMMARY FOR DECEMBER 9 2016...

CLIMATE NORMAL PERIOD 1981 TO 2010
CLIMATE RECORD PERIOD 1891 TO 2016


WEATHER ITEM   OBSERVED TIME   RECORD YEAR NORMAL DEPARTURE LAST
                VALUE   (LST)  VALUE       VALUE  FROM      YEAR
                                                  NORMAL
..................................................................
TEMPERATURE (F)
 YESTERDAY
  MAXIMUM         20    230 PM  62    1946  34    -14       51
  MINIMUM         10    803 AM -17    1958  17     -7       32
  AVERAGE         15                        25    -10       42

PRECIPITATION (IN)
  YESTERDAY        T            MM      MM   0.05  -0.05     0.00
  MONTH TO DATE    0.47                      0.51  -0.04     0.03
  SINCE DEC 1      0.47                      0.51  -0.04     0.03
  SINCE JAN 1     41.06                     33.70   7.36    38.68

DEGREE DAYS
 HEATING
  YESTERDAY       50                        40     10       23
  MONTH TO DATE  335                       343     -8      250
  SINCE DEC 1    335                       343     -8      250
  SINCE JUL 1   1252                      1789   -537     1281

 COOLING
  YESTERDAY        0                         0      0        0
  MONTH TO DATE    0                         0      0        0
  SINCE DEC 1      0                         0      0        0
  SINCE JAN 1    970                       748    222      712
..................................................................


WIND (MPH)
  HIGHEST WIND SPEED    20   HIGHEST WIND DIRECTION    NW (320)
  HIGHEST GUST SPEED    23   HIGHEST GUST DIRECTION    NW (310)
  AVERAGE WIND SPEED     6.7


SKY COVER
  POSSIBLE SUNSHINE  MM
  AVERAGE SKY COVER 0.4


WEATHER CONDITIONS
 THE FOLLOWING WEATHER WAS RECORDED YESTERDAY.
  LIGHT SNOW
  FOG


RELATIVE HUMIDITY (PERCENT)
 HIGHEST    92           400 AM
 LOWEST     73           300 PM
 AVERAGE    83

..........................................................


THE CEDAR RAPIDS IA CLIMATE NORMALS FOR TODAY
                         NORMAL    RECORD    YEAR
 MAXIMUM TEMPERATURE (F)   33        59      1979
 MINIMUM TEMPERATURE (F)   16       -23      1919


SUNRISE AND SUNSET
DECEMBER 10 2016......SUNRISE   724 AM CST   SUNSET   436 PM CST
DECEMBER 11 2016......SUNRISE   725 AM CST   SUNSET   436 PM CST


-  INDICATES NEGATIVE NUMBERS.
R  INDICATES RECORD WAS SET OR TIED.
MM INDICATES DATA IS MISSING.
T  INDICATES TRACE AMOUNT.




$$
