000
CDUS43 KDVN 182125
CLICID


CLIMATE REPORT
NATIONAL WEATHER SERVICE QUAD CITIES IA IL
423 PM CDT THU SEP 18 2014


...................................

...THE CEDAR RAPIDS IA CLIMATE SUMMARY FOR SEPTEMBER 18 2014...
VALID TODAY AS OF 0400 PM LOCAL TIME.

CLIMATE NORMAL PERIOD 1981 TO 2010
CLIMATE RECORD PERIOD 1891 TO 2014


WEATHER ITEM   OBSERVED TIME   RECORD YEAR NORMAL DEPARTURE LAST
                VALUE   (LST)  VALUE       VALUE  FROM      YEAR
                                                  NORMAL
..................................................................
TEMPERATURE (F)
 TODAY
  MAXIMUM         72    259 PM  94    1972  74     -2       89
  MINIMUM         45    607 AM  32    1929  50     -5       61
  AVERAGE         59                        62     -3       75

PRECIPITATION (IN)
  TODAY            0.00         MM      MM   0.11  -0.11     0.02
  MONTH TO DATE    3.27                      1.98   1.29     0.90
  SINCE SEP 1      3.27                      1.98   1.29     0.90
  SINCE JAN 1     33.75                     27.28   6.47    30.30

DEGREE DAYS
 HEATING
  TODAY            6                         5      1        0
  MONTH TO DATE  106                        52     54       33
  SINCE SEP 1    106                        52     54       33
  SINCE JUL 1    125                        71     54       52

 COOLING
  TODAY            0                         2     -2       10
  MONTH TO DATE   34                        57    -23      124
  SINCE SEP 1     34                        57    -23      124
  SINCE JAN 1    651                       725    -74      844
..................................................................


WIND (MPH)
  HIGHEST WIND SPEED    14   HIGHEST WIND DIRECTION    SE (120)
  HIGHEST GUST SPEED    18   HIGHEST GUST DIRECTION     S (160)
  AVERAGE WIND SPEED     5.0


SKY COVER
  POSSIBLE SUNSHINE  MM
  AVERAGE SKY COVER 0.0


WEATHER CONDITIONS
 THE FOLLOWING WEATHER WAS RECORDED TODAY.
  FOG


RELATIVE HUMIDITY (PERCENT)
 HIGHEST   100          1200 AM
 LOWEST     53           300 PM
 AVERAGE    77

..........................................................


THE CEDAR RAPIDS IA CLIMATE NORMALS FOR TOMORROW
                         NORMAL    RECORD    YEAR
 MAXIMUM TEMPERATURE (F)   73        98      1925
 MINIMUM TEMPERATURE (F)   50        33      1991


SUNRISE AND SUNSET
SEPTEMBER 18 2014.....SUNRISE   650 AM CDT   SUNSET   711 PM CDT
SEPTEMBER 19 2014.....SUNRISE   651 AM CDT   SUNSET   709 PM CDT


-  INDICATES NEGATIVE NUMBERS.
R  INDICATES RECORD WAS SET OR TIED.
MM INDICATES DATA IS MISSING.
T  INDICATES TRACE AMOUNT.




$$
