666
CDUS43 KDVN 282143
CLICID


CLIMATE REPORT
NATIONAL WEATHER SERVICE QUAD CITIES IA IL
443 PM CDT SAT MAY 28 2016


...................................

...THE CEDAR RAPIDS IA CLIMATE SUMMARY FOR MAY 28 2016...
VALID TODAY AS OF 0400 PM LOCAL TIME.

CLIMATE NORMAL PERIOD 1981 TO 2010
CLIMATE RECORD PERIOD 1891 TO 2016


WEATHER ITEM   OBSERVED TIME   RECORD YEAR NORMAL DEPARTURE LAST
                VALUE   (LST)  VALUE       VALUE  FROM      YEAR
                                                  NORMAL
..................................................................
TEMPERATURE (F)
 TODAY
  MAXIMUM         79   1213 PM  95    1991  75      4       81
  MINIMUM         61    505 AM  33    1928  53      8       58
  AVERAGE         70                        64      6       70

PRECIPITATION (IN)
  TODAY            0.65         MM      MM   0.13   0.52      T
  MONTH TO DATE    2.74                      3.72  -0.98     3.31
  SINCE MAR 1      7.50                      8.87  -1.37     7.55
  SINCE JAN 1      8.10                     11.01  -2.91     8.88

DEGREE DAYS
 HEATING
  TODAY            0                         3     -3        0
  MONTH TO DATE  187                       183      4      123
  SINCE MAR 1   1338                      1545   -207     1414
  SINCE JUL 1   5649                      6828  -1179     6941

 COOLING
  TODAY            5                         2      3        5
  MONTH TO DATE   40                        33      7       43
  SINCE MAR 1     43                        40      3       43
  SINCE JAN 1     43                        40      3       43
..................................................................


WIND (MPH)
  HIGHEST WIND SPEED    29   HIGHEST WIND DIRECTION     S (180)
  HIGHEST GUST SPEED    35   HIGHEST GUST DIRECTION     S (180)
  AVERAGE WIND SPEED     8.9


SKY COVER
  POSSIBLE SUNSHINE  MM
  AVERAGE SKY COVER 0.6


WEATHER CONDITIONS
 THE FOLLOWING WEATHER WAS RECORDED TODAY.
  THUNDERSTORM
  HEAVY RAIN
  RAIN
  LIGHT RAIN
  FOG
  FOG W/VISIBILITY <= 1/4 MILE


RELATIVE HUMIDITY (PERCENT)
 HIGHEST   100          1200 AM
 LOWEST     69          1200 PM
 AVERAGE    85

..........................................................


THE CEDAR RAPIDS IA CLIMATE NORMALS FOR TOMORROW
                         NORMAL    RECORD    YEAR
 MAXIMUM TEMPERATURE (F)   75        99      1934
 MINIMUM TEMPERATURE (F)   54        34      1947


SUNRISE AND SUNSET
MAY 28 2016...........SUNRISE   536 AM CDT   SUNSET   833 PM CDT
MAY 29 2016...........SUNRISE   535 AM CDT   SUNSET   834 PM CDT


-  INDICATES NEGATIVE NUMBERS.
R  INDICATES RECORD WAS SET OR TIED.
MM INDICATES DATA IS MISSING.
T  INDICATES TRACE AMOUNT.




$$
