000
CDUS43 KDVN 272121
CLICID


CLIMATE REPORT
NATIONAL WEATHER SERVICE QUAD CITIES IA IL
421 PM CDT TUE SEP 27 2016


...................................

...THE CEDAR RAPIDS IA CLIMATE SUMMARY FOR SEPTEMBER 27 2016...
VALID TODAY AS OF 0400 PM LOCAL TIME.

CLIMATE NORMAL PERIOD 1981 TO 2010
CLIMATE RECORD PERIOD 1891 TO 2016


WEATHER ITEM   OBSERVED TIME   RECORD YEAR NORMAL DEPARTURE LAST
                VALUE   (LST)  VALUE       VALUE  FROM      YEAR
                                                  NORMAL
..................................................................
TEMPERATURE (F)
 TODAY
  MAXIMUM         72    259 PM  91    1905  70      2       77
  MINIMUM         44    437 AM  31    1942  46     -2       54
  AVERAGE         58                        58      0       66

PRECIPITATION (IN)
  TODAY            0.00         MM      MM   0.09  -0.09     0.00
                                      2000
  MONTH TO DATE    6.92                      2.89   4.03     4.35
  SINCE SEP 1      6.92                      2.89   4.03     4.35
  SINCE JAN 1     35.45                     28.19   7.26    30.00

DEGREE DAYS
 HEATING
  TODAY            7                         8     -1        0
  MONTH TO DATE   16                       112    -96       34
  SINCE SEP 1     16                       112    -96       34
  SINCE JUL 1     20                       131   -111       62

 COOLING
  TODAY            0                         1     -1        1
  MONTH TO DATE  136                        69     67      147
  SINCE SEP 1    136                        69     67      147
  SINCE JAN 1    947                       737    210      707
..................................................................


WIND (MPH)
  HIGHEST WIND SPEED    25   HIGHEST WIND DIRECTION     W (270)
  HIGHEST GUST SPEED    33   HIGHEST GUST DIRECTION     W (280)
  AVERAGE WIND SPEED    12.1


SKY COVER
  POSSIBLE SUNSHINE  MM
  AVERAGE SKY COVER 0.0


WEATHER CONDITIONS
 THE FOLLOWING WEATHER WAS RECORDED TODAY.
  NO SIGNIFICANT WEATHER WAS OBSERVED.


RELATIVE HUMIDITY (PERCENT)
 HIGHEST    92           300 AM
 LOWEST     29           300 PM
 AVERAGE    61

..........................................................


THE CEDAR RAPIDS IA CLIMATE NORMALS FOR TOMORROW
                         NORMAL    RECORD    YEAR
 MAXIMUM TEMPERATURE (F)   70        97      1953
 MINIMUM TEMPERATURE (F)   46        23      1942


SUNRISE AND SUNSET
SEPTEMBER 27 2016.....SUNRISE   700 AM CDT   SUNSET   654 PM CDT
SEPTEMBER 28 2016.....SUNRISE   701 AM CDT   SUNSET   653 PM CDT


-  INDICATES NEGATIVE NUMBERS.
R  INDICATES RECORD WAS SET OR TIED.
MM INDICATES DATA IS MISSING.
T  INDICATES TRACE AMOUNT.




$$
