000
CDUS43 KDVN 290644 RRA
CLICID

CLIMATE REPORT
NATIONAL WEATHER SERVICE QUAD CITIES IA IL
129 AM CDT THU JUN 29 2017

...................................

...THE CEDAR RAPIDS IA CLIMATE SUMMARY FOR JUNE 28 2017...

CLIMATE NORMAL PERIOD 1981 TO 2010
CLIMATE RECORD PERIOD 9999 TO 9999


WEATHER ITEM   OBSERVED TIME   RECORD YEAR NORMAL DEPARTURE LAST
                VALUE   (LST)  VALUE       VALUE  FROM      YEAR
                                                  NORMAL
..................................................................
TEMPERATURE (F)
 YESTERDAY
  MAXIMUM         82    502 PM 103    1931  83     -1       75
  MINIMUM         62    420 AM  40    1925  62      0       57
  AVERAGE         72                        72      0       66

PRECIPITATION (IN)
  YESTERDAY        0.80                      0.18   0.62     0.00
  MONTH TO DATE    2.96                      4.58  -1.62     7.72
  SINCE JUN 1      2.96                      4.58  -1.62     7.72
  SINCE JAN 1     15.34                     16.02  -0.68    16.38

DEGREE DAYS
 HEATING
  YESTERDAY        0                         0      0        0
  MONTH TO DATE   22                        29     -7        4
  SINCE JUN 1     22                        29     -7        4
  SINCE JUL 1   5758                      6866  -1108     5653

 COOLING
  YESTERDAY        7                         8     -1        1
  MONTH TO DATE  195                       151     44      235
  SINCE JUN 1    195                       151     44      235
  SINCE JAN 1    233                       200     33      295
..................................................................


WIND (MPH)
  HIGHEST WIND SPEED    23   HIGHEST WIND DIRECTION     S (190)
  HIGHEST GUST SPEED    31   HIGHEST GUST DIRECTION     S (190)
  AVERAGE WIND SPEED    13.0




RELATIVE HUMIDITY (PERCENT)
 HIGHEST   100           800 AM
 LOWEST     63          1200 AM
 AVERAGE    82

..........................................................


THE CEDAR RAPIDS IA CLIMATE NORMALS FOR TODAY
                         NORMAL    RECORD    YEAR
 MAXIMUM TEMPERATURE (F)   83       103      1931
 MINIMUM TEMPERATURE (F)   62        47      1929


SUNRISE AND SUNSET
JUNE 29 2017..........SUNRISE   535 AM CDT   SUNSET   846 PM CDT
JUNE 30 2017..........SUNRISE   535 AM CDT   SUNSET   846 PM CDT


-  INDICATES NEGATIVE NUMBERS.
R  INDICATES RECORD WAS SET OR TIED.
MM INDICATES DATA IS MISSING.
T  INDICATES TRACE AMOUNT.




$$
