977
CDUS41 KCLE 220536
CLICLE


CLIMATE REPORT
NATIONAL WEATHER SERVICE CLEVELAND OH
1235 AM EST MON JAN 22 2018


...................................

...THE CLEVELAND OH CLIMATE SUMMARY FOR JANUARY 21 2018...

CLIMATE NORMAL PERIOD 1981 TO 2010
CLIMATE RECORD PERIOD 1871 TO 2018


WEATHER ITEM   OBSERVED TIME   RECORD YEAR NORMAL DEPARTURE LAST
                VALUE   (LST)  VALUE       VALUE  FROM      YEAR
                                                  NORMAL
..................................................................
TEMPERATURE (F)
 YESTERDAY
  MAXIMUM         48    422 PM  71    1906  34     14       63
  MINIMUM         37    741 AM -17    1985  22     15       42
                                      1984
  AVERAGE         43                        28     15       53

PRECIPITATION (IN)
  YESTERDAY        0.04                      0.08  -0.04      T
  MONTH TO DATE    1.35                      1.92  -0.57     3.43
  SINCE DEC 1      3.08                      5.02  -1.94     6.08
  SINCE JAN 1      1.35                      1.92  -0.57     3.43

SNOWFALL (IN)
  YESTERDAY        0.0                       0.6   -0.6      0.0
  MONTH TO DATE    8.1                      12.6   -4.5      3.5
  SINCE DEC 1     25.3                      26.7   -1.4     13.1
  SINCE JUL 1     26.1                      31.2   -5.1     14.0
  SNOW DEPTH       1

DEGREE DAYS
 HEATING
  YESTERDAY       22                        37    -15       12
  MONTH TO DATE  884                       776    108      645
  SINCE DEC 1   2001                      1788    213     1652
  SINCE JUL 1   2891                      2883      8     2368

 COOLING
  YESTERDAY        0                         0      0        0
  MONTH TO DATE    0                         0      0        0
  SINCE DEC 1      0                         0      0        0
  SINCE JAN 1      0                         0      0        0
..................................................................


WIND (MPH)
  HIGHEST WIND SPEED    10   HIGHEST WIND DIRECTION     S (170)
  HIGHEST GUST SPEED    14   HIGHEST GUST DIRECTION     S (190)
  AVERAGE WIND SPEED     6.2


SKY COVER
  POSSIBLE SUNSHINE  MM
  AVERAGE SKY COVER 1.0


WEATHER CONDITIONS
 THE FOLLOWING WEATHER WAS RECORDED YESTERDAY.
  LIGHT RAIN
  FOG


RELATIVE HUMIDITY (PERCENT)
 HIGHEST    96          1100 AM
 LOWEST     79          1200 AM
 AVERAGE    88

..........................................................


THE CLEVELAND OH CLIMATE NORMALS FOR TODAY
                         NORMAL    RECORD    YEAR
 MAXIMUM TEMPERATURE (F)   34        71      1906
 MINIMUM TEMPERATURE (F)   22       -10      1936


SUNRISE AND SUNSET
JANUARY 22 2018.......SUNRISE   747 AM EST   SUNSET   531 PM EST
JANUARY 23 2018.......SUNRISE   747 AM EST   SUNSET   532 PM EST


-  INDICATES NEGATIVE NUMBERS.
R  INDICATES RECORD WAS SET OR TIED.
MM INDICATES DATA IS MISSING.
T  INDICATES TRACE AMOUNT.




$$
