000
CDUS41 KCLE 242121
CLICLE


CLIMATE REPORT
NATIONAL WEATHER SERVICE CLEVELAND OH
520 PM EDT THU APR 24 2014


...................................

...THE CLEVELAND OH CLIMATE SUMMARY FOR APRIL 24 2014...
VALID TODAY AS OF 0500 PM LOCAL TIME.

CLIMATE NORMAL PERIOD 1981 TO 2010
CLIMATE RECORD PERIOD 1871 TO 2014


WEATHER ITEM   OBSERVED TIME   RECORD YEAR NORMAL DEPARTURE LAST
                VALUE   (LST)  VALUE       VALUE  FROM      YEAR
                                                  NORMAL
..................................................................
TEMPERATURE (F)
 TODAY
  MAXIMUM         56   1219 PM  88    1925  63     -7       63
  MINIMUM         34    324 AM  28    2003  43     -9       35
                                      1930
                                      1883
  AVERAGE         45                        53     -8       49

PRECIPITATION (IN)
  TODAY            0.00                      0.11  -0.11     0.63
  MONTH TO DATE    3.56                      2.86   0.70     3.11
  SINCE MAR 1      5.76                      5.79  -0.03     5.36
  SINCE JAN 1     10.79                     10.85  -0.06     9.83

SNOWFALL (IN)
  TODAY            0.0                       0.1   -0.1       T
  MONTH TO DATE    1.3                       3.2   -1.9      0.3
  SINCE MAR 1     16.4                      15.8    0.6     11.0
  SINCE JUL 1     86.1                      68.0   18.1     51.7
  SNOW DEPTH       0

DEGREE DAYS
 HEATING
  TODAY           20                        13      7       16
  MONTH TO DATE  356                       400    -44      404
  SINCE MAR 1   1365                      1226    139     1364
  SINCE JUL 1   6046                      5443    603     5543

 COOLING
  TODAY            0                         1     -1        0
  MONTH TO DATE    6                         4      2        2
  SINCE MAR 1      6                         5      1        2
  SINCE JAN 1      6                         5      1        2
..................................................................


WIND (MPH)
  HIGHEST WIND SPEED    17   HIGHEST WIND DIRECTION     N (20)
  HIGHEST GUST SPEED    21   HIGHEST GUST DIRECTION    NE (40)


SKY COVER
  POSSIBLE SUNSHINE  MM
  AVERAGE SKY COVER 0.8


WEATHER CONDITIONS
 THE FOLLOWING WEATHER WAS RECORDED TODAY.
  NO SIGNIFICANT WEATHER WAS OBSERVED.


RELATIVE HUMIDITY (PERCENT)
 HIGHEST    64          1200 AM
 LOWEST     22          1100 AM
 AVERAGE    43

..........................................................


THE CLEVELAND OH CLIMATE NORMALS FOR TOMORROW
                         NORMAL    RECORD    YEAR
 MAXIMUM TEMPERATURE (F)   63        87      1990
 MINIMUM TEMPERATURE (F)   44        27      1888


SUNRISE AND SUNSET
APRIL 24 2014.........SUNRISE   634 AM EDT   SUNSET   817 PM EDT
APRIL 25 2014.........SUNRISE   633 AM EDT   SUNSET   819 PM EDT


-  INDICATES NEGATIVE NUMBERS.
R  INDICATES RECORD WAS SET OR TIED.
MM INDICATES DATA IS MISSING.
T  INDICATES TRACE AMOUNT.




$$
