242
CDUS41 KCLE 170530
CLICLE


CLIMATE REPORT
NATIONAL WEATHER SERVICE CLEVELAND OH
1229 AM EST FRI NOV 17 2017


...................................

...THE CLEVELAND OH CLIMATE SUMMARY FOR NOVEMBER 16 2017...

CLIMATE NORMAL PERIOD 1981 TO 2010
CLIMATE RECORD PERIOD 1871 TO 2017


WEATHER ITEM   OBSERVED TIME   RECORD YEAR NORMAL DEPARTURE LAST
                VALUE   (LST)  VALUE       VALUE  FROM      YEAR
                                                  NORMAL
..................................................................
TEMPERATURE (F)
 YESTERDAY
  MAXIMUM         49   1249 AM  72    1931  51     -2       54
  MINIMUM         39   1211 PM  12    1933  37      2       38
  AVERAGE         44                        44      0       46

PRECIPITATION (IN)
  YESTERDAY        0.03                      0.12  -0.09     0.00
  MONTH TO DATE    3.07                      1.91   1.16     0.72
  SINCE SEP 1      7.56                      8.79  -1.23     9.06
  SINCE JAN 1     39.19                     34.33   4.86    32.43

SNOWFALL (IN)
  YESTERDAY        0.0                       0.2   -0.2      0.0
  MONTH TO DATE    0.2                       1.6   -1.4      0.0
  SINCE SEP 1      0.2                       1.8   -1.6      0.0
  SINCE JUL 1      0.2                       1.8   -1.6      0.0
  SNOW DEPTH       0

DEGREE DAYS
 HEATING
  YESTERDAY       21                        21      0       19
  MONTH TO DATE  323                       296     27      204
  SINCE SEP 1    581                       744   -163      433
  SINCE JUL 1    583                       756   -173      433

 COOLING
  YESTERDAY        0                         0      0        0
  MONTH TO DATE    0                         0      0        7
  SINCE SEP 1    222                       101    121      235
  SINCE JAN 1   1113                       816    297     1319
..................................................................


WIND (MPH)
  HIGHEST WIND SPEED    26   HIGHEST WIND DIRECTION     W (280)
  HIGHEST GUST SPEED    35   HIGHEST GUST DIRECTION     W (270)
  AVERAGE WIND SPEED    13.9


SKY COVER
  POSSIBLE SUNSHINE  MM
  AVERAGE SKY COVER 1.0


WEATHER CONDITIONS
 THE FOLLOWING WEATHER WAS RECORDED YESTERDAY.
  LIGHT RAIN
  FOG


RELATIVE HUMIDITY (PERCENT)
 HIGHEST    86          1200 AM
 LOWEST     60           900 PM
 AVERAGE    73

..........................................................


THE CLEVELAND OH CLIMATE NORMALS FOR TODAY
                         NORMAL    RECORD    YEAR
 MAXIMUM TEMPERATURE (F)   50        72      1954
                                             1931
 MINIMUM TEMPERATURE (F)   37        14      2014
                                             1959


SUNRISE AND SUNSET
NOVEMBER 17 2017......SUNRISE   719 AM EST   SUNSET   506 PM EST
NOVEMBER 18 2017......SUNRISE   720 AM EST   SUNSET   505 PM EST


-  INDICATES NEGATIVE NUMBERS.
R  INDICATES RECORD WAS SET OR TIED.
MM INDICATES DATA IS MISSING.
T  INDICATES TRACE AMOUNT.




$$
