000
CDUS41 KCLE 290529
CLICLE


CLIMATE REPORT
NATIONAL WEATHER SERVICE CLEVELAND OH
1228 AM EST MON DEC 29 2014


...................................

...THE CLEVELAND OH CLIMATE SUMMARY FOR DECEMBER 28 2014...

CLIMATE NORMAL PERIOD 1981 TO 2010
CLIMATE RECORD PERIOD 1871 TO 2014


WEATHER ITEM   OBSERVED TIME   RECORD YEAR NORMAL DEPARTURE LAST
                VALUE   (LST)  VALUE       VALUE  FROM      YEAR
                                                  NORMAL
..................................................................
TEMPERATURE (F)
 YESTERDAY
  MAXIMUM         47   1206 AM  68    1982  35     12       54
  MINIMUM         29   1152 PM  -3    1880  23      6       39
  AVERAGE         38                        29      9       47

PRECIPITATION (IN)
  YESTERDAY        0.24                      0.10   0.14     0.00
  MONTH TO DATE    1.95                      2.81  -0.86     3.83
  SINCE DEC 1      1.95                      2.81  -0.86     3.83
  SINCE JAN 1     44.05                     38.85   5.20    41.58

SNOWFALL (IN)
  YESTERDAY        0.0                       0.5   -0.5      0.0
  MONTH TO DATE    0.9                      12.4  -11.5     13.1
  SINCE DEC 1      0.9                      12.4  -11.5     13.1
  SINCE JUL 1     20.3                      16.9    3.4     17.8
  SNOW DEPTH       0

DEGREE DAYS
 HEATING
  YESTERDAY       27                        36     -9       18
  MONTH TO DATE  782                       903   -121      901
  SINCE DEC 1    782                       903   -121      901
  SINCE JUL 1   2116                      1998    118     2050

 COOLING
  YESTERDAY        0                         0      0        0
  MONTH TO DATE    0                         0      0        0
  SINCE DEC 1      0                         0      0        0
  SINCE JAN 1    657                       817   -160      889
..................................................................


WIND (MPH)
  HIGHEST WIND SPEED    24   HIGHEST WIND DIRECTION     W (280)
  HIGHEST GUST SPEED    28   HIGHEST GUST DIRECTION     W (270)
  AVERAGE WIND SPEED     8.6


SKY COVER
  POSSIBLE SUNSHINE  MM
  AVERAGE SKY COVER 0.9


WEATHER CONDITIONS
 THE FOLLOWING WEATHER WAS RECORDED YESTERDAY.
  LIGHT RAIN
  FOG


RELATIVE HUMIDITY (PERCENT)
 HIGHEST    92           400 AM
 LOWEST     75           500 PM
 AVERAGE    84

..........................................................


THE CLEVELAND OH CLIMATE NORMALS FOR TODAY
                         NORMAL    RECORD    YEAR
 MAXIMUM TEMPERATURE (F)   35        66      1889
 MINIMUM TEMPERATURE (F)   23       -12      1880


SUNRISE AND SUNSET
DECEMBER 29 2014......SUNRISE   753 AM EST   SUNSET   506 PM EST
DECEMBER 30 2014......SUNRISE   753 AM EST   SUNSET   507 PM EST


-  INDICATES NEGATIVE NUMBERS.
R  INDICATES RECORD WAS SET OR TIED.
MM INDICATES DATA IS MISSING.
T  INDICATES TRACE AMOUNT.




$$
