000
CDUS44 KHGX 050717
CLICLL


CLIMATE REPORT
NATIONAL WEATHER SERVICE HOUSTON/GALVESTON TX
216 AM CDT SAT SEP 5 2015


...................................

...THE COLLEGE STATION CLIMATE SUMMARY FOR SEPTEMBER 4 2015...

CLIMATE NORMAL PERIOD 1981 TO 2010
CLIMATE RECORD PERIOD 1902 TO 2015


WEATHER ITEM   OBSERVED TIME   RECORD YEAR NORMAL DEPARTURE LAST
                VALUE   (LST)  VALUE       VALUE  FROM      YEAR
                                                  NORMAL
..................................................................
TEMPERATURE (F)
 YESTERDAY
  MAXIMUM         95    342 PM 112    2000  94      1       97
  MINIMUM         75    655 AM  57    1974  73      2       75
  AVERAGE         85                        83      2       86

PRECIPITATION (IN)
  YESTERDAY        T             2.10 1973   0.11  -0.11     0.00
  MONTH TO DATE    0.02                      0.43  -0.41      T
  SINCE SEP 1      0.02                      0.43  -0.41      T
  SINCE JAN 1     34.67                     25.95   8.72    22.77

SNOWFALL (IN)
  YESTERDAY        0.0
  MONTH TO DATE    0.0
  SINCE JUL 1      0.0

DEGREE DAYS
 HEATING
  YESTERDAY        0                         0      0        0
  MONTH TO DATE    0                         0      0        0
  SINCE SEP 1      0                         0      0        0
  SINCE JUL 1      0                         0      0        0

 COOLING
  YESTERDAY       20                        18      2       21
  MONTH TO DATE   69                        74     -5       86
  SINCE SEP 1     69                        74     -5       86
  SINCE JAN 1   2429                      2420      9     2293
..................................................................


WIND (MPH)
  HIGHEST WIND SPEED    22   HIGHEST WIND DIRECTION     S (160)
  HIGHEST GUST SPEED    26   HIGHEST GUST DIRECTION     S (160)
  AVERAGE WIND SPEED     6.2


SKY COVER
  AVERAGE SKY COVER 0.4


WEATHER CONDITIONS
 THE FOLLOWING WEATHER WAS RECORDED YESTERDAY.
  NO SIGNIFICANT WEATHER WAS OBSERVED.


RELATIVE HUMIDITY (PERCENT)
 HIGHEST    94           100 AM
 LOWEST     43           300 PM
 AVERAGE    69

..........................................................


THE COLLEGE STATION CLIMATE NORMALS FOR TODAY
                         NORMAL    RECORD    YEAR
 MAXIMUM TEMPERATURE (F)   94       111      2000
 MINIMUM TEMPERATURE (F)   72        55      1974


SUNRISE AND SUNSET
SEPTEMBER  5 2015.....SUNRISE   704 AM CDT   SUNSET   744 PM CDT
SEPTEMBER  6 2015.....SUNRISE   705 AM CDT   SUNSET   742 PM CDT


-  INDICATES NEGATIVE NUMBERS.
R  INDICATES RECORD WAS SET OR TIED.
MM INDICATES DATA IS MISSING.
T  INDICATES TRACE AMOUNT.




$$
