000
CDUS44 KHGX 240719
CLICLL


CLIMATE REPORT
NATIONAL WEATHER SERVICE HOUSTON/GALVESTON TX
218 AM CDT TUE MAY 24 2016


...................................

...THE COLLEGE STATION CLIMATE SUMMARY FOR MAY 23 2016...

CLIMATE NORMAL PERIOD 1981 TO 2010
CLIMATE RECORD PERIOD 1902 TO 2016


WEATHER ITEM   OBSERVED TIME   RECORD YEAR NORMAL DEPARTURE LAST
                VALUE   (LST)  VALUE       VALUE  FROM      YEAR
                                                  NORMAL
..................................................................
TEMPERATURE (F)
 YESTERDAY
  MAXIMUM         83    418 PM  97    1925  88     -5       87
  MINIMUM         70    458 AM  54    2001  69      1       67
  AVERAGE         77                        78     -1       77

PRECIPITATION (IN)
  YESTERDAY        0.00          2.51 1919   0.14  -0.14     0.12
  MONTH TO DATE    4.24                      3.16   1.08     5.56
  SINCE MAR 1     14.09                      8.99   5.10    16.19
  SINCE JAN 1     16.71                     15.08   1.63    23.60

SNOWFALL (IN)
  YESTERDAY        0.0
  MONTH TO DATE    0.0
  SINCE JUL 1      0.0

DEGREE DAYS
 HEATING
  YESTERDAY        0                         0      0        0
  MONTH TO DATE    2                         0      2        0
  SINCE MAR 1    101                       219   -118      227
  SINCE JUL 1   1148                      1606   -458     1768

 COOLING
  YESTERDAY       12                        13     -1       12
  MONTH TO DATE  184                       239    -55      237
  SINCE MAR 1    430                       450    -20      475
  SINCE JAN 1    455                       478    -23      476
..................................................................


WIND (MPH)
  HIGHEST WIND SPEED    17   HIGHEST WIND DIRECTION    SE (150)
  HIGHEST GUST SPEED    21   HIGHEST GUST DIRECTION    SE (150)
  AVERAGE WIND SPEED     8.5


SKY COVER
  AVERAGE SKY COVER 0.6


WEATHER CONDITIONS
 THE FOLLOWING WEATHER WAS RECORDED YESTERDAY.
  FOG


RELATIVE HUMIDITY (PERCENT)
 HIGHEST   100           400 AM
 LOWEST     65           100 PM
 AVERAGE    83

..........................................................


THE COLLEGE STATION CLIMATE NORMALS FOR TODAY
                         NORMAL    RECORD    YEAR
 MAXIMUM TEMPERATURE (F)   88        99      1925
 MINIMUM TEMPERATURE (F)   69        55      1913


SUNRISE AND SUNSET
MAY 24 2016...........SUNRISE   626 AM CDT   SUNSET   819 PM CDT
MAY 25 2016...........SUNRISE   626 AM CDT   SUNSET   820 PM CDT


-  INDICATES NEGATIVE NUMBERS.
R  INDICATES RECORD WAS SET OR TIED.
MM INDICATES DATA IS MISSING.
T  INDICATES TRACE AMOUNT.




$$
