133
CDUS44 KHGX 060817
CLICLL


CLIMATE REPORT
NATIONAL WEATHER SERVICE HOUSTON/GALVESTON TX
216 AM CST SAT FEB 6 2016


...................................

...THE COLLEGE STATION CLIMATE SUMMARY FOR FEBRUARY 5 2016...

CLIMATE NORMAL PERIOD 1981 TO 2010
CLIMATE RECORD PERIOD 1902 TO 2016


WEATHER ITEM   OBSERVED TIME   RECORD YEAR NORMAL DEPARTURE LAST
                VALUE   (LST)  VALUE       VALUE  FROM      YEAR
                                                  NORMAL
..................................................................
TEMPERATURE (F)
 YESTERDAY
  MAXIMUM         59    358 PM  82    1911  63     -4       51
  MINIMUM         33    738 AM  19    1912  43    -10       37
  AVERAGE         46                        53     -7       44

PRECIPITATION (IN)
  YESTERDAY        0.00          1.86 1955   0.09  -0.09     0.02
  MONTH TO DATE    0.00                      0.49  -0.49     0.32
  SINCE DEC 1      9.38                      6.96   2.42     9.55
  SINCE JAN 1      1.30                      3.73  -2.43     6.98

SNOWFALL (IN)
  YESTERDAY        0.0
  MONTH TO DATE    0.0
  SINCE JUL 1      0.0

DEGREE DAYS
 HEATING
  YESTERDAY       19                        13      6       21
  MONTH TO DATE   60                        65     -5       91
  SINCE DEC 1    746                       918   -172      940
  SINCE JUL 1    893                      1143   -250     1235

 COOLING
  YESTERDAY        0                         1     -1        0
  MONTH TO DATE    4                         2      2        0
  SINCE DEC 1     44                        29     15       10
  SINCE JAN 1      8                        13     -5        0
..................................................................


WIND (MPH)
  HIGHEST WIND SPEED    17   HIGHEST WIND DIRECTION    SE (150)
  HIGHEST GUST SPEED    23   HIGHEST GUST DIRECTION     S (160)
  AVERAGE WIND SPEED     7.5


SKY COVER
  AVERAGE SKY COVER 0.1


WEATHER CONDITIONS
 THE FOLLOWING WEATHER WAS RECORDED YESTERDAY.
  HAZE


RELATIVE HUMIDITY (PERCENT)
 HIGHEST    70           800 AM
 LOWEST     23           400 PM
 AVERAGE    47

..........................................................


THE COLLEGE STATION CLIMATE NORMALS FOR TODAY
                         NORMAL    RECORD    YEAR
 MAXIMUM TEMPERATURE (F)   63        82      1921
 MINIMUM TEMPERATURE (F)   43        19      1989


SUNRISE AND SUNSET
FEBRUARY  6 2016......SUNRISE   714 AM CST   SUNSET   606 PM CST
FEBRUARY  7 2016......SUNRISE   713 AM CST   SUNSET   607 PM CST


-  INDICATES NEGATIVE NUMBERS.
R  INDICATES RECORD WAS SET OR TIED.
MM INDICATES DATA IS MISSING.
T  INDICATES TRACE AMOUNT.




$$
