000
CDUS44 KHGX 280726
CLICLL


CLIMATE REPORT
NATIONAL WEATHER SERVICE HOUSTON/GALVESTON TX
225 AM CDT SUN AUG 28 2016


...................................

...THE COLLEGE STATION CLIMATE SUMMARY FOR AUGUST 27 2016...

CLIMATE NORMAL PERIOD 1981 TO 2010
CLIMATE RECORD PERIOD 1902 TO 2016


WEATHER ITEM   OBSERVED TIME   RECORD YEAR NORMAL DEPARTURE LAST
                VALUE   (LST)  VALUE       VALUE  FROM      YEAR
                                                  NORMAL
..................................................................
TEMPERATURE (F)
 YESTERDAY
  MAXIMUM         92    246 PM 109    2011  95     -3       92
  MINIMUM         74    644 AM  65    1997  74      0       70
  AVERAGE         83                        85     -2       81

PRECIPITATION (IN)
  YESTERDAY        0.00          1.35 1977   0.10  -0.10     0.00
  MONTH TO DATE    8.12                      2.24   5.88     1.36
  SINCE JUN 1     10.94                      8.83   2.11     6.88
  SINCE JAN 1     36.34                     25.08  11.26    34.65

SNOWFALL (IN)
  YESTERDAY        0.0
  MONTH TO DATE    0.0
  SINCE JUL 1      0.0

DEGREE DAYS
 HEATING
  YESTERDAY        0                         0      0        0
  MONTH TO DATE    0                         0      0        0
  SINCE JUN 1      0                         0      0        0
  SINCE JUL 1      0                         0      0        0

 COOLING
  YESTERDAY       18                        20     -2       16
  MONTH TO DATE  531                       558    -27      587
  SINCE JUN 1   1745                      1685     60     1722
  SINCE JAN 1   2301                      2273     28     2293
..................................................................


WIND (MPH)
  HIGHEST WIND SPEED    18   HIGHEST WIND DIRECTION     E (90)
  HIGHEST GUST SPEED    26   HIGHEST GUST DIRECTION     E (100)
  AVERAGE WIND SPEED     5.0


SKY COVER
  AVERAGE SKY COVER 0.2


WEATHER CONDITIONS
 THE FOLLOWING WEATHER WAS RECORDED YESTERDAY.
  FOG


RELATIVE HUMIDITY (PERCENT)
 HIGHEST   100           500 AM
 LOWEST     52           300 PM
 AVERAGE    76

..........................................................


THE COLLEGE STATION CLIMATE NORMALS FOR TODAY
                         NORMAL    RECORD    YEAR
 MAXIMUM TEMPERATURE (F)   95       109      2011
 MINIMUM TEMPERATURE (F)   74        61      1992


SUNRISE AND SUNSET
AUGUST 28 2016........SUNRISE   700 AM CDT   SUNSET   752 PM CDT
AUGUST 29 2016........SUNRISE   701 AM CDT   SUNSET   751 PM CDT


-  INDICATES NEGATIVE NUMBERS.
R  INDICATES RECORD WAS SET OR TIED.
MM INDICATES DATA IS MISSING.
T  INDICATES TRACE AMOUNT.




$$
