000
CDUS44 KHGX 060826
CLICLL


CLIMATE REPORT
NATIONAL WEATHER SERVICE HOUSTON/GALVESTON TX
225 AM CST FRI MAR 6 2015


...................................

...THE COLLEGE STATION CLIMATE SUMMARY FOR MARCH 5 2015...

CLIMATE NORMAL PERIOD 1981 TO 2010
CLIMATE RECORD PERIOD 1902 TO 2015


WEATHER ITEM   OBSERVED TIME   RECORD YEAR NORMAL DEPARTURE LAST
                VALUE   (LST)  VALUE       VALUE  FROM      YEAR
                                                  NORMAL
..................................................................
TEMPERATURE (F)
 YESTERDAY
  MAXIMUM         46    452 PM  89    1991  69    -23       52
  MINIMUM         31    838 AM  17    2002  49    -18       36
                                      1989
  AVERAGE         39                        59    -20       44

PRECIPITATION (IN)
  YESTERDAY        0.17          1.60 1912   0.11   0.06      T
  MONTH TO DATE    0.27                      0.50  -0.23     0.46
  SINCE MAR 1      0.27                      0.50  -0.23     0.46
  SINCE JAN 1      7.68                      6.59   1.09     2.64

SNOWFALL (IN)
  YESTERDAY       MM
  MONTH TO DATE    0.0
  SINCE JUL 1      T

DEGREE DAYS
 HEATING
  YESTERDAY       26                         8     18       21
  MONTH TO DATE   84                        40     44      107
  SINCE MAR 1     84                        40     44      107
  SINCE JUL 1   1625                      1427    198     1831

 COOLING
  YESTERDAY        0                         1     -1        0
  MONTH TO DATE    0                         5     -5        7
  SINCE MAR 1      0                         5     -5        7
  SINCE JAN 1      1                        33    -32       28
..................................................................


WIND (MPH)
  HIGHEST WIND SPEED    28   HIGHEST WIND DIRECTION     N (350)
  HIGHEST GUST SPEED    34   HIGHEST GUST DIRECTION     N (360)
  AVERAGE WIND SPEED    16.7


SKY COVER
  AVERAGE SKY COVER 0.6


WEATHER CONDITIONS
 THE FOLLOWING WEATHER WAS RECORDED YESTERDAY.
  RAIN
  LIGHT RAIN
  LT FREEZING RAIN
  LIGHT SNOW
  FOG


RELATIVE HUMIDITY (PERCENT)
 HIGHEST    96           300 AM
 LOWEST     45           400 PM
 AVERAGE    71

..........................................................


THE COLLEGE STATION CLIMATE NORMALS FOR TODAY
                         NORMAL    RECORD    YEAR
 MAXIMUM TEMPERATURE (F)   69        89      1991
 MINIMUM TEMPERATURE (F)   49        25      2002


SUNRISE AND SUNSET
MARCH  6 2015.........SUNRISE   646 AM CST   SUNSET   628 PM CST
MARCH  7 2015.........SUNRISE   645 AM CST   SUNSET   628 PM CST


-  INDICATES NEGATIVE NUMBERS.
R  INDICATES RECORD WAS SET OR TIED.
MM INDICATES DATA IS MISSING.
T  INDICATES TRACE AMOUNT.




$$
