000
CDUS44 KHGX 010726
CLICLL


CLIMATE REPORT
NATIONAL WEATHER SERVICE HOUSTON/GALVESTON TX
225 AM CDT WED OCT 1 2014


...................................

...THE COLLEGE STATION CLIMATE SUMMARY FOR SEPTEMBER 30 2014...

CLIMATE NORMAL PERIOD 1981 TO 2010
CLIMATE RECORD PERIOD 1902 TO 2014


WEATHER ITEM   OBSERVED TIME   RECORD YEAR NORMAL DEPARTURE LAST
                VALUE   (LST)  VALUE       VALUE  FROM      YEAR
                                                  NORMAL
..................................................................
TEMPERATURE (F)
 YESTERDAY
  MAXIMUM         90    311 PM  98    1938  86      4       86
  MINIMUM         71    638 AM  44    1916  65      6       70
  AVERAGE         81                        76      5       78

PRECIPITATION (IN)
  YESTERDAY        0.00          1.85 1927   0.11  -0.11     0.00
  MONTH TO DATE    6.57                      3.18   3.39     5.19
  SINCE SEP 1      6.57                      3.18   3.39     5.19
  SINCE JAN 1     29.34                     28.70   0.64    24.92

SNOWFALL (IN)
  YESTERDAY        0.0
  MONTH TO DATE    0.0
  SINCE JUL 1      0.0

DEGREE DAYS
 HEATING
  YESTERDAY        0                         0      0        0
  MONTH TO DATE    0                         0      0        0
  SINCE SEP 1      0                         2     -2        0
  SINCE JUL 1      0                         2     -2        0

 COOLING
  YESTERDAY       16                        11      5       13
  MONTH TO DATE  473                       450     23      556
  SINCE SEP 1    473                       450     23      556
  SINCE JAN 1   2680                      2796   -116     3033
..................................................................


WIND (MPH)
  HIGHEST WIND SPEED    15   HIGHEST WIND DIRECTION    SE (150)
  HIGHEST GUST SPEED    17   HIGHEST GUST DIRECTION    SE (140)
  AVERAGE WIND SPEED     3.8


SKY COVER
  AVERAGE SKY COVER 0.3


WEATHER CONDITIONS
 THE FOLLOWING WEATHER WAS RECORDED YESTERDAY.
  NO SIGNIFICANT WEATHER WAS OBSERVED.


RELATIVE HUMIDITY (PERCENT)
 HIGHEST    93           700 AM
 LOWEST     55           200 PM
 AVERAGE    74

..........................................................


THE COLLEGE STATION CLIMATE NORMALS FOR TODAY
                         NORMAL    RECORD    YEAR
 MAXIMUM TEMPERATURE (F)   86       100      1938
 MINIMUM TEMPERATURE (F)   65        43      1984


SUNRISE AND SUNSET
OCTOBER  1 2014.......SUNRISE   719 AM CDT   SUNSET   711 PM CDT
OCTOBER  2 2014.......SUNRISE   720 AM CDT   SUNSET   709 PM CDT


-  INDICATES NEGATIVE NUMBERS.
R  INDICATES RECORD WAS SET OR TIED.
MM INDICATES DATA IS MISSING.
T  INDICATES TRACE AMOUNT.




$$
