000
CDUS44 KHGX 310737
CLICLL


CLIMATE REPORT
NATIONAL WEATHER SERVICE HOUSTON/GALVESTON TX
222 AM CDT FRI JUL 31 2015


...................................

...THE COLLEGE STATION CLIMATE SUMMARY FOR JULY 30 2015...

CLIMATE NORMAL PERIOD 1981 TO 2010
CLIMATE RECORD PERIOD 1902 TO 2015


WEATHER ITEM   OBSERVED TIME   RECORD YEAR NORMAL DEPARTURE LAST
                VALUE   (LST)  VALUE       VALUE  FROM      YEAR
                                                  NORMAL
..................................................................
TEMPERATURE (F)
 YESTERDAY
  MAXIMUM        101    438 PM 106    1914  96      5       93
  MINIMUM         77    623 AM  65    1936  75      2       74
  AVERAGE         89                        85      4       84

PRECIPITATION (IN)
  YESTERDAY        0.11          2.56 1954   0.06   0.05     0.00
  MONTH TO DATE    0.31                      2.08  -1.77     5.92
  SINCE JUN 1      5.52                      6.53  -1.01     7.53
  SINCE JAN 1     33.29                     22.78  10.51    21.56

SNOWFALL (IN)
  YESTERDAY        0.0
  MONTH TO DATE    0.0
  SINCE JUL 1      0.0

DEGREE DAYS
 HEATING
  YESTERDAY        0                         0      0        0
  MONTH TO DATE    0                         0      0        0
  SINCE JUN 1      0                         0      0        0
  SINCE JUL 1      0                         0      0        0

 COOLING
  YESTERDAY       24                        20      4       19
  MONTH TO DATE  605                       589     16      554
  SINCE JUN 1   1110                      1105      5     1081
  SINCE JAN 1   1681                      1693    -12     1568
..................................................................


WIND (MPH)
  HIGHEST WIND SPEED    21   HIGHEST WIND DIRECTION    SW (210)
  HIGHEST GUST SPEED    27   HIGHEST GUST DIRECTION    NW (300)
  AVERAGE WIND SPEED     5.3


SKY COVER
  AVERAGE SKY COVER 0.2


WEATHER CONDITIONS
 THE FOLLOWING WEATHER WAS RECORDED YESTERDAY.
  THUNDERSTORM
  HEAVY RAIN
  LIGHT RAIN
  HAZE


RELATIVE HUMIDITY (PERCENT)
 HIGHEST    88           500 AM
 LOWEST     33           100 PM
 AVERAGE    61

..........................................................


THE COLLEGE STATION CLIMATE NORMALS FOR TODAY
                         NORMAL    RECORD    YEAR
 MAXIMUM TEMPERATURE (F)   96       105      1914
 MINIMUM TEMPERATURE (F)   75        62      1936


SUNRISE AND SUNSET
JULY 31 2015..........SUNRISE   643 AM CDT   SUNSET   821 PM CDT
AUGUST  1 2015........SUNRISE   643 AM CDT   SUNSET   820 PM CDT


-  INDICATES NEGATIVE NUMBERS.
R  INDICATES RECORD WAS SET OR TIED.
MM INDICATES DATA IS MISSING.
T  INDICATES TRACE AMOUNT.




$$
