000
CDUS44 KHGX 272236
CLICLL


CLIMATE REPORT
NATIONAL WEATHER SERVICE HOUSTON/GALVESTON TX
434 PM CST THU NOV 27 2014


...................................

...THE COLLEGE STATION CLIMATE SUMMARY FOR NOVEMBER 27 2014...
VALID TODAY AS OF 400 PM LOCAL TIME.

CLIMATE NORMAL PERIOD 1981 TO 2010
CLIMATE RECORD PERIOD 1902 TO 2014


WEATHER ITEM   OBSERVED TIME   RECORD YEAR NORMAL DEPARTURE LAST
                VALUE   (LST)  VALUE       VALUE  FROM      YEAR
                                                  NORMAL
..................................................................
TEMPERATURE (F)
 TODAY
  MAXIMUM         64    259 PM  87    1922  67     -3       48
  MINIMUM         44    657 AM  20    1993  46     -2       31
  AVERAGE         54                        56     -2       40

PRECIPITATION (IN)
  TODAY            0.00          2.16 1968   0.10  -0.10     0.00
  MONTH TO DATE    5.89                      2.89   3.00     4.57
  SINCE SEP 1     14.27                     10.98   3.29    18.86
  SINCE JAN 1     37.04                     36.50   0.54    38.59

SNOWFALL (IN)
  TODAY            0.0
  MONTH TO DATE    0.0
  SINCE JUL 1      0.0

DEGREE DAYS
 HEATING
  TODAY           11                         9      2       25
  MONTH TO DATE  284                       157    127      233
  SINCE SEP 1    287                       194     93      252
  SINCE JUL 1    287                       194     93      252

 COOLING
  TODAY            0                         1     -1        0
  MONTH TO DATE   12                        57    -45       35
  SINCE SEP 1    718                       723     -5      791
  SINCE JAN 1   2925                      3069   -144     3268
..................................................................


WIND (MPH)
  HIGHEST WIND SPEED    14   HIGHEST WIND DIRECTION    NE (40)
  HIGHEST GUST SPEED    19   HIGHEST GUST DIRECTION    NE (50)
  AVERAGE WIND SPEED     7.6


SKY COVER
  AVERAGE SKY COVER 0.0


WEATHER CONDITIONS
 THE FOLLOWING WEATHER WAS RECORDED TODAY.
  NO SIGNIFICANT WEATHER WAS OBSERVED.


RELATIVE HUMIDITY (PERCENT)
 HIGHEST    65           700 AM
 LOWEST     23           100 PM
 AVERAGE    44

..........................................................


THE COLLEGE STATION CLIMATE NORMALS FOR TOMORROW
                         NORMAL    RECORD    YEAR
 MAXIMUM TEMPERATURE (F)   67        85      1927
 MINIMUM TEMPERATURE (F)   46        25      1976


SUNRISE AND SUNSET
NOVEMBER 27 2014......SUNRISE   702 AM CST   SUNSET   524 PM CST
NOVEMBER 28 2014......SUNRISE   703 AM CST   SUNSET   524 PM CST


-  INDICATES NEGATIVE NUMBERS.
R  INDICATES RECORD WAS SET OR TIED.
MM INDICATES DATA IS MISSING.
T  INDICATES TRACE AMOUNT.


$$
