383
CDUS42 KGSP 110654
CLICLT

CLIMATE REPORT
NATIONAL WEATHER SERVICE GREENVILLE-SPARTANBURG SC
153 AM EST THU FEB 11 2016


...................................

...THE CHARLOTTE NC CLIMATE SUMMARY FOR FEBRUARY 10 2016...

CLIMATE NORMAL PERIOD 1981 TO 2010
CLIMATE RECORD PERIOD 1878 TO 2016


WEATHER ITEM   OBSERVED TIME   RECORD YEAR NORMAL DEPARTURE LAST
                VALUE   (LST)  VALUE       VALUE  FROM      YEAR
                                                  NORMAL
..................................................................
TEMPERATURE (F)
 YESTERDAY
  MAXIMUM         38    339 PM  76    1938  54    -16       53
  MINIMUM         21    632 AM   8    1934  32    -11       37
  AVERAGE         30                        43    -13       45

PRECIPITATION (IN)
  YESTERDAY        0.00          2.22 1946   0.10  -0.10     0.13
  MONTH TO DATE    0.75                      1.08  -0.33     1.40
  SINCE DEC 1     11.73                      7.74   3.99     6.77
  SINCE JAN 1      3.03                      4.49  -1.46     4.20

SNOWFALL (IN)
  YESTERDAY        0.0           2.0  1908   0.0    0.0      0.0
  MONTH TO DATE    T                         0.4   -0.4      0.0
  SINCE DEC 1      3.3                       2.8    0.5      0.0
  SINCE JUL 1      3.3                       2.9    0.4       T
  SNOW DEPTH       0

DEGREE DAYS
 HEATING
  YESTERDAY       35                        22     13       20
  MONTH TO DATE  197                       229    -32      207
  SINCE DEC 1   1285                      1700   -415     1556
  SINCE JUL 1   1751                      2336   -585     2214

 COOLING
  YESTERDAY        0                         0      0        0
  MONTH TO DATE    0                         0      0        0
  SINCE DEC 1     12                         1     11        0
  SINCE JAN 1      0                         0      0        0
..................................................................


WIND (MPH)
  HIGHEST WIND SPEED    20   HIGHEST WIND DIRECTION     W (290)
  HIGHEST GUST SPEED    25   HIGHEST GUST DIRECTION     W (290)
  AVERAGE WIND SPEED     6.1


SKY COVER
  POSSIBLE SUNSHINE  MM
  AVERAGE SKY COVER 0.3


WEATHER CONDITIONS
 THE FOLLOWING WEATHER WAS RECORDED YESTERDAY.
  NO SIGNIFICANT WEATHER WAS OBSERVED.


RELATIVE HUMIDITY (PERCENT)
 HIGHEST    68           700 AM
 LOWEST     24           400 PM
 AVERAGE    46

..........................................................


THE CHARLOTTE NC CLIMATE NORMALS FOR TODAY
                         NORMAL    RECORD    YEAR
 MAXIMUM TEMPERATURE (F)   54        75      1965
                                             1932
 MINIMUM TEMPERATURE (F)   32        12      1885


SUNRISE AND SUNSET
FEBRUARY 11 2016......SUNRISE   715 AM EST   SUNSET   602 PM EST
FEBRUARY 12 2016......SUNRISE   714 AM EST   SUNSET   603 PM EST


-  INDICATES NEGATIVE NUMBERS.
R  INDICATES RECORD WAS SET OR TIED.
MM INDICATES DATA IS MISSING.
T  INDICATES TRACE AMOUNT.




$$
