000
CDUS42 KGSP 222034 RRA
CLICLT

CLIMATE REPORT
NATIONAL WEATHER SERVICE GREENVILLE-SPARTANBURG SC
433 PM EDT FRI SEP 22 2017


...................................

...THE CHARLOTTE NC CLIMATE SUMMARY FOR SEPTEMBER 22 2017...
VALID TODAY AS OF 0400 PM LOCAL TIME.

CLIMATE NORMAL PERIOD 1981 TO 2010
CLIMATE RECORD PERIOD 1878 TO 2017


WEATHER ITEM   OBSERVED TIME   RECORD YEAR NORMAL DEPARTURE LAST
                VALUE   (LST)  VALUE       VALUE  FROM      YEAR
                                                  NORMAL
..................................................................
TEMPERATURE (F)
 TODAY
  MAXIMUM         89    326 PM  98    1895  79     10       82
  MINIMUM         66    621 AM  43    1918  58      8       69
  AVERAGE         78                        69      9       76

PRECIPITATION (IN)
  TODAY            0.00          2.92 1989   0.10  -0.10      T
  MONTH TO DATE    2.72                      2.35   0.37     1.26
  SINCE SEP 1      2.72                      2.35   0.37     1.26
  SINCE JAN 1     37.68                     30.95   6.73    22.80

SNOWFALL (IN)
  TODAY            0.0           0.0    MM   0.0    0.0      0.0
  MONTH TO DATE    0.0                       0.0    0.0      0.0
  SINCE SEP 1      0.0                       0.0    0.0      0.0
  SINCE JUL 1      0.0                       0.0    0.0      0.0
  SNOW DEPTH       0

DEGREE DAYS
 HEATING
  TODAY            0                         1     -1        0
  MONTH TO DATE    9                         7      2        0
  SINCE SEP 1      9                         7      2        0
  SINCE JUL 1      9                         7      2        0

 COOLING
  TODAY           13                         5      8       11
  MONTH TO DATE  152                       168    -16      276
  SINCE SEP 1    152                       168    -16      276
  SINCE JAN 1   1713                      1445    268     2043
..................................................................


WIND (MPH)
  HIGHEST WIND SPEED    10   HIGHEST WIND DIRECTION     E (90)
  HIGHEST GUST SPEED    20   HIGHEST GUST DIRECTION    NE (40)
  AVERAGE WIND SPEED     4.4


SKY COVER
  POSSIBLE SUNSHINE  MM
  AVERAGE SKY COVER 0.2


WEATHER CONDITIONS
 THE FOLLOWING WEATHER WAS RECORDED TODAY.
  NO SIGNIFICANT WEATHER WAS OBSERVED.


RELATIVE HUMIDITY (PERCENT)
 HIGHEST    93           400 AM
 LOWEST     43           100 PM
 AVERAGE    68

..........................................................


THE CHARLOTTE NC CLIMATE NORMALS FOR TOMORROW
                         NORMAL    RECORD    YEAR
 MAXIMUM TEMPERATURE (F)   79        97      1931
                                             1895
 MINIMUM TEMPERATURE (F)   58        39      1999


SUNRISE AND SUNSET
SEPTEMBER 22 2017.....SUNRISE   712 AM EDT   SUNSET   720 PM EDT
SEPTEMBER 23 2017.....SUNRISE   713 AM EDT   SUNSET   719 PM EDT


-  INDICATES NEGATIVE NUMBERS.
R  INDICATES RECORD WAS SET OR TIED.
MM INDICATES DATA IS MISSING.
T  INDICATES TRACE AMOUNT.

$$

PM
