000
CDUS42 KGSP 210627 RRA
CLICLT

CLIMATE REPORT
NATIONAL WEATHER SERVICE GREENVILLE-SPARTANBURG SC
126 AM EST SUN DEC 21 2014


...................................

...THE CHARLOTTE NC CLIMATE SUMMARY FOR DECEMBER 20 2014...

CLIMATE NORMAL PERIOD 1981 TO 2010
CLIMATE RECORD PERIOD 1878 TO 2014


WEATHER ITEM   OBSERVED TIME   RECORD YEAR NORMAL DEPARTURE LAST
                VALUE   (LST)  VALUE       VALUE  FROM      YEAR
                                                  NORMAL
..................................................................
TEMPERATURE (F)
 YESTERDAY
  MAXIMUM         48   1241 AM  79    1931  52     -4       63
  MINIMUM         40    853 AM  12    2004  31      9       39
                                      1884
  AVERAGE         44                        41      3       51

PRECIPITATION (IN)
  YESTERDAY        0.03          2.38 1905   0.10  -0.07     0.00
  MONTH TO DATE    0.42                      2.10  -1.68     1.93
  SINCE DEC 1      0.42                      2.10  -1.68     1.93
  SINCE JAN 1     43.31                     40.48   2.83    44.42

SNOWFALL (IN)
  YESTERDAY        0.0           0.1  1951   0.0    0.0      0.0
  MONTH TO DATE    0.0                       0.1   -0.1      0.0
  SINCE DEC 1      0.0                       0.1   -0.1      0.0
  SINCE JUL 1      T                         0.2   -0.2       T
  SNOW DEPTH       0

DEGREE DAYS
 HEATING
  YESTERDAY       21                        24     -3       14
  MONTH TO DATE  377                       432    -55      363
  SINCE DEC 1    377                       432    -55      363
  SINCE JUL 1   1035                      1068    -33     1013

 COOLING
  YESTERDAY        0                         0      0        0
  MONTH TO DATE    0                         0      0        6
  SINCE DEC 1      0                         0      0        6
  SINCE JAN 1   1655                      1517    138     1583
..................................................................


WIND (MPH)
  HIGHEST WIND SPEED     9   HIGHEST WIND DIRECTION    SE (140)
  HIGHEST GUST SPEED    17   HIGHEST GUST DIRECTION    NE (40)
  AVERAGE WIND SPEED     4.7


SKY COVER
  POSSIBLE SUNSHINE  MM
  AVERAGE SKY COVER 1.0


WEATHER CONDITIONS
 THE FOLLOWING WEATHER WAS RECORDED YESTERDAY.
  LIGHT RAIN


RELATIVE HUMIDITY (PERCENT)
 HIGHEST    79           800 AM
 LOWEST     39          1200 AM
 AVERAGE    59

..........................................................


THE CHARLOTTE NC CLIMATE NORMALS FOR TODAY
                         NORMAL    RECORD    YEAR
 MAXIMUM TEMPERATURE (F)   52        73      2013
 MINIMUM TEMPERATURE (F)   31        10      1901


SUNRISE AND SUNSET
DECEMBER 21 2014......SUNRISE   728 AM EST   SUNSET   515 PM EST
DECEMBER 22 2014......SUNRISE   729 AM EST   SUNSET   516 PM EST


-  INDICATES NEGATIVE NUMBERS.
R  INDICATES RECORD WAS SET OR TIED.
MM INDICATES DATA IS MISSING.
T  INDICATES TRACE AMOUNT.

$$
07
