000
CDUS42 KGSP 260632
CLICLT

CLIMATE REPORT
NATIONAL WEATHER SERVICE GREENVILLE-SPARTANBURG SC
229 AM EDT SUN OCT 26 2014


...................................

...THE CHARLOTTE NC CLIMATE SUMMARY FOR OCTOBER 25 2014...

CLIMATE NORMAL PERIOD 1981 TO 2010
CLIMATE RECORD PERIOD 1878 TO 2014


WEATHER ITEM   OBSERVED TIME   RECORD YEAR NORMAL DEPARTURE LAST
                VALUE   (LST)  VALUE       VALUE  FROM      YEAR
                                                  NORMAL
..................................................................
TEMPERATURE (F)
 YESTERDAY
  MAXIMUM         74    400 PM  84    1931  69      5       55
  MINIMUM         39    635 AM  27    2006  46     -7       34
  AVERAGE         57                        57      0       45

PRECIPITATION (IN)
  YESTERDAY        0.00          2.65 1990   0.09  -0.09     0.00
  MONTH TO DATE    0.86                      2.81  -1.95     0.48
  SINCE SEP 1      4.85                      6.05  -1.20     3.54
  SINCE JAN 1     38.61                     34.65   3.96    38.86

SNOWFALL (IN)
  YESTERDAY        0.0           0.0    MM   0.0    0.0      0.0
  MONTH TO DATE    0.0                       0.0    0.0      0.0
  SINCE SEP 1      0.0                       0.0    0.0      0.0
  SINCE JUL 1      0.0                       0.0    0.0      0.0
  SNOW DEPTH       0

DEGREE DAYS
 HEATING
  YESTERDAY        8                         8      0       20
  MONTH TO DATE   94                       130    -36       86
  SINCE SEP 1    106                       153    -47       88
  SINCE JUL 1    106                       153    -47       89

 COOLING
  YESTERDAY        0                         1     -1        0
  MONTH TO DATE   57                        38     19       60
  SINCE SEP 1    290                       236     54      288
  SINCE JAN 1   1645                      1513    132     1576
..................................................................


WIND (MPH)
  HIGHEST WIND SPEED     9   HIGHEST WIND DIRECTION    SW (230)
  HIGHEST GUST SPEED    14   HIGHEST GUST DIRECTION    NW (300)
  AVERAGE WIND SPEED     4.3


SKY COVER
  POSSIBLE SUNSHINE  MM
  AVERAGE SKY COVER 0.1


WEATHER CONDITIONS
 THE FOLLOWING WEATHER WAS RECORDED YESTERDAY.
  NO SIGNIFICANT WEATHER WAS OBSERVED.


RELATIVE HUMIDITY (PERCENT)
 HIGHEST    92          1200 AM
 LOWEST     20           100 PM
 AVERAGE    56

..........................................................


THE CHARLOTTE NC CLIMATE NORMALS FOR TODAY
                         NORMAL    RECORD    YEAR
 MAXIMUM TEMPERATURE (F)   69        86      1940
 MINIMUM TEMPERATURE (F)   45        27      2013


SUNRISE AND SUNSET
OCTOBER 26 2014.......SUNRISE   740 AM EDT   SUNSET   635 PM EDT
OCTOBER 27 2014.......SUNRISE   740 AM EDT   SUNSET   634 PM EDT


-  INDICATES NEGATIVE NUMBERS.
R  INDICATES RECORD WAS SET OR TIED.
MM INDICATES DATA IS MISSING.
T  INDICATES TRACE AMOUNT.




$$
