000
CDUS42 KGSP 262055
CLICLT

CLIMATE REPORT
NATIONAL WEATHER SERVICE GREENVILLE-SPARTANBURG SC
450 PM EDT FRI MAY 26 2017

...................................

...THE CHARLOTTE NC CLIMATE SUMMARY FOR MAY 26 2017...
VALID TODAY AS OF 400 PM LOCAL TIME.

CLIMATE NORMAL PERIOD 1981 TO 2010
CLIMATE RECORD PERIOD 1878 TO 2017

WEATHER ITEM   OBSERVED TIME   RECORD YEAR NORMAL DEPARTURE LAST
                VALUE   (LST)  VALUE       VALUE  FROM      YEAR
                                                  NORMAL
..................................................................
TEMPERATURE (F)
 TODAY
  MAXIMUM         81    345 PM  96    1926  81      0       86
  MINIMUM         56    525 AM  45    1979  59     -3       63
  AVERAGE         69                        70     -1       75

PRECIPITATION (IN)
  TODAY            0.00          3.03 1890   0.11  -0.11     0.00
  MONTH TO DATE    5.30                      2.60   2.70     4.90
  SINCE MAR 1     13.55                      9.65   3.90     7.78
  SINCE JAN 1     20.46                     16.38   4.08    14.56

SNOWFALL (IN)
  TODAY            0.0           0.0    MM   0.0    0.0      0.0
  MONTH TO DATE    0.0                       0.0    0.0      0.0
  SINCE MAR 1      1.1                       0.6    0.5      0.0
  SINCE JUL 1      2.2                       4.3   -2.1      3.3
  SNOW DEPTH       0

DEGREE DAYS
 HEATING
  TODAY            0                         1     -1        0
  MONTH TO DATE   26                        50    -24       43
  SINCE MAR 1    494                       683   -189      426
  SINCE JUL 1   2392                      3382   -990     2568

 COOLING
  TODAY            4                         6     -2       10
  MONTH TO DATE  123                        93     30      100
  SINCE MAR 1    248                       130    118      198
  SINCE JAN 1    253                       130    123      198
..................................................................

WIND (MPH)
  HIGHEST WIND SPEED    14   HIGHEST WIND DIRECTION     W (260)
  HIGHEST GUST SPEED    19   HIGHEST GUST DIRECTION    SW (230)
  AVERAGE WIND SPEED     7.1

SKY COVER
  POSSIBLE SUNSHINE  MM
  AVERAGE SKY COVER 0.1

WEATHER CONDITIONS
 THE FOLLOWING WEATHER WAS RECORDED TODAY.
  NO SIGNIFICANT WEATHER WAS OBSERVED.

RELATIVE HUMIDITY (PERCENT)
 HIGHEST    80           400 AM
 LOWEST     39           300 PM
 AVERAGE    60
..........................................................

THE CHARLOTTE NC CLIMATE NORMALS FOR TOMORROW
                         NORMAL    RECORD    YEAR
 MAXIMUM TEMPERATURE (F)   82        96      1916
 MINIMUM TEMPERATURE (F)   59        41      1961

SUNRISE AND SUNSET
MAY 26 2017...........SUNRISE   613 AM EDT   SUNSET   829 PM EDT
MAY 27 2017...........SUNRISE   612 AM EDT   SUNSET   830 PM EDT

-  INDICATES NEGATIVE NUMBERS.
R  INDICATES RECORD WAS SET OR TIED.
MM INDICATES DATA IS MISSING.
T  INDICATES TRACE AMOUNT.

$$

JMP
