000
CDUS42 KGSP 240634
CLICLT

CLIMATE REPORT
NATIONAL WEATHER SERVICE GREENVILLE-SPARTANBURG SC
232 AM EDT MON APR 24 2017


...................................

...THE CHARLOTTE NC CLIMATE SUMMARY FOR APRIL 23 2017...

CLIMATE NORMAL PERIOD 1981 TO 2010
CLIMATE RECORD PERIOD 1878 TO 2017


WEATHER ITEM   OBSERVED TIME   RECORD YEAR NORMAL DEPARTURE LAST
                VALUE   (LST)  VALUE       VALUE  FROM      YEAR
                                                  NORMAL
..................................................................
TEMPERATURE (F)
 YESTERDAY
  MAXIMUM         61   1237 AM  91    1980  74    -13       77
                                      1963
                                      1960
  MINIMUM         51   1152 PM  35    1986  49      2       57
  AVERAGE         56                        61     -5       67

PRECIPITATION (IN)
  YESTERDAY        2.12R         1.58 1883   0.11   2.01     0.00
  MONTH TO DATE    4.30                      2.36   1.94     1.25
  SINCE MAR 1      7.01                      6.37   0.64     2.10
  SINCE JAN 1     13.92                     13.10   0.82     8.88

SNOWFALL (IN)
  YESTERDAY        0.0           0.0    MM   0.0    0.0      0.0
  MONTH TO DATE    0.0                       0.1   -0.1      0.0
  SINCE MAR 1      1.1                       0.7    0.4      0.0
  SINCE JUL 1      2.2                       4.4   -2.2      3.3
  SNOW DEPTH       0

DEGREE DAYS
 HEATING
  YESTERDAY        9                         5      4        0
  MONTH TO DATE   72                       169    -97      150
  SINCE MAR 1    455                       602   -147      381
  SINCE JUL 1   2353                      3301   -948     2523

 COOLING
  YESTERDAY        0                         1     -1        2
  MONTH TO DATE   64                        22     42       19
  SINCE MAR 1     82                        27     55       56
  SINCE JAN 1     87                        27     60       56
..................................................................


WIND (MPH)
  HIGHEST WIND SPEED    18   HIGHEST WIND DIRECTION    NE (30)
  HIGHEST GUST SPEED    25   HIGHEST GUST DIRECTION    NE (40)
  AVERAGE WIND SPEED    11.7


SKY COVER
  POSSIBLE SUNSHINE  MM
  AVERAGE SKY COVER 1.0


WEATHER CONDITIONS
 THE FOLLOWING WEATHER WAS RECORDED YESTERDAY.
  THUNDERSTORM
  HEAVY RAIN
  RAIN
  LIGHT RAIN
  FOG


RELATIVE HUMIDITY (PERCENT)
 HIGHEST    96          1000 PM
 LOWEST     84          1200 AM
 AVERAGE    90

..........................................................


THE CHARLOTTE NC CLIMATE NORMALS FOR TODAY
                         NORMAL    RECORD    YEAR
 MAXIMUM TEMPERATURE (F)   74        96      1925
 MINIMUM TEMPERATURE (F)   49        36      1893


SUNRISE AND SUNSET
APRIL 24 2017.........SUNRISE   640 AM EDT   SUNSET   804 PM EDT
APRIL 25 2017.........SUNRISE   639 AM EDT   SUNSET   805 PM EDT


-  INDICATES NEGATIVE NUMBERS.
R  INDICATES RECORD WAS SET OR TIED.
MM INDICATES DATA IS MISSING.
T  INDICATES TRACE AMOUNT.




$$
