000
CDUS42 KGSP 200637
CLICLT

CAECLICLT 000
TTAA00 KGSP 200633


CLIMATE REPORT
NATIONAL WEATHER SERVICE GREENVILLE-SPARTANBURG SC
132 AM EST MON NOV 20 2017


...................................

...THE CHARLOTTE NC CLIMATE SUMMARY FOR NOVEMBER 19 2017...

CLIMATE NORMAL PERIOD 1981 TO 2010
CLIMATE RECORD PERIOD 1878 TO 2017


WEATHER ITEM   OBSERVED TIME   RECORD YEAR NORMAL DEPARTURE LAST
                VALUE   (LST)  VALUE       VALUE  FROM      YEAR
                                                  NORMAL
..................................................................
TEMPERATURE (F)
 YESTERDAY
  MAXIMUM         66    201 AM  78    1942  61      5       73
  MINIMUM         33   1135 PM  14    2014  38     -5       38
  AVERAGE         50                        50      0       56

PRECIPITATION (IN)
  YESTERDAY        0.01          2.04 1938   0.11  -0.10     0.00
  MONTH TO DATE    0.73                      1.93  -1.20     0.05
  SINCE SEP 1      7.40                      8.57  -1.17     8.27
  SINCE JAN 1     42.36                     37.17   5.19    29.81

SNOWFALL (IN)
  YESTERDAY        0.0           2.5  2000   0.0    0.0      0.0
  MONTH TO DATE    0.0                       0.1   -0.1      0.0
  SINCE SEP 1      0.0                       0.1   -0.1      0.0
  SINCE JUL 1      0.0                       0.1   -0.1      0.0
  SNOW DEPTH       0

DEGREE DAYS
 HEATING
  YESTERDAY       15                        15      0        9
  MONTH TO DATE  205                       240    -35      195
  SINCE SEP 1    340                       446   -106      270
  SINCE JUL 1    340                       446   -106      270

 COOLING
  YESTERDAY        0                         0      0        0
  MONTH TO DATE    5                         0      5        1
  SINCE SEP 1    344                       236    108      423
  SINCE JAN 1   1905                      1513    392     2190
..................................................................


WIND (MPH)
  HIGHEST WIND SPEED    23   HIGHEST WIND DIRECTION    NW (310)
  HIGHEST GUST SPEED    34   HIGHEST GUST DIRECTION    NW (320)
  AVERAGE WIND SPEED     9.5


SKY COVER
  POSSIBLE SUNSHINE  MM
  AVERAGE SKY COVER 0.3


WEATHER CONDITIONS
 THE FOLLOWING WEATHER WAS RECORDED YESTERDAY.
  LIGHT RAIN


RELATIVE HUMIDITY (PERCENT)
 HIGHEST    70          1100 PM
 LOWEST     30           100 PM
 AVERAGE    50

..........................................................


THE CHARLOTTE NC CLIMATE NORMALS FOR TODAY
                         NORMAL    RECORD    YEAR
 MAXIMUM TEMPERATURE (F)   61        79      1942
 MINIMUM TEMPERATURE (F)   38        18      1951


SUNRISE AND SUNSET
NOVEMBER 20 2017......SUNRISE   704 AM EST   SUNSET   515 PM EST
NOVEMBER 21 2017......SUNRISE   705 AM EST   SUNSET   514 PM EST


-  INDICATES NEGATIVE NUMBERS.
R  INDICATES RECORD WAS SET OR TIED.
MM INDICATES DATA IS MISSING.
T  INDICATES TRACE AMOUNT.




$$

LEC
