000
CDUS42 KGSP 200631
CLICLT

CLIMATE REPORT
NATIONAL WEATHER SERVICE GREENVILLE-SPARTANBURG SC
128 AM EST SAT JAN 20 2018


...................................

...THE CHARLOTTE NC CLIMATE SUMMARY FOR JANUARY 19 2018...

CLIMATE NORMAL PERIOD 1981 TO 2010
CLIMATE RECORD PERIOD 1878 TO 2018


WEATHER ITEM   OBSERVED TIME   RECORD YEAR NORMAL DEPARTURE LAST
                VALUE   (LST)  VALUE       VALUE  FROM      YEAR
                                                  NORMAL
..................................................................
TEMPERATURE (F)
 YESTERDAY
  MAXIMUM         56    310 PM  69    1929  51      5       66
                                      1907
  MINIMUM         22    733 AM   6    1994  30     -8       34
  AVERAGE         39                        40     -1       50

PRECIPITATION (IN)
  YESTERDAY        0.00          2.28 1936   0.11  -0.11     0.00
  MONTH TO DATE    0.96                      2.13  -1.17     2.71
  SINCE DEC 1      3.08                      5.38  -2.30     5.62
  SINCE JAN 1      0.96                      2.13  -1.17     2.71

SNOWFALL (IN)
  YESTERDAY        0.0           4.1  1955   0.1   -0.1      0.0
  MONTH TO DATE    3.9                       1.3    2.6      1.1
  SINCE DEC 1      4.0                       1.6    2.4      1.1
  SINCE JUL 1      4.0                       1.7    2.3      1.1
  SNOW DEPTH       0

DEGREE DAYS
 HEATING
  YESTERDAY       26                        25      1       15
  MONTH TO DATE  603                       475    128      352
  SINCE DEC 1   1215                      1176     39      977
  SINCE JUL 1   1741                      1812    -71     1395

 COOLING
  YESTERDAY        0                         0      0        0
  MONTH TO DATE    0                         0      0        0
  SINCE DEC 1      0                         1     -1        0
  SINCE JAN 1      0                         0      0        0
..................................................................


WIND (MPH)
  HIGHEST WIND SPEED     8   HIGHEST WIND DIRECTION     S (190)
  HIGHEST GUST SPEED    11   HIGHEST GUST DIRECTION     S (170)
  AVERAGE WIND SPEED     2.3


SKY COVER
  POSSIBLE SUNSHINE  MM
  AVERAGE SKY COVER 0.0


WEATHER CONDITIONS
 THE FOLLOWING WEATHER WAS RECORDED YESTERDAY.
  NO SIGNIFICANT WEATHER WAS OBSERVED.


RELATIVE HUMIDITY (PERCENT)
 HIGHEST    88           400 AM
 LOWEST     26           300 PM
 AVERAGE    57

..........................................................


THE CHARLOTTE NC CLIMATE NORMALS FOR TODAY
                         NORMAL    RECORD    YEAR
 MAXIMUM TEMPERATURE (F)   51        71      1951
                                             1929
                                             1927
 MINIMUM TEMPERATURE (F)   30        -2      1985


SUNRISE AND SUNSET
JANUARY 20 2018.......SUNRISE   730 AM EST   SUNSET   540 PM EST
JANUARY 21 2018.......SUNRISE   730 AM EST   SUNSET   541 PM EST


-  INDICATES NEGATIVE NUMBERS.
R  INDICATES RECORD WAS SET OR TIED.
MM INDICATES DATA IS MISSING.
T  INDICATES TRACE AMOUNT.




$$
