000
CDUS42 KGSP 282035 RRA
CLICLT

CLIMATE REPORT
NATIONAL WEATHER SERVICE GREENVILLE-SPARTANBURG SC
433 PM EDT SUN AUG 28 2016


...................................

...THE CHARLOTTE NC CLIMATE SUMMARY FOR AUGUST 28 2016...
VALID TODAY AS OF 430 PM LOCAL TIME.

CLIMATE NORMAL PERIOD 1981 TO 2010
CLIMATE RECORD PERIOD 1878 TO 2016


WEATHER ITEM   OBSERVED TIME   RECORD YEAR NORMAL DEPARTURE LAST
                VALUE   (LST)  VALUE       VALUE  FROM      YEAR
                                                  NORMAL
..................................................................
TEMPERATURE (F)
 TODAY
  MAXIMUM         92    244 PM  98    1924  86      6       87
  MINIMUM         72    607 AM  55    1905  66      6       63
  AVERAGE         82                        76      6       75

PRECIPITATION (IN)
  TODAY            0.36          4.64 1893   0.13   0.23     0.00
  MONTH TO DATE    1.88                      3.85  -1.97     3.73
  SINCE JUN 1      6.25                     11.27  -5.02     7.84
  SINCE JAN 1     21.54                     28.23  -6.69    22.31

SNOWFALL (IN)
  TODAY            0.0           0.0    MM   0.0    0.0      0.0
  MONTH TO DATE    0.0                       0.0    0.0      0.0
  SINCE JUN 1      0.0                       0.0    0.0      0.0
  SINCE JUL 1      0.0                       0.0    0.0      0.0
  SNOW DEPTH       0

DEGREE DAYS
 HEATING
  TODAY            0                         0      0        0
  MONTH TO DATE    0                         0      0        0
  SINCE JUN 1      0                         3     -3        0
  SINCE JUL 1      0                         0      0        0

 COOLING
  TODAY           17                        11      6       10
  MONTH TO DATE  501                       350    151      422
  SINCE JUN 1   1474                      1081    393     1417
  SINCE JAN 1   1719                      1244    475     1710
..................................................................


WIND (MPH)
  HIGHEST WIND SPEED    15   HIGHEST WIND DIRECTION    SE (130)
  HIGHEST GUST SPEED    23   HIGHEST GUST DIRECTION    NE (60)
  AVERAGE WIND SPEED     6.9


SKY COVER
  POSSIBLE SUNSHINE  MM
  AVERAGE SKY COVER 0.5


WEATHER CONDITIONS
 THE FOLLOWING WEATHER WAS RECORDED TODAY.
  THUNDERSTORM
  RAIN
  LIGHT RAIN
  FOG


RELATIVE HUMIDITY (PERCENT)
 HIGHEST    93           600 AM
 LOWEST     38           300 PM
 AVERAGE    66

..........................................................


THE CHARLOTTE NC CLIMATE NORMALS FOR TOMORROW
                         NORMAL    RECORD    YEAR
 MAXIMUM TEMPERATURE (F)   86       100      1948
 MINIMUM TEMPERATURE (F)   66        54      1986
                                             1968


SUNRISE AND SUNSET
AUGUST 28 2016........SUNRISE   654 AM EDT   SUNSET   755 PM EDT
AUGUST 29 2016........SUNRISE   654 AM EDT   SUNSET   754 PM EDT


-  INDICATES NEGATIVE NUMBERS.
R  INDICATES RECORD WAS SET OR TIED.
MM INDICATES DATA IS MISSING.
T  INDICATES TRACE AMOUNT.




$$
