000
CDUS42 KGSP 280631
CLICLT

CLIMATE REPORT
NATIONAL WEATHER SERVICE GREENVILLE-SPARTANBURG SC
126 AM EST WED JAN 28 2015


...................................

...THE CHARLOTTE NC CLIMATE SUMMARY FOR JANUARY 27 2015...

CLIMATE NORMAL PERIOD 1981 TO 2010
CLIMATE RECORD PERIOD 1878 TO 2015


WEATHER ITEM   OBSERVED TIME   RECORD YEAR NORMAL DEPARTURE LAST
                VALUE   (LST)  VALUE       VALUE  FROM      YEAR
                                                  NORMAL
..................................................................
TEMPERATURE (F)
 YESTERDAY
  MAXIMUM         48    335 PM  75    1890  52     -4       64
  MINIMUM         29    657 AM   6    1940  30     -1       38
  AVERAGE         39                        41     -2       51

PRECIPITATION (IN)
  YESTERDAY        0.00          1.51 1996   0.10  -0.10      T
  MONTH TO DATE    2.80                      2.98  -0.18     2.80
  SINCE DEC 1      5.37                      6.23  -0.86     9.93
  SINCE JAN 1      2.80                      2.98  -0.18     2.80

SNOWFALL (IN)
  YESTERDAY        0.0           1.5  1921   0.0    0.0      0.0
  MONTH TO DATE    0.0                       1.8   -1.8      0.0
  SINCE DEC 1      0.0                       2.1   -2.1      0.0
  SINCE JUL 1      T                         2.2   -2.2       T
  SNOW DEPTH       0

DEGREE DAYS
 HEATING
  YESTERDAY       26                        24      2       14
  MONTH TO DATE  646                       672    -26      755
  SINCE DEC 1   1236                      1373   -137     1332
  SINCE JUL 1   1894                      2009   -115     1982

 COOLING
  YESTERDAY        0                         0      0        0
  MONTH TO DATE    0                         0      0        0
  SINCE DEC 1      0                         1     -1        8
  SINCE JAN 1      0                         0      0        0
..................................................................


WIND (MPH)
  HIGHEST WIND SPEED    18   HIGHEST WIND DIRECTION    NW (310)
  HIGHEST GUST SPEED    24   HIGHEST GUST DIRECTION    NW (320)
  AVERAGE WIND SPEED     8.0


SKY COVER
  POSSIBLE SUNSHINE  MM
  AVERAGE SKY COVER 0.3


WEATHER CONDITIONS
 THE FOLLOWING WEATHER WAS RECORDED YESTERDAY.
  NO SIGNIFICANT WEATHER WAS OBSERVED.


RELATIVE HUMIDITY (PERCENT)
 HIGHEST    63           300 AM
 LOWEST     28           200 PM
 AVERAGE    46

..........................................................


THE CHARLOTTE NC CLIMATE NORMALS FOR TODAY
                         NORMAL    RECORD    YEAR
 MAXIMUM TEMPERATURE (F)   52        79      1944
 MINIMUM TEMPERATURE (F)   30         5      1986


SUNRISE AND SUNSET
JANUARY 28 2015.......SUNRISE   726 AM EST   SUNSET   548 PM EST
JANUARY 29 2015.......SUNRISE   725 AM EST   SUNSET   549 PM EST


-  INDICATES NEGATIVE NUMBERS.
R  INDICATES RECORD WAS SET OR TIED.
MM INDICATES DATA IS MISSING.
T  INDICATES TRACE AMOUNT.

$$
07
