000
CDUS46 KLOX 310900
CLICMA


CLIMATE REPORT
NATIONAL WEATHER SERVICE LOS ANGELES/OXNARD CA
200 AM PDT FRI OCT 31 2014


...................................

...THE CAMARILLO AIRPORT CA CLIMATE SUMMARY FOR OCTOBER 30 2014...

CLIMATE NORMAL PERIOD 1981 TO 2010
CLIMATE RECORD PERIOD 1948 TO 2014


WEATHER ITEM   OBSERVED TIME   RECORD YEAR NORMAL DEPARTURE LAST
                VALUE   (LST)  VALUE       VALUE  FROM      YEAR
                                                  NORMAL
..................................................................
TEMPERATURE (F)
 YESTERDAY
  MAXIMUM         75   1107 AM  93    1962  72      3       70
  MINIMUM         52    630 AM  37    1971  51      1       46
  AVERAGE         64                        62      2       58

PRECIPITATION (IN)
  YESTERDAY        0.00          0.77 1996   0.03  -0.03     0.00
  MONTH TO DATE    0.00                      0.59  -0.59      T
  SINCE JUL 1      0.03                      0.83  -0.80     0.04
  SINCE JAN 1      4.22                     11.81  -7.59     2.19

SNOWFALL (IN)
  YESTERDAY        0.0
  MONTH TO DATE    0.0
  SINCE SEP 1      0.0
  SINCE JUL 1      0.0

DEGREE DAYS
 HEATING
  YESTERDAY        1                         4     -3        7
  MONTH TO DATE    5                        87    -82       99
  SINCE SEP 1      5                       104    -99      101
  SINCE JUL 1      5                       119   -114      104

 COOLING
  YESTERDAY        0                         1     -1        0
  MONTH TO DATE   85                        30     55       41
  SINCE SEP 1    338                       101    237      154
  SINCE JAN 1    975                       313    662      623
..................................................................


WIND (MPH)
  HIGHEST WIND SPEED    17   HIGHEST WIND DIRECTION    SW (230)
  HIGHEST GUST SPEED    24   HIGHEST GUST DIRECTION    SW (230)
  AVERAGE WIND SPEED     5.2


SKY COVER
  POSSIBLE SUNSHINE  MM
  AVERAGE SKY COVER 0.0


WEATHER CONDITIONS
 THE FOLLOWING WEATHER WAS RECORDED YESTERDAY.
  NO SIGNIFICANT WEATHER WAS OBSERVED.


RELATIVE HUMIDITY (PERCENT)
 HIGHEST    84           700 PM
 LOWEST     44           900 AM
 AVERAGE    64

..........................................................


THE CAMARILLO AIRPORT CA CLIMATE NORMALS FOR TODAY
                         NORMAL    RECORD    YEAR
 MAXIMUM TEMPERATURE (F)   72        95      1967
 MINIMUM TEMPERATURE (F)   51        35      1961


SUNRISE AND SUNSET
OCTOBER 31 2014.......SUNRISE   715 AM PDT   SUNSET   604 PM PDT
NOVEMBER  1 2014......SUNRISE   716 AM PDT   SUNSET   603 PM PDT


-  INDICATES NEGATIVE NUMBERS.
R  INDICATES RECORD WAS SET OR TIED.
MM INDICATES DATA IS MISSING.
T  INDICATES TRACE AMOUNT.




$$
