000
CDUS46 KLOX 180114
CLICMA


CLIMATE REPORT
NATIONAL WEATHER SERVICE LOS ANGELES/OXNARD CA
514 PM PST WED DEC 17 2014


...................................

...THE CAMARILLO CLIMATE SUMMARY FOR DECEMBER 17 2014...
VALID TODAY AS OF 0500 PM LOCAL TIME.

CLIMATE NORMAL PERIOD 1981 TO 2010
CLIMATE RECORD PERIOD 1948 TO 2014


WEATHER ITEM   OBSERVED TIME   RECORD YEAR NORMAL DEPARTURE LAST
                VALUE   (LST)  VALUE       VALUE  FROM      YEAR
                                                  NORMAL
..................................................................
TEMPERATURE (F)
 TODAY
  MAXIMUM         64   1238 PM  87    1980  65     -1       77
  MINIMUM         48    716 AM  34    2006  42      6       59
  AVERAGE         56                        53      3       68

PRECIPITATION (IN)
  TODAY            0.23          1.29 1948   0.06   0.17     0.00
  MONTH TO DATE    4.08                      0.71   3.37     0.22
  SINCE JUL 1      4.94                      2.89   2.05     0.82
  SINCE JAN 1      9.13                     13.87  -4.74     2.97

SNOWFALL (IN)
  TODAY           MM
  MONTH TO DATE    0.0
  SINCE DEC 1      0.0
  SINCE JUL 1      0.0

DEGREE DAYS
 HEATING
  TODAY            9                        12     -3        0
  MONTH TO DATE   85                       189   -104      180
  SINCE DEC 1     85                       189   -104      180
  SINCE JUL 1    172                       521   -349      404

 COOLING
  TODAY            0                         0      0        3
  MONTH TO DATE    0                         0      0       12
  SINCE DEC 1      0                         0      0       12
  SINCE JAN 1   1009                       330    679      646
..................................................................


WIND (MPH)
  HIGHEST WIND SPEED    17   HIGHEST WIND DIRECTION     W (280)
  HIGHEST GUST SPEED    19   HIGHEST GUST DIRECTION     W (290)
  AVERAGE WIND SPEED     6.6


SKY COVER
  POSSIBLE SUNSHINE  MM
  AVERAGE SKY COVER 0.4


WEATHER CONDITIONS
 THE FOLLOWING WEATHER WAS RECORDED TODAY.
  THUNDERSTORM
  HEAVY RAIN
  RAIN
  LIGHT RAIN
  FOG


RELATIVE HUMIDITY (PERCENT)
 HIGHEST    96           400 AM
 LOWEST     48           200 PM
 AVERAGE    72

..........................................................


THE CAMARILLO CLIMATE NORMALS FOR TOMORROW
                         NORMAL    RECORD    YEAR
 MAXIMUM TEMPERATURE (F)   65        83      1985
 MINIMUM TEMPERATURE (F)   42        33      1960


SUNRISE AND SUNSET
DECEMBER 17 2014......SUNRISE   656 AM PST   SUNSET   449 PM PST
DECEMBER 18 2014......SUNRISE   657 AM PST   SUNSET   449 PM PST


-  INDICATES NEGATIVE NUMBERS.
R  INDICATES RECORD WAS SET OR TIED.
MM INDICATES DATA IS MISSING.
T  INDICATES TRACE AMOUNT.




$$
