000
CDUS46 KLOX 210112
CLICMA


CLIMATE REPORT
NATIONAL WEATHER SERVICE LOS ANGELES/OXNARD CA
612 PM PDT WED AUG 20 2014


...................................

...THE CAMARILLO CLIMATE SUMMARY FOR AUGUST 20 2014...
VALID TODAY AS OF 0600 PM LOCAL TIME.

CLIMATE NORMAL PERIOD 1981 TO 2010
CLIMATE RECORD PERIOD 1948 TO 2014


WEATHER ITEM   OBSERVED TIME   RECORD YEAR NORMAL DEPARTURE LAST
                VALUE   (LST)  VALUE       VALUE  FROM      YEAR
                                                  NORMAL
..................................................................
TEMPERATURE (F)
 TODAY
  MAXIMUM         80    234 PM  83    1986  77      3       75
  MINIMUM         68    511 AM  50    1953  59      9       61
  AVERAGE         74                        68      6       68

PRECIPITATION (IN)
  TODAY            0.00          0.09 1983   0.00   0.00     0.00
  MONTH TO DATE    0.03                      0.02   0.01     0.00
  SINCE JUL 1      0.03                      0.04  -0.01     0.04
  SINCE JAN 1      4.22                     11.02  -6.80     2.19

SNOWFALL (IN)
  TODAY            0.0
  MONTH TO DATE    0.0
  SINCE JUN 1      0.0
  SINCE JUL 1      0.0

DEGREE DAYS
 HEATING
  TODAY            0                         0      0        0
  MONTH TO DATE    0                         0      0        1
  SINCE JUN 1     12                        53    -41        3
  SINCE JUL 1      0                        10    -10        3

 COOLING
  TODAY            9                         3      6        3
  MONTH TO DATE  130                        60     70       38
  SINCE JUN 1    400                       154    246      301
  SINCE JAN 1    548                       185    363      407
..................................................................


WIND (MPH)
  HIGHEST WIND SPEED    14   HIGHEST WIND DIRECTION     W (270)
  HIGHEST GUST SPEED    21   HIGHEST GUST DIRECTION    SW (220)
  AVERAGE WIND SPEED     4.8


SKY COVER
  POSSIBLE SUNSHINE  MM
  AVERAGE SKY COVER 0.5


WEATHER CONDITIONS
 THE FOLLOWING WEATHER WAS RECORDED TODAY.
  NO SIGNIFICANT WEATHER WAS OBSERVED.


RELATIVE HUMIDITY (PERCENT)
 HIGHEST    76           100 AM
 LOWEST     48          1200 PM
 AVERAGE    62

..........................................................


THE CAMARILLO CLIMATE NORMALS FOR TOMORROW
                         NORMAL    RECORD    YEAR
 MAXIMUM TEMPERATURE (F)   77        83      1949
 MINIMUM TEMPERATURE (F)   59        50      1953


SUNRISE AND SUNSET
AUGUST 20 2014........SUNRISE   621 AM PDT   SUNSET   738 PM PDT
AUGUST 21 2014........SUNRISE   622 AM PDT   SUNSET   736 PM PDT


-  INDICATES NEGATIVE NUMBERS.
R  INDICATES RECORD WAS SET OR TIED.
MM INDICATES DATA IS MISSING.
T  INDICATES TRACE AMOUNT.




$$
