208
CDUS46 KLOX 210911
CLICMA


CLIMATE REPORT
NATIONAL WEATHER SERVICE LOS ANGELES/OXNARD CA
111 AM PST WED FEB 21 2018


...................................

...THE CAMARILLO AIRPORT CA CLIMATE SUMMARY FOR FEBRUARY 20 2018...

CLIMATE NORMAL PERIOD 1981 TO 2010
CLIMATE RECORD PERIOD 1923 TO 2018


WEATHER ITEM   OBSERVED TIME   RECORD YEAR NORMAL DEPARTURE LAST
                VALUE   (LST)  VALUE       VALUE  FROM      YEAR
                                                  NORMAL
..................................................................
TEMPERATURE (F)
 YESTERDAY
  MAXIMUM         61   1240 PM  90    1995  65     -4       60
  MINIMUM         35    555 AM  30    1955  42     -7       53
  AVERAGE         48                        54     -6       57

PRECIPITATION (IN)
  YESTERDAY        0.00          1.80 1996   0.16  -0.16     0.17
  MONTH TO DATE    0.12                      2.57  -2.45     5.85
  SINCE OCT 1      1.21                     10.04  -8.83    18.76
  SINCE JAN 1      1.14                      6.04  -4.90    14.10

SNOWFALL (IN)
  YESTERDAY        0.0
  MONTH TO DATE    0.0
  SINCE DEC 1      0.0
  SINCE JUL 1      0.0

DEGREE DAYS
 HEATING
  YESTERDAY       17                        11      6        8
  MONTH TO DATE  126                       230   -104      135
  SINCE DEC 1    465                       917   -452      721
  SINCE JUL 1    552                      1249   -697      884

 COOLING
  YESTERDAY        0                         0      0        0
  MONTH TO DATE    3                         0      3        0
  SINCE DEC 1     69                         9     60        6
  SINCE JAN 1     42                         7     35        1
..................................................................


WIND (MPH)
  HIGHEST WIND SPEED    20   HIGHEST WIND DIRECTION     E (70)
  HIGHEST GUST SPEED    23   HIGHEST GUST DIRECTION    NE (50)
  AVERAGE WIND SPEED     8.3


SKY COVER
  POSSIBLE SUNSHINE  MM
  AVERAGE SKY COVER 0.0


WEATHER CONDITIONS
 THE FOLLOWING WEATHER WAS RECORDED YESTERDAY.
  NO SIGNIFICANT WEATHER WAS OBSERVED.


RELATIVE HUMIDITY (PERCENT)
 HIGHEST    52           400 AM
 LOWEST     11          1200 PM
 AVERAGE    32

..........................................................


THE CAMARILLO AIRPORT CA CLIMATE NORMALS FOR TODAY
                         NORMAL    RECORD    YEAR
 MAXIMUM TEMPERATURE (F)   65        88      2002
 MINIMUM TEMPERATURE (F)   43        33      1960


SUNRISE AND SUNSET
FEBRUARY 21 2018......SUNRISE   635 AM PST   SUNSET   546 PM PST
FEBRUARY 22 2018......SUNRISE   633 AM PST   SUNSET   547 PM PST


-  INDICATES NEGATIVE NUMBERS.
R  INDICATES RECORD WAS SET OR TIED.
MM INDICATES DATA IS MISSING.
T  INDICATES TRACE AMOUNT.




$$
