430
CDUS46 KLOX 230915
CLICMA


CLIMATE REPORT
NATIONAL WEATHER SERVICE LOS ANGELES/OXNARD CA
215 AM PDT THU MAR 23 2017


...................................

...THE CAMARILLO AIRPORT CA CLIMATE SUMMARY FOR MARCH 22 2017...

CLIMATE NORMAL PERIOD 1981 TO 2010
CLIMATE RECORD PERIOD 1948 TO 2017


WEATHER ITEM   OBSERVED TIME   RECORD YEAR NORMAL DEPARTURE LAST
                VALUE   (LST)  VALUE       VALUE  FROM      YEAR
                                                  NORMAL
..................................................................
TEMPERATURE (F)
 YESTERDAY
  MAXIMUM         67    126 PM  88    2008  66      1       72
  MINIMUM         50   1159 PM  37    2006  48      2       47
  AVERAGE         59                        57      2       60

PRECIPITATION (IN)
  YESTERDAY        0.00          1.26 1978   0.03  -0.03     0.00
  MONTH TO DATE    0.20                      2.34  -2.14     1.91
  SINCE OCT 1     19.21                     13.52   5.69     5.41
  SINCE JAN 1     14.55                      9.52   5.03     4.85

SNOWFALL (IN)
  YESTERDAY        0.0
  MONTH TO DATE    0.0
  SINCE MAR 1      0.0
  SINCE JUL 1      0.0

DEGREE DAYS
 HEATING
  YESTERDAY        6                         8     -2        5
  MONTH TO DATE  112                       205    -93      130
  SINCE MAR 1    112                       205    -93      130
  SINCE JUL 1   1100                      1541   -441      947

 COOLING
  YESTERDAY        0                         0      0        0
  MONTH TO DATE    1                         0      1        1
  SINCE MAR 1      1                         0      1        1
  SINCE JAN 1      2                         9     -7       59
..................................................................


WIND (MPH)
  HIGHEST WIND SPEED    25   HIGHEST WIND DIRECTION     W (260)
  HIGHEST GUST SPEED    32   HIGHEST GUST DIRECTION     W (270)
  AVERAGE WIND SPEED    10.4


SKY COVER
  POSSIBLE SUNSHINE  MM
  AVERAGE SKY COVER 0.6


WEATHER CONDITIONS
 THE FOLLOWING WEATHER WAS RECORDED YESTERDAY.
  FOG
  FOG W/VISIBILITY <= 1/4 MILE
  HAZE


RELATIVE HUMIDITY (PERCENT)
 HIGHEST   100           500 AM
 LOWEST     58           100 PM
 AVERAGE    79

..........................................................


THE CAMARILLO AIRPORT CA CLIMATE NORMALS FOR TODAY
                         NORMAL    RECORD    YEAR
 MAXIMUM TEMPERATURE (F)   66        89      2008
 MINIMUM TEMPERATURE (F)   48        35      2009


SUNRISE AND SUNSET
MARCH 23 2017.........SUNRISE   655 AM PDT   SUNSET   711 PM PDT
MARCH 24 2017.........SUNRISE   654 AM PDT   SUNSET   711 PM PDT


-  INDICATES NEGATIVE NUMBERS.
R  INDICATES RECORD WAS SET OR TIED.
MM INDICATES DATA IS MISSING.
T  INDICATES TRACE AMOUNT.




$$
