000
CDUS46 KLOX 020903
CLICMA


CLIMATE REPORT
NATIONAL WEATHER SERVICE LOS ANGELES/OXNARD CA
203 AM PDT WED SEP 2 2015


...................................

...THE CAMARILLO AIRPORT CA CLIMATE SUMMARY FOR SEPTEMBER 1 2015...

CLIMATE NORMAL PERIOD 1981 TO 2010
CLIMATE RECORD PERIOD 1948 TO 2015


WEATHER ITEM   OBSERVED TIME   RECORD YEAR NORMAL DEPARTURE LAST
                VALUE   (LST)  VALUE       VALUE  FROM      YEAR
                                                  NORMAL
..................................................................
TEMPERATURE (F)
 YESTERDAY
  MAXIMUM         81   1238 PM 100    1955  77      4       84
  MINIMUM         63    537 AM  50    1970  59      4       65
  AVERAGE         72                        68      4       75

PRECIPITATION (IN)
  YESTERDAY        0.00          0.10 1967   0.00   0.00     0.00
  MONTH TO DATE    0.00                      0.00   0.00     0.00
  SINCE OCT 1      8.96                     15.04  -6.08     5.00
  SINCE JAN 1      4.05                     11.04  -6.99     4.22

SNOWFALL (IN)
  YESTERDAY        0.0
  MONTH TO DATE    0.0
  SINCE SEP 1      0.0
  SINCE JUL 1      0.0

DEGREE DAYS
 HEATING
  YESTERDAY        0                         0      0        0
  MONTH TO DATE    0                         0      0        0
  SINCE SEP 1      0                         0      0        0
  SINCE JUL 1      0                        15    -15        0

 COOLING
  YESTERDAY        7                         3      4       10
  MONTH TO DATE    7                         3      4       10
  SINCE SEP 1      7                         3      4       10
  SINCE JAN 1    612                       215    397      647
..................................................................


WIND (MPH)
  HIGHEST WIND SPEED    15   HIGHEST WIND DIRECTION    SW (220)
  HIGHEST GUST SPEED    20   HIGHEST GUST DIRECTION     S (200)
  AVERAGE WIND SPEED     6.5


SKY COVER
  POSSIBLE SUNSHINE  MM
  AVERAGE SKY COVER 0.3


WEATHER CONDITIONS
 THE FOLLOWING WEATHER WAS RECORDED YESTERDAY.
  FOG


RELATIVE HUMIDITY (PERCENT)
 HIGHEST    84           300 AM
 LOWEST     51          1200 PM
 AVERAGE    68

..........................................................


THE CAMARILLO AIRPORT CA CLIMATE NORMALS FOR TODAY
                         NORMAL    RECORD    YEAR
 MAXIMUM TEMPERATURE (F)   77        98      1955
 MINIMUM TEMPERATURE (F)   59        46      1964


SUNRISE AND SUNSET
SEPTEMBER  2 2015.....SUNRISE   630 AM PDT   SUNSET   721 PM PDT
SEPTEMBER  3 2015.....SUNRISE   631 AM PDT   SUNSET   720 PM PDT


-  INDICATES NEGATIVE NUMBERS.
R  INDICATES RECORD WAS SET OR TIED.
MM INDICATES DATA IS MISSING.
T  INDICATES TRACE AMOUNT.




$$
