000
CDUS46 KLOX 210907
CLICMA


CLIMATE REPORT
NATIONAL WEATHER SERVICE LOS ANGELES/OXNARD CA
207 AM PDT SUN SEP 21 2014


...................................

...THE CAMARILLO AIRPORT CA CLIMATE SUMMARY FOR SEPTEMBER 20 2014...

CLIMATE NORMAL PERIOD 1981 TO 2010
CLIMATE RECORD PERIOD 1948 TO 2014


WEATHER ITEM   OBSERVED TIME   RECORD YEAR NORMAL DEPARTURE LAST
                VALUE   (LST)  VALUE       VALUE  FROM      YEAR
                                                  NORMAL
..................................................................
TEMPERATURE (F)
 YESTERDAY
  MAXIMUM         81    121 PM  85    1979  76      5       71
  MINIMUM         63    355 AM  43    1954  57      6       63
  AVERAGE         72                        66      6       67

PRECIPITATION (IN)
  YESTERDAY        0.00          0.02 2005   0.01  -0.01     0.00
  MONTH TO DATE    T                         0.09  -0.09     0.00
  SINCE JUL 1      0.03                      0.15  -0.12     0.04
  SINCE JAN 1      4.22                     11.13  -6.91     2.19

SNOWFALL (IN)
  YESTERDAY        0.0
  MONTH TO DATE    0.0
  SINCE SEP 1      0.0
  SINCE JUL 1      0.0

DEGREE DAYS
 HEATING
  YESTERDAY        0                         1     -1        0
  MONTH TO DATE    0                         2     -2        0
  SINCE SEP 1      0                         2     -2        0
  SINCE JUL 1      0                        17    -17        3

 COOLING
  YESTERDAY        7                         2      5        2
  MONTH TO DATE  192                        53    139       96
  SINCE SEP 1    192                        53    139       96
  SINCE JAN 1    829                       265    564      565
..................................................................


WIND (MPH)
  HIGHEST WIND SPEED    15   HIGHEST WIND DIRECTION    SW (210)
  HIGHEST GUST SPEED    25   HIGHEST GUST DIRECTION    SW (240)
  AVERAGE WIND SPEED     4.4


SKY COVER
  POSSIBLE SUNSHINE  MM
  AVERAGE SKY COVER 0.3


WEATHER CONDITIONS
 THE FOLLOWING WEATHER WAS RECORDED YESTERDAY.
  NO SIGNIFICANT WEATHER WAS OBSERVED.


RELATIVE HUMIDITY (PERCENT)
 HIGHEST    78          1200 AM
 LOWEST     51          1200 PM
 AVERAGE    65

..........................................................


THE CAMARILLO AIRPORT CA CLIMATE NORMALS FOR TODAY
                         NORMAL    RECORD    YEAR
 MAXIMUM TEMPERATURE (F)   76        90      2004
 MINIMUM TEMPERATURE (F)   56        46      1968


SUNRISE AND SUNSET
SEPTEMBER 21 2014.....SUNRISE   644 AM PDT   SUNSET   654 PM PDT
SEPTEMBER 22 2014.....SUNRISE   644 AM PDT   SUNSET   653 PM PDT


-  INDICATES NEGATIVE NUMBERS.
R  INDICATES RECORD WAS SET OR TIED.
MM INDICATES DATA IS MISSING.
T  INDICATES TRACE AMOUNT.




$$
