264
CDUS41 KILN 280621
CLICMH


CLIMATE REPORT
NATIONAL WEATHER SERVICE WILMINGTON OH
220 AM EDT WED SEP 28 2016


...................................

...THE COLUMBUS OH CLIMATE SUMMARY FOR SEPTEMBER 27 2016...

CLIMATE NORMAL PERIOD 1981 TO 2010
CLIMATE RECORD PERIOD 1869 TO 2016


WEATHER ITEM   OBSERVED TIME   RECORD YEAR NORMAL DEPARTURE LAST
                VALUE   (LST)  VALUE       VALUE  FROM      YEAR
                                                  NORMAL
..................................................................
TEMPERATURE (F)
 YESTERDAY
  MAXIMUM         74    258 PM  90    1998  73      1       77
                                      1891
  MINIMUM         49    707 AM  36    1991  52     -3       63
  AVERAGE         62                        62      0       70

PRECIPITATION (IN)
  YESTERDAY        0.00          1.29 1886   0.09  -0.09      T
  MONTH TO DATE    2.25                      2.58  -0.33     2.02
  SINCE SEP 1      2.25                      2.58  -0.33     2.02
  SINCE JAN 1     29.51                     30.27  -0.76    33.88

SNOWFALL (IN)
  YESTERDAY        0.0          MM      MM   0.0    0.0      0.0
  MONTH TO DATE    0.0                       0.0    0.0      0.0
  SINCE SEP 1      0.0                       0.0    0.0      0.0
  SINCE JUL 1      0.0                       0.0    0.0      0.0
  SNOW DEPTH       0

DEGREE DAYS
 HEATING
  YESTERDAY        3                         5     -2        0
  MONTH TO DATE    6                        53    -47       17
  SINCE SEP 1      6                        53    -47       17
  SINCE JUL 1      6                        53    -47       22

 COOLING
  YESTERDAY        0                         2     -2        5
  MONTH TO DATE  188                       116     72      156
  SINCE SEP 1    188                       116     72      156
  SINCE JAN 1   1281                      1005    276     1012
..................................................................


WIND (MPH)
  RESULTANT WIND SPEED   8   RESULTANT WIND DIRECTION  SW (210)
  HIGHEST WIND SPEED    24   HIGHEST WIND DIRECTION    SW (230)
  HIGHEST GUST SPEED    31   HIGHEST GUST DIRECTION    SW (240)
  AVERAGE WIND SPEED     9.2


SKY COVER
  POSSIBLE SUNSHINE  MM
  AVERAGE SKY COVER 0.2


WEATHER CONDITIONS
 THE FOLLOWING WEATHER WAS RECORDED YESTERDAY.
  NO SIGNIFICANT WEATHER WAS OBSERVED.


RELATIVE HUMIDITY (PERCENT)
 HIGHEST   100           200 AM
 LOWEST     29           200 PM
 AVERAGE    65

..........................................................


THE COLUMBUS OH CLIMATE NORMALS FOR TODAY
                         NORMAL    RECORD    YEAR
 MAXIMUM TEMPERATURE (F)   72        92      1959
 MINIMUM TEMPERATURE (F)   51        36      1942


SUNRISE AND SUNSET
SEPTEMBER 28 2016.....SUNRISE   725 AM EDT   SUNSET   718 PM EDT
SEPTEMBER 29 2016.....SUNRISE   726 AM EDT   SUNSET   716 PM EDT


-  INDICATES NEGATIVE NUMBERS.
R  INDICATES RECORD WAS SET OR TIED.
MM INDICATES DATA IS MISSING.
T  INDICATES TRACE AMOUNT.




$$
