000
CDUS41 KILN 230648
CLICMH


CLIMATE REPORT
NATIONAL WEATHER SERVICE WILMINGTON OH
148 AM EST MON JAN 23 2017


...................................

...THE COLUMBUS OH CLIMATE SUMMARY FOR JANUARY 22 2017...

CLIMATE NORMAL PERIOD 1981 TO 2010
CLIMATE RECORD PERIOD 1869 TO 2017


WEATHER ITEM   OBSERVED TIME   RECORD YEAR NORMAL DEPARTURE LAST
                VALUE   (LST)  VALUE       VALUE  FROM      YEAR
                                                  NORMAL
..................................................................
TEMPERATURE (F)
 YESTERDAY
  MAXIMUM         64    328 PM  71    1906  37     27       28
  MINIMUM         44    558 AM -16    1936  22     22       18
  AVERAGE         54                        29     25       23

PRECIPITATION (IN)
  YESTERDAY        0.01          1.33 1937   0.09  -0.08      T
  MONTH TO DATE    2.50                      1.98   0.52     1.06
  SINCE DEC 1      5.59                      4.95   0.64     5.94
  SINCE JAN 1      2.50                      1.98   0.52     1.06

SNOWFALL (IN)
  YESTERDAY        0.0           5.9  1966   0.3   -0.3       T
  MONTH TO DATE    0.9                       6.6   -5.7      5.0
  SINCE DEC 1      6.3                      11.6   -5.3      5.0
  SINCE JUL 1      6.3                      12.7   -6.4      5.0
  SNOW DEPTH       0

DEGREE DAYS
 HEATING
  YESTERDAY       11                        36    -25       42
  MONTH TO DATE  597                       785   -188      849
  SINCE DEC 1   1598                      1762   -164     1473
  SINCE JUL 1   2364                      2776   -412     2278

 COOLING
  YESTERDAY        0                         0      0        0
  MONTH TO DATE    0                         0      0        0
  SINCE DEC 1      0                         0      0        0
  SINCE JAN 1      0                         0      0        0
..................................................................


WIND (MPH)
  RESULTANT WIND SPEED   7   RESULTANT WIND DIRECTION  NE (60)
  HIGHEST WIND SPEED    16   HIGHEST WIND DIRECTION    NE (60)
  HIGHEST GUST SPEED    23   HIGHEST GUST DIRECTION    NE (50)
  AVERAGE WIND SPEED     7.4


SKY COVER
  POSSIBLE SUNSHINE  MM
  AVERAGE SKY COVER 0.8


WEATHER CONDITIONS
 THE FOLLOWING WEATHER WAS RECORDED YESTERDAY.
  LIGHT RAIN
  FOG


RELATIVE HUMIDITY (PERCENT)
 HIGHEST    93           300 AM
 LOWEST     52           300 PM
 AVERAGE    73

..........................................................


THE COLUMBUS OH CLIMATE NORMALS FOR TODAY
                         NORMAL    RECORD    YEAR
 MAXIMUM TEMPERATURE (F)   37        68      1967
 MINIMUM TEMPERATURE (F)   22       -15      1936


SUNRISE AND SUNSET
JANUARY 23 2017.......SUNRISE   747 AM EST   SUNSET   540 PM EST
JANUARY 24 2017.......SUNRISE   746 AM EST   SUNSET   541 PM EST


-  INDICATES NEGATIVE NUMBERS.
R  INDICATES RECORD WAS SET OR TIED.
MM INDICATES DATA IS MISSING.
T  INDICATES TRACE AMOUNT.




$$
