000
CDUS41 KILN 260602
CLICMH


CLIMATE REPORT
NATIONAL WEATHER SERVICE WILMINGTON OH
202 AM EDT SAT JUL 26 2014


...................................

...THE COLUMBUS OH CLIMATE SUMMARY FOR JULY 25 2014...

CLIMATE NORMAL PERIOD 1981 TO 2010
CLIMATE RECORD PERIOD 1869 TO 2014


WEATHER ITEM   OBSERVED TIME   RECORD YEAR NORMAL DEPARTURE LAST
                VALUE   (LST)  VALUE       VALUE  FROM      YEAR
                                                  NORMAL
..................................................................
TEMPERATURE (F)
 YESTERDAY
  MAXIMUM         81    314 PM 104    1934  85     -4       79
  MINIMUM         55    542 AM  52    1911  66    -11       56
  AVERAGE         68                        75     -7       68

PRECIPITATION (IN)
  YESTERDAY        0.00          1.61 1945   0.16  -0.16     0.00
  MONTH TO DATE    2.47                      3.94  -1.47     6.26
  SINCE JUN 1      7.76                      7.95  -0.19    10.72
  SINCE JAN 1     24.61                     23.52   1.09    23.19

SNOWFALL (IN)
  YESTERDAY        0.0           0.0    MM   0.0    0.0      0.0
  MONTH TO DATE    0.0                       0.0    0.0      0.0
  SINCE JUN 1      0.0                       0.0    0.0      0.0
  SINCE JUL 1      0.0                       0.0    0.0      0.0
  SNOW DEPTH       0

DEGREE DAYS
 HEATING
  YESTERDAY        0                         0      0        0
  MONTH TO DATE    0                         0      0        0
  SINCE JUN 1      1                        19    -18        6
  SINCE JUL 1      0                         0      0        0

 COOLING
  YESTERDAY        3                        10     -7        3
  MONTH TO DATE  212                       250    -38      299
  SINCE JUN 1    501                       466     35      537
  SINCE JAN 1    656                       548    108      698
..................................................................


WIND (MPH)
  RESULTANT WIND SPEED   1   RESULTANT WIND DIRECTION   S (190)
  HIGHEST WIND SPEED    13   HIGHEST WIND DIRECTION     S (160)
  HIGHEST GUST SPEED    17   HIGHEST GUST DIRECTION     S (160)
  AVERAGE WIND SPEED     3.2


SKY COVER
  POSSIBLE SUNSHINE  MM
  AVERAGE SKY COVER 0.5


WEATHER CONDITIONS
 THE FOLLOWING WEATHER WAS RECORDED YESTERDAY.
  NO SIGNIFICANT WEATHER WAS OBSERVED.


RELATIVE HUMIDITY (PERCENT)
 HIGHEST    83           400 AM
 LOWEST     40           200 PM
 AVERAGE    62

..........................................................


THE COLUMBUS OH CLIMATE NORMALS FOR TODAY
                         NORMAL    RECORD    YEAR
 MAXIMUM TEMPERATURE (F)   85       102      1934
 MINIMUM TEMPERATURE (F)   66        52      1911


SUNRISE AND SUNSET
JULY 26 2014..........SUNRISE   624 AM EDT   SUNSET   851 PM EDT
JULY 27 2014..........SUNRISE   625 AM EDT   SUNSET   850 PM EDT


-  INDICATES NEGATIVE NUMBERS.
R  INDICATES RECORD WAS SET OR TIED.
MM INDICATES DATA IS MISSING.
T  INDICATES TRACE AMOUNT.




$$
