000
CDUS41 KILN 170548
CLICMH


CLIMATE REPORT
NATIONAL WEATHER SERVICE WILMINGTON OH
1248 AM EST WED JAN 17 2018


...................................

...THE COLUMBUS OH CLIMATE SUMMARY FOR JANUARY 16 2018...

CLIMATE NORMAL PERIOD 1981 TO 2010
CLIMATE RECORD PERIOD 1869 TO 2018


WEATHER ITEM   OBSERVED TIME   RECORD YEAR NORMAL DEPARTURE LAST
                VALUE   (LST)  VALUE       VALUE  FROM      YEAR
                                                  NORMAL
..................................................................
TEMPERATURE (F)
 YESTERDAY
  MAXIMUM         27    149 AM  60    1949  36     -9       47
  MINIMUM          6   1030 AM -13    1977  22    -16       32
  AVERAGE         17                        29    -12       40

PRECIPITATION (IN)
  YESTERDAY        0.03          1.29 1885   0.09  -0.06     0.08
  MONTH TO DATE    1.47                      1.46   0.01     1.72
  SINCE DEC 1      3.23                      4.43  -1.20     4.81
  SINCE JAN 1      1.47                      1.46   0.01     1.72

SNOWFALL (IN)
  YESTERDAY        0.7           4.8  1936   0.3    0.4      0.0
  MONTH TO DATE    9.9                       4.7    5.2      0.9
  SINCE DEC 1     18.0                       9.7    8.3      6.3
  SINCE JUL 1     18.0                      10.8    7.2      6.3
  SNOW DEPTH       5

DEGREE DAYS
 HEATING
  YESTERDAY       48                        36     12       25
  MONTH TO DATE  706                       569    137      507
  SINCE DEC 1   1748                      1546    202     1508
  SINCE JUL 1   2667                      2560    107     2274

 COOLING
  YESTERDAY        0                         0      0        0
  MONTH TO DATE    0                         0      0        0
  SINCE DEC 1      0                         0      0        0
  SINCE JAN 1      0                         0      0        0
..................................................................


WIND (MPH)
  RESULTANT WIND SPEED   7   RESULTANT WIND DIRECTION   W (270)
  HIGHEST WIND SPEED    24   HIGHEST WIND DIRECTION     W (280)
  HIGHEST GUST SPEED    28   HIGHEST GUST DIRECTION     W (290)
  AVERAGE WIND SPEED     9.1


SKY COVER
  POSSIBLE SUNSHINE  MM
  AVERAGE SKY COVER 0.9


WEATHER CONDITIONS
 THE FOLLOWING WEATHER WAS RECORDED YESTERDAY.
  LIGHT SNOW
  FOG
  HAZE


RELATIVE HUMIDITY (PERCENT)
 HIGHEST    92          1200 AM
 LOWEST     66           200 PM
 AVERAGE    79

..........................................................


THE COLUMBUS OH CLIMATE NORMALS FOR TODAY
                         NORMAL    RECORD    YEAR
 MAXIMUM TEMPERATURE (F)   36        64      2017
 MINIMUM TEMPERATURE (F)   22       -19      1977


SUNRISE AND SUNSET
JANUARY 17 2018.......SUNRISE   751 AM EST   SUNSET   533 PM EST
JANUARY 18 2018.......SUNRISE   750 AM EST   SUNSET   534 PM EST


-  INDICATES NEGATIVE NUMBERS.
R  INDICATES RECORD WAS SET OR TIED.
MM INDICATES DATA IS MISSING.
T  INDICATES TRACE AMOUNT.




$$
