000
CDUS41 KILN 250547
CLICMH


CLIMATE REPORT
NATIONAL WEATHER SERVICE WILMINGTON OH
1246 AM EST THU DEC 25 2014


...................................

...THE COLUMBUS OH CLIMATE SUMMARY FOR DECEMBER 24 2014...

CLIMATE NORMAL PERIOD 1981 TO 2010
CLIMATE RECORD PERIOD 1869 TO 2014


WEATHER ITEM   OBSERVED TIME   RECORD YEAR NORMAL DEPARTURE LAST
                VALUE   (LST)  VALUE       VALUE  FROM      YEAR
                                                  NORMAL
..................................................................
TEMPERATURE (F)
 YESTERDAY
  MAXIMUM         59    504 PM  66    1889  38     21       29
  MINIMUM         39   1159 PM -12    1983  25     14       13
  AVERAGE         49                        31     18       21

PRECIPITATION (IN)
  YESTERDAY        0.07          1.63 2008   0.10  -0.03     0.02
  MONTH TO DATE    2.23                      2.30  -0.07     3.96
  SINCE DEC 1      2.23                      2.30  -0.07     3.96
  SINCE JAN 1     37.62                     38.64  -1.02    41.21

SNOWFALL (IN)
  YESTERDAY        0.0           2.7  1980   0.2   -0.2      0.5
  MONTH TO DATE    T                         3.5   -3.5     12.5
  SINCE DEC 1      T                         3.5   -3.5     12.5
  SINCE JUL 1      4.1                       4.6   -0.5     17.2
  SNOW DEPTH       0

DEGREE DAYS
 HEATING
  YESTERDAY       16                        34    -18       44
  MONTH TO DATE  673                       736    -63      712
  SINCE DEC 1    673                       736    -63      712
  SINCE JUL 1   1858                      1750    108     1774

 COOLING
  YESTERDAY        0                         0      0        0
  MONTH TO DATE    0                         0      0        0
  SINCE DEC 1      0                         0      0        0
  SINCE JAN 1   1163                      1024    139     1179
..................................................................


WIND (MPH)
  RESULTANT WIND SPEED   6   RESULTANT WIND DIRECTION   S (190)
  HIGHEST WIND SPEED    36   HIGHEST WIND DIRECTION    SW (230)
  HIGHEST GUST SPEED    43   HIGHEST GUST DIRECTION    SW (230)
  AVERAGE WIND SPEED    11.5


SKY COVER
  POSSIBLE SUNSHINE  MM
  AVERAGE SKY COVER 0.9


WEATHER CONDITIONS
 THE FOLLOWING WEATHER WAS RECORDED YESTERDAY.
  LIGHT RAIN
  FOG
  HAZE


RELATIVE HUMIDITY (PERCENT)
 HIGHEST   100           200 AM
 LOWEST     77           600 PM
 AVERAGE    89

..........................................................


THE COLUMBUS OH CLIMATE NORMALS FOR TODAY
                         NORMAL    RECORD    YEAR
 MAXIMUM TEMPERATURE (F)   38        64      1893
 MINIMUM TEMPERATURE (F)   25       -12      1983


SUNRISE AND SUNSET
DECEMBER 25 2014......SUNRISE   752 AM EST   SUNSET   512 PM EST
DECEMBER 26 2014......SUNRISE   752 AM EST   SUNSET   512 PM EST


-  INDICATES NEGATIVE NUMBERS.
R  INDICATES RECORD WAS SET OR TIED.
MM INDICATES DATA IS MISSING.
T  INDICATES TRACE AMOUNT.




$$
