000
CDUS41 KILN 210610
CLICMH


CLIMATE REPORT
NATIONAL WEATHER SERVICE WILMINGTON OH
208 AM EDT THU AUG 21 2014


...................................

...THE COLUMBUS OH CLIMATE SUMMARY FOR AUGUST 20 2014...

CLIMATE NORMAL PERIOD 1981 TO 2010
CLIMATE RECORD PERIOD 1869 TO 2014


WEATHER ITEM   OBSERVED TIME   RECORD YEAR NORMAL DEPARTURE LAST
                VALUE   (LST)  VALUE       VALUE  FROM      YEAR
                                                  NORMAL
..................................................................
TEMPERATURE (F)
 YESTERDAY
  MAXIMUM         90    419 PM 101    1983  84      6       86
  MINIMUM         70    731 AM  50    1977  64      6       62
                                      1949
  AVERAGE         80                        74      6       74

PRECIPITATION (IN)
  YESTERDAY        0.08          2.37 2007   0.10  -0.02     0.00
  MONTH TO DATE    1.68                      2.15  -0.47     1.71
  SINCE JUN 1     10.44                     10.95  -0.51    13.04
  SINCE JAN 1     27.29                     26.52   0.77    25.51

SNOWFALL (IN)
  YESTERDAY        0.0           0.0    MM   0.0    0.0      0.0
  MONTH TO DATE    0.0                       0.0    0.0      0.0
  SINCE JUN 1      0.0                       0.0    0.0      0.0
  SINCE JUL 1      0.0                       0.0    0.0      0.0
  SNOW DEPTH       0

DEGREE DAYS
 HEATING
  YESTERDAY        0                         0      0        0
  MONTH TO DATE    0                         0      0        4
  SINCE JUN 1      1                        19    -18       10
  SINCE JUL 1      0                         0      0        4

 COOLING
  YESTERDAY       15                         9      6        9
  MONTH TO DATE  186                       191     -5      143
  SINCE JUN 1    726                       717      9      701
  SINCE JAN 1    881                       799     82      862
..................................................................


WIND (MPH)
  RESULTANT WIND SPEED   6   RESULTANT WIND DIRECTION  SW (210)
  HIGHEST WIND SPEED    21   HIGHEST WIND DIRECTION     W (290)
  HIGHEST GUST SPEED    32   HIGHEST GUST DIRECTION    SE (140)
  AVERAGE WIND SPEED     7.9


SKY COVER
  POSSIBLE SUNSHINE  MM
  AVERAGE SKY COVER 0.6


WEATHER CONDITIONS
 THE FOLLOWING WEATHER WAS RECORDED YESTERDAY.
  RAIN
  LIGHT RAIN
  FOG


RELATIVE HUMIDITY (PERCENT)
 HIGHEST    84           600 AM
 LOWEST     41           300 PM
 AVERAGE    63

..........................................................


THE COLUMBUS OH CLIMATE NORMALS FOR TODAY
                         NORMAL    RECORD    YEAR
 MAXIMUM TEMPERATURE (F)   84        99      1936
 MINIMUM TEMPERATURE (F)   64        44      1950


SUNRISE AND SUNSET
AUGUST 21 2014........SUNRISE   649 AM EDT   SUNSET   820 PM EDT
AUGUST 22 2014........SUNRISE   650 AM EDT   SUNSET   818 PM EDT


-  INDICATES NEGATIVE NUMBERS.
R  INDICATES RECORD WAS SET OR TIED.
MM INDICATES DATA IS MISSING.
T  INDICATES TRACE AMOUNT.




$$
