488
CDUS43 KILX 260634
CLICMI


CLIMATE REPORT
NATIONAL WEATHER SERVICE LINCOLN IL
1234 AM CST SUN FEB 26 2017


...................................

...THE CHAMPAIGN IL AIRPORT CLIMATE SUMMARY FOR FEBRUARY 25 2017...

CLIMATE NORMAL PERIOD 1981 TO 2010
CLIMATE RECORD PERIOD 9999 TO 9999


WEATHER ITEM   OBSERVED TIME   RECORD YEAR NORMAL DEPARTURE LAST
                VALUE   (LST)  VALUE       VALUE  FROM      YEAR
                                                  NORMAL
..................................................................
TEMPERATURE (F)
 YESTERDAY
  MAXIMUM         39   1203 AM  MM      MM  41     -2       36
  MINIMUM         19   1159 PM  MM      MM  25     -6       31
  AVERAGE         29                        33     -4       34

PRECIPITATION (IN)
  YESTERDAY        0.01         MM      MM   0.07  -0.06      T
  MONTH TO DATE    0.23                      1.81  -1.58     0.80
  SINCE DEC 1      3.82                      6.38  -2.56     8.31
  SINCE JAN 1      2.67                      3.86  -1.19     1.64

DEGREE DAYS
 HEATING
  YESTERDAY       36                        32      4       31
  MONTH TO DATE  612                       900   -288      823
  SINCE DEC 1   2724                      3246   -522     2726
  SINCE JUL 1   3457                      4410   -953     3593

 COOLING
  YESTERDAY        0                         0      0        0
  MONTH TO DATE    0                         0      0        0
  SINCE DEC 1      0                         0      0        0
  SINCE JAN 1      0                         0      0        0
..................................................................


WIND (MPH)
  HIGHEST WIND SPEED    32   HIGHEST WIND DIRECTION     W (270)
  HIGHEST GUST SPEED    40   HIGHEST GUST DIRECTION     W (270)
  AVERAGE WIND SPEED    20.0


SKY COVER
  POSSIBLE SUNSHINE  MM
  AVERAGE SKY COVER 0.6


WEATHER CONDITIONS
 THE FOLLOWING WEATHER WAS RECORDED YESTERDAY.
  LT FREEZING RAIN
  LIGHT SNOW
  FOG


RELATIVE HUMIDITY (PERCENT)
 HIGHEST    92           300 AM
 LOWEST     40           300 PM
 AVERAGE    66

..........................................................


THE CHAMPAIGN IL AIRPORT CLIMATE NORMALS FOR TODAY
                         NORMAL    RECORD    YEAR
 MAXIMUM TEMPERATURE (F)   42        MM        MM
 MINIMUM TEMPERATURE (F)   25        MM        MM


SUNRISE AND SUNSET
FEBRUARY 26 2017......SUNRISE   631 AM CST   SUNSET   542 PM CST
FEBRUARY 27 2017......SUNRISE   629 AM CST   SUNSET   543 PM CST


-  INDICATES NEGATIVE NUMBERS.
R  INDICATES RECORD WAS SET OR TIED.
MM INDICATES DATA IS MISSING.
T  INDICATES TRACE AMOUNT.




$$
