000
CDUS43 KILX 310642
CLICMI


CLIMATE REPORT
NATIONAL WEATHER SERVICE LINCOLN IL
130 AM CDT THU JUL 31 2014


...................................

...THE CHAMPAIGN IL AIRPORT CLIMATE SUMMARY FOR JULY 30 2014...

CLIMATE NORMAL PERIOD 1981 TO 2010
CLIMATE RECORD PERIOD 9999 TO 9999


WEATHER ITEM   OBSERVED TIME   RECORD YEAR NORMAL DEPARTURE LAST
                VALUE   (LST)  VALUE       VALUE  FROM      YEAR
                                                  NORMAL
..................................................................
TEMPERATURE (F)
 YESTERDAY
  MAXIMUM         80    236 PM  MM      MM  83     -3       70
  MINIMUM         56    506 AM  MM      MM  63     -7       63
  AVERAGE         68                        73     -5       67

PRECIPITATION (IN)
  YESTERDAY        0.00         MM      MM   0.11  -0.11     0.27
  MONTH TO DATE    5.98                      4.22   1.76     5.01
  SINCE JUN 1     12.32                      8.39   3.93     8.26
  SINCE JAN 1     26.86                     23.55   3.31    23.94

DEGREE DAYS
 HEATING
  YESTERDAY        0                         0      0        0
  MONTH TO DATE    7                         0      7        8
  SINCE JUN 1      7                        17    -10       21
  SINCE JUL 1      7                         0      7        8

 COOLING
  YESTERDAY        3                         8     -5        2
  MONTH TO DATE  155                       275   -120      244
  SINCE JUN 1    436                       498    -62      463
  SINCE JAN 1    588                       590     -2      595
..................................................................


WIND (MPH)
  HIGHEST WIND SPEED    14   HIGHEST WIND DIRECTION     W (280)
  HIGHEST GUST SPEED    19   HIGHEST GUST DIRECTION     W (270)
  AVERAGE WIND SPEED     7.2


SKY COVER
  POSSIBLE SUNSHINE  MM
  AVERAGE SKY COVER 0.1


WEATHER CONDITIONS
 THE FOLLOWING WEATHER WAS RECORDED YESTERDAY.
  NO SIGNIFICANT WEATHER WAS OBSERVED.


RELATIVE HUMIDITY (PERCENT)
 HIGHEST   100           400 AM
 LOWEST     54           100 PM
 AVERAGE    77

..........................................................


THE CHAMPAIGN IL AIRPORT CLIMATE NORMALS FOR TODAY
                         NORMAL    RECORD    YEAR
 MAXIMUM TEMPERATURE (F)   83        MM        MM
 MINIMUM TEMPERATURE (F)   63        MM        MM


SUNRISE AND SUNSET
JULY 31 2014..........SUNRISE   551 AM CDT   SUNSET   808 PM CDT
AUGUST  1 2014........SUNRISE   551 AM CDT   SUNSET   807 PM CDT


-  INDICATES NEGATIVE NUMBERS.
R  INDICATES RECORD WAS SET OR TIED.
MM INDICATES DATA IS MISSING.
T  INDICATES TRACE AMOUNT.




$$
