000
CDUS43 KILX 302142
CLICMI


CLIMATE REPORT
NATIONAL WEATHER SERVICE LINCOLN IL
432 PM CDT SAT MAY 30 2015


...................................

...THE CHAMPAIGN IL AIRPORT CLIMATE SUMMARY FOR MAY 30 2015...
VALID TODAY AS OF 0400 PM LOCAL TIME.

CLIMATE NORMAL PERIOD 1981 TO 2010
CLIMATE RECORD PERIOD 9999 TO 9999


WEATHER ITEM   OBSERVED TIME   RECORD YEAR NORMAL DEPARTURE LAST
                VALUE   (LST)  VALUE       VALUE  FROM      YEAR
                                                  NORMAL
..................................................................
TEMPERATURE (F)
 TODAY
  MAXIMUM         77   1129 AM  MM      MM  80     -3       87
  MINIMUM         67    733 AM  MM      MM  56     11       64
  AVERAGE         72                        68      4       76

PRECIPITATION (IN)
  TODAY            1.25         MM      MM   0.14   1.11     0.00
  MONTH TO DATE    4.25                      4.41  -0.16     6.64
  SINCE MAR 1      8.40                     10.95  -2.55    11.79
  SINCE JAN 1     10.07                     15.02  -4.95    14.54

DEGREE DAYS
 HEATING
  TODAY            0                         2     -2        0
  MONTH TO DATE   77                       139    -62      134
  SINCE MAR 1   1278                      1301    -23     1405
  SINCE JUL 1   6154                      5803    351     6486

 COOLING
  TODAY            7                         5      2       11
  MONTH TO DATE  158                        77     81      137
  SINCE MAR 1    161                        88     73      140
  SINCE JAN 1    161                        88     73      140
..................................................................


WIND (MPH)
  HIGHEST WIND SPEED    15   HIGHEST WIND DIRECTION     E (80)
  HIGHEST GUST SPEED    17   HIGHEST GUST DIRECTION     E (80)
  AVERAGE WIND SPEED     4.9


SKY COVER
  POSSIBLE SUNSHINE  MM
  AVERAGE SKY COVER 0.9


WEATHER CONDITIONS
 THE FOLLOWING WEATHER WAS RECORDED TODAY.
  THUNDERSTORM
  HEAVY RAIN
  RAIN
  LIGHT RAIN
  FOG


RELATIVE HUMIDITY (PERCENT)
 HIGHEST    97           200 PM
 LOWEST     84           100 AM
 AVERAGE    91

..........................................................


THE CHAMPAIGN IL AIRPORT CLIMATE NORMALS FOR TOMORROW
                         NORMAL    RECORD    YEAR
 MAXIMUM TEMPERATURE (F)   80        MM        MM
 MINIMUM TEMPERATURE (F)   56        MM        MM


SUNRISE AND SUNSET
MAY 30 2015...........SUNRISE   527 AM CDT   SUNSET   814 PM CDT
MAY 31 2015...........SUNRISE   527 AM CDT   SUNSET   815 PM CDT


-  INDICATES NEGATIVE NUMBERS.
R  INDICATES RECORD WAS SET OR TIED.
MM INDICATES DATA IS MISSING.
T  INDICATES TRACE AMOUNT.




$$
