000
CDUS43 KILX 252202
CLICMI


CLIMATE REPORT
NATIONAL WEATHER SERVICE LINCOLN IL
451 PM CDT WED MAY 25 2016


...................................

...THE CHAMPAIGN IL AIRPORT CLIMATE SUMMARY FOR MAY 25 2016...
VALID TODAY AS OF 0400 PM LOCAL TIME.

CLIMATE NORMAL PERIOD 1981 TO 2010
CLIMATE RECORD PERIOD 9999 TO 9999


WEATHER ITEM   OBSERVED TIME   RECORD YEAR NORMAL DEPARTURE LAST
                VALUE   (LST)  VALUE       VALUE  FROM      YEAR
                                                  NORMAL
..................................................................
TEMPERATURE (F)
 TODAY
  MAXIMUM         88   1220 PM  MM      MM  78     10       85
  MINIMUM         61    445 AM  MM      MM  54      7       68
  AVERAGE         75                        66      9       77

PRECIPITATION (IN)
  TODAY            0.00         MM      MM   0.14  -0.14     0.01
  MONTH TO DATE    1.78                      3.73  -1.95     2.80
  SINCE MAR 1      8.10                     10.27  -2.17     6.95
  SINCE JAN 1      9.76                     14.34  -4.58     8.62

DEGREE DAYS
 HEATING
  TODAY            0                         3     -3        0
  MONTH TO DATE  153                       129     24       77
  SINCE MAR 1   1072                      1291   -219     1278
  SINCE JUL 1   4759                      5793  -1034     6154

 COOLING
  TODAY           10                         4      6       12
  MONTH TO DATE   28                        56    -28      119
  SINCE MAR 1     42                        67    -25      122
  SINCE JAN 1     42                        67    -25      122
..................................................................


WIND (MPH)
  HIGHEST WIND SPEED    29   HIGHEST WIND DIRECTION     S (200)
  HIGHEST GUST SPEED    38   HIGHEST GUST DIRECTION     S (190)
  AVERAGE WIND SPEED    12.2


SKY COVER
  POSSIBLE SUNSHINE  MM
  AVERAGE SKY COVER 0.1


WEATHER CONDITIONS
 THE FOLLOWING WEATHER WAS RECORDED TODAY.
  NO SIGNIFICANT WEATHER WAS OBSERVED.


RELATIVE HUMIDITY (PERCENT)
 HIGHEST    90           500 AM
 LOWEST     43          1200 PM
 AVERAGE    67

..........................................................


THE CHAMPAIGN IL AIRPORT CLIMATE NORMALS FOR TOMORROW
                         NORMAL    RECORD    YEAR
 MAXIMUM TEMPERATURE (F)   79        MM        MM
 MINIMUM TEMPERATURE (F)   55        MM        MM


SUNRISE AND SUNSET
MAY 25 2016...........SUNRISE   530 AM CDT   SUNSET   811 PM CDT
MAY 26 2016...........SUNRISE   529 AM CDT   SUNSET   812 PM CDT


-  INDICATES NEGATIVE NUMBERS.
R  INDICATES RECORD WAS SET OR TIED.
MM INDICATES DATA IS MISSING.
T  INDICATES TRACE AMOUNT.




$$
