000
CDUS43 KILX 302206
CLICMI


CLIMATE REPORT
NATIONAL WEATHER SERVICE LINCOLN IL
506 PM CDT SUN AUG 30 2015


...................................

...THE CHAMPAIGN IL AIRPORT CLIMATE SUMMARY FOR AUGUST 30 2015...
VALID TODAY AS OF 0400 PM LOCAL TIME.

CLIMATE NORMAL PERIOD 1981 TO 2010
CLIMATE RECORD PERIOD 9999 TO 9999


WEATHER ITEM   OBSERVED TIME   RECORD YEAR NORMAL DEPARTURE LAST
                VALUE   (LST)  VALUE       VALUE  FROM      YEAR
                                                  NORMAL
..................................................................
TEMPERATURE (F)
 TODAY
  MAXIMUM         86    245 PM  MM      MM  82      4       82
  MINIMUM         63    549 AM  MM      MM  59      4       71
  AVERAGE         75                        71      4       77

PRECIPITATION (IN)
  TODAY            T            MM      MM   0.14  -0.14     0.01
  MONTH TO DATE    2.65                      3.47  -0.82     1.71
  SINCE JUN 1     13.79                     11.98   1.81    14.03
  SINCE JAN 1     25.20                     27.14  -1.94    28.57

DEGREE DAYS
 HEATING
  TODAY            0                         0      0        0
  MONTH TO DATE    5                         0      5        2
  SINCE JUN 1     12                        19     -7        9
  SINCE JUL 1      6                         2      4        9

 COOLING
  TODAY           10                         6      4       12
  MONTH TO DATE  202                       224    -22      251
  SINCE JUN 1    699                       729    -30      691
  SINCE JAN 1    853                       821     32      843
..................................................................


WIND (MPH)
  HIGHEST WIND SPEED     9   HIGHEST WIND DIRECTION    SW (230)
  HIGHEST GUST SPEED    12   HIGHEST GUST DIRECTION    SW (230)
  AVERAGE WIND SPEED     2.8


SKY COVER
  POSSIBLE SUNSHINE  MM
  AVERAGE SKY COVER 0.7


WEATHER CONDITIONS
 THE FOLLOWING WEATHER WAS RECORDED TODAY.
  LIGHT RAIN
  FOG
  HAZE


RELATIVE HUMIDITY (PERCENT)
 HIGHEST    93          1200 AM
 LOWEST     48           200 PM
 AVERAGE    71

..........................................................


THE CHAMPAIGN IL AIRPORT CLIMATE NORMALS FOR TOMORROW
                         NORMAL    RECORD    YEAR
 MAXIMUM TEMPERATURE (F)   82        MM        MM
 MINIMUM TEMPERATURE (F)   59        MM        MM


SUNRISE AND SUNSET
AUGUST 30 2015........SUNRISE   619 AM CDT   SUNSET   728 PM CDT
AUGUST 31 2015........SUNRISE   620 AM CDT   SUNSET   727 PM CDT


-  INDICATES NEGATIVE NUMBERS.
R  INDICATES RECORD WAS SET OR TIED.
MM INDICATES DATA IS MISSING.
T  INDICATES TRACE AMOUNT.




$$
