264
CDUS43 KILX 212154
CLICMI


CLIMATE REPORT
NATIONAL WEATHER SERVICE LINCOLN IL
453 PM CDT MON AUG 21 2017


...................................

...THE CHAMPAIGN IL AIRPORT CLIMATE SUMMARY FOR AUGUST 21 2017...
VALID TODAY AS OF 0400 PM LOCAL TIME.

CLIMATE NORMAL PERIOD 1981 TO 2010
CLIMATE RECORD PERIOD 9999 TO 9999


WEATHER ITEM   OBSERVED TIME   RECORD YEAR NORMAL DEPARTURE LAST
                VALUE   (LST)  VALUE       VALUE  FROM      YEAR
                                                  NORMAL
..................................................................
TEMPERATURE (F)
 TODAY
  MAXIMUM         88    259 PM  MM      MM  83      5       75
  MINIMUM         71    517 AM  MM      MM  61     10       57
  AVERAGE         80                        72      8       66

PRECIPITATION (IN)
  TODAY            0.00         MM      MM   0.14  -0.14     0.00
  MONTH TO DATE    0.15                      2.21  -2.06     3.24
  SINCE JUN 1      4.95                     10.72  -5.77    13.24
  SINCE JAN 1     21.07                     25.88  -4.81    23.75

DEGREE DAYS
 HEATING
  TODAY            0                         0      0        0
  MONTH TO DATE    4                         0      4        0
  SINCE JUN 1      7                        19    -12       10
  SINCE JUL 1      4                         2      2        8

 COOLING
  TODAY           15                         7      8        1
  MONTH TO DATE  141                       164    -23      222
  SINCE JUN 1    751                       669     82      820
  SINCE JAN 1    850                       761     89      920
..................................................................


WIND (MPH)
  HIGHEST WIND SPEED    16   HIGHEST WIND DIRECTION    NW (320)
  HIGHEST GUST SPEED    22   HIGHEST GUST DIRECTION     W (290)
  AVERAGE WIND SPEED     7.6


SKY COVER
  POSSIBLE SUNSHINE  MM
  AVERAGE SKY COVER 0.1


WEATHER CONDITIONS
 THE FOLLOWING WEATHER WAS RECORDED TODAY.
  FOG


RELATIVE HUMIDITY (PERCENT)
 HIGHEST    93          1200 AM
 LOWEST     50           300 PM
 AVERAGE    72

..........................................................


THE CHAMPAIGN IL AIRPORT CLIMATE NORMALS FOR TOMORROW
                         NORMAL    RECORD    YEAR
 MAXIMUM TEMPERATURE (F)   83        MM        MM
 MINIMUM TEMPERATURE (F)   61        MM        MM


SUNRISE AND SUNSET
AUGUST 21 2017........SUNRISE   611 AM CDT   SUNSET   741 PM CDT
AUGUST 22 2017........SUNRISE   612 AM CDT   SUNSET   740 PM CDT


-  INDICATES NEGATIVE NUMBERS.
R  INDICATES RECORD WAS SET OR TIED.
MM INDICATES DATA IS MISSING.
T  INDICATES TRACE AMOUNT.




$$
