201
CDUS43 KILX 290630
CLICMI


CLIMATE REPORT
NATIONAL WEATHER SERVICE LINCOLN IL
130 AM CDT FRI APR 29 2016


...................................

...THE CHAMPAIGN IL AIRPORT CLIMATE SUMMARY FOR APRIL 28 2016...

CLIMATE NORMAL PERIOD 1981 TO 2010
CLIMATE RECORD PERIOD 9999 TO 9999


WEATHER ITEM   OBSERVED TIME   RECORD YEAR NORMAL DEPARTURE LAST
                VALUE   (LST)  VALUE       VALUE  FROM      YEAR
                                                  NORMAL
..................................................................
TEMPERATURE (F)
 YESTERDAY
  MAXIMUM         71    217 PM  MM      MM  69      2       67
  MINIMUM         49   1159 PM  MM      MM  44      5       36
  AVERAGE         60                        56      4       52

PRECIPITATION (IN)
  YESTERDAY        0.56         MM      MM   0.15   0.41     0.00
  MONTH TO DATE    2.57                      3.46  -0.89     3.01
  SINCE MAR 1      5.62                      6.21  -0.59     4.11
  SINCE JAN 1      7.28                     10.28  -3.00     5.78

DEGREE DAYS
 HEATING
  YESTERDAY        5                         9     -4       13
  MONTH TO DATE  361                       391    -30      306
  SINCE MAR 1    896                      1147   -251     1174
  SINCE JUL 1   4583                      5649  -1066     6050

 COOLING
  YESTERDAY        0                         1     -1        0
  MONTH TO DATE   14                         2     12        3
  SINCE MAR 1     14                         3     11        3
  SINCE JAN 1     14                         3     11        3
..................................................................


WIND (MPH)
  HIGHEST WIND SPEED    28   HIGHEST WIND DIRECTION     W (290)
  HIGHEST GUST SPEED    33   HIGHEST GUST DIRECTION     W (280)
  AVERAGE WIND SPEED     9.0


SKY COVER
  POSSIBLE SUNSHINE  MM
  AVERAGE SKY COVER 0.6


WEATHER CONDITIONS
 THE FOLLOWING WEATHER WAS RECORDED YESTERDAY.
  THUNDERSTORM
  HEAVY RAIN
  LIGHT RAIN
  FOG


RELATIVE HUMIDITY (PERCENT)
 HIGHEST   100           500 AM
 LOWEST     53           200 PM
 AVERAGE    77

..........................................................


THE CHAMPAIGN IL AIRPORT CLIMATE NORMALS FOR TODAY
                         NORMAL    RECORD    YEAR
 MAXIMUM TEMPERATURE (F)   69        MM        MM
 MINIMUM TEMPERATURE (F)   45        MM        MM


SUNRISE AND SUNSET
APRIL 29 2016.........SUNRISE   555 AM CDT   SUNSET   746 PM CDT
APRIL 30 2016.........SUNRISE   554 AM CDT   SUNSET   747 PM CDT


-  INDICATES NEGATIVE NUMBERS.
R  INDICATES RECORD WAS SET OR TIED.
MM INDICATES DATA IS MISSING.
T  INDICATES TRACE AMOUNT.




$$
