000
CDUS43 KILX 290632
CLICMI


CLIMATE REPORT
NATIONAL WEATHER SERVICE LINCOLN IL
131 AM CDT SUN MAR 29 2015


...................................

...THE CHAMPAIGN IL AIRPORT CLIMATE SUMMARY FOR MARCH 28 2015...

CLIMATE NORMAL PERIOD 1981 TO 2010
CLIMATE RECORD PERIOD 9999 TO 9999


WEATHER ITEM   OBSERVED TIME   RECORD YEAR NORMAL DEPARTURE LAST
                VALUE   (LST)  VALUE       VALUE  FROM      YEAR
                                                  NORMAL
..................................................................
TEMPERATURE (F)
 YESTERDAY
  MAXIMUM         41    415 PM  MM      MM  57    -16       55
  MINIMUM         16    603 AM  MM      MM  34    -18       40
  AVERAGE         29                        45    -16       48

PRECIPITATION (IN)
  YESTERDAY        0.00         MM      MM   0.10  -0.10      T
  MONTH TO DATE    1.03                      2.42  -1.39     1.37
  SINCE MAR 1      1.03                      2.42  -1.39     1.37
  SINCE JAN 1      2.70                      6.49  -3.79     4.12

DEGREE DAYS
 HEATING
  YESTERDAY       36                        20     16       17
  MONTH TO DATE  812                       698    114      857
  SINCE MAR 1    812                       698    114      857
  SINCE JUL 1   5688                      5200    488     5938

 COOLING
  YESTERDAY        0                         0      0        0
  MONTH TO DATE    0                         0      0        0
  SINCE MAR 1      0                         0      0        0
  SINCE JAN 1      0                         0      0        0
..................................................................


WIND (MPH)
  HIGHEST WIND SPEED    13   HIGHEST WIND DIRECTION     E (70)
  HIGHEST GUST SPEED    16   HIGHEST GUST DIRECTION    NE (40)
  AVERAGE WIND SPEED     5.2


SKY COVER
  POSSIBLE SUNSHINE  MM
  AVERAGE SKY COVER 0.0


WEATHER CONDITIONS
 THE FOLLOWING WEATHER WAS RECORDED YESTERDAY.
  NO SIGNIFICANT WEATHER WAS OBSERVED.


RELATIVE HUMIDITY (PERCENT)
 HIGHEST    88           600 AM
 LOWEST     30           400 PM
 AVERAGE    59

..........................................................


THE CHAMPAIGN IL AIRPORT CLIMATE NORMALS FOR TODAY
                         NORMAL    RECORD    YEAR
 MAXIMUM TEMPERATURE (F)   57        MM        MM
 MINIMUM TEMPERATURE (F)   34        MM        MM


SUNRISE AND SUNSET
MARCH 29 2015.........SUNRISE   642 AM CDT   SUNSET   714 PM CDT
MARCH 30 2015.........SUNRISE   641 AM CDT   SUNSET   715 PM CDT


-  INDICATES NEGATIVE NUMBERS.
R  INDICATES RECORD WAS SET OR TIED.
MM INDICATES DATA IS MISSING.
T  INDICATES TRACE AMOUNT.




$$
