000
CDUS43 KTOP 270644
CLICNK


CLIMATE REPORT
NATIONAL WEATHER SERVICE TOPEKA KS
143 AM CDT FRI MAY 27 2016


...................................

...THE CONCORDIA KS CLIMATE SUMMARY FOR MAY 26 2016...

CLIMATE NORMAL PERIOD 1981 TO 2010
CLIMATE RECORD PERIOD 1885 TO 2016


WEATHER ITEM   OBSERVED TIME   RECORD YEAR NORMAL DEPARTURE LAST
                VALUE   (LST)  VALUE       VALUE  FROM      YEAR
                                                  NORMAL
..................................................................
TEMPERATURE (F)
 YESTERDAY
  MAXIMUM         80    212 PM  98    2012  77      3       76
  MINIMUM         56    450 AM  40    1940  55      1       57
  AVERAGE         68                        66      2       67

PRECIPITATION (IN)
  YESTERDAY        1.12          2.66 1996   0.14   0.98     0.01
  MONTH TO DATE    7.82                      3.44   4.38     3.45
  SINCE MAR 1     10.17                      7.90   2.27     5.79
  SINCE JAN 1     11.73                      9.27   2.46     7.31

SNOWFALL (IN)
  YESTERDAY        0.0           T    1955   0.0    0.0      0.0
  MONTH TO DATE    0.0                       0.0    0.0      0.0
  SINCE JAN 1     12.3                      13.7   -1.4      5.6
  SINCE JUL 1     13.6                      20.2   -6.6     11.7
  SNOW DEPTH       0

DEGREE DAYS
 HEATING
  YESTERDAY        0                         2     -2        0
  MONTH TO DATE  139                       121     18      127
  SINCE MAR 1    893                      1178   -285      963
  SINCE JUL 1   4364                      5385  -1021     5170

 COOLING
  YESTERDAY        3                         4     -1        2
  MONTH TO DATE   30                        50    -20       39
  SINCE MAR 1     41                        67    -26       47
  SINCE JAN 1     41                        67    -26       47
..................................................................


WIND (MPH)
  HIGHEST WIND SPEED    29   HIGHEST WIND DIRECTION     S (180)
  HIGHEST GUST SPEED    38   HIGHEST GUST DIRECTION     S (190)
  AVERAGE WIND SPEED     9.7


SKY COVER
  AVERAGE SKY COVER 0.4


WEATHER CONDITIONS
 THE FOLLOWING WEATHER WAS RECORDED YESTERDAY.
  THUNDERSTORM
  HEAVY RAIN
  RAIN
  LIGHT RAIN
  FOG
  HAZE


RELATIVE HUMIDITY (PERCENT)
 HIGHEST    86           300 AM
 LOWEST     72           100 AM
 AVERAGE    79

..........................................................


THE CONCORDIA KS CLIMATE NORMALS FOR TODAY
                         NORMAL    RECORD    YEAR
 MAXIMUM TEMPERATURE (F)   78        95      2006
 MINIMUM TEMPERATURE (F)   56        34      1907


SUNRISE AND SUNSET
MAY 27 2016...........SUNRISE   607 AM CDT   SUNSET   849 PM CDT
MAY 28 2016...........SUNRISE   607 AM CDT   SUNSET   849 PM CDT


-  INDICATES NEGATIVE NUMBERS.
R  INDICATES RECORD WAS SET OR TIED.
MM INDICATES DATA IS MISSING.
T  INDICATES TRACE AMOUNT.




$$
