000
CDUS43 KTOP 230633
CLICNK


CLIMATE REPORT
NATIONAL WEATHER SERVICE TOPEKA KS
1233 AM CST TUE JAN 23 2018


...................................

...THE CONCORDIA KS CLIMATE SUMMARY FOR JANUARY 22 2018...

CLIMATE NORMAL PERIOD 1981 TO 2010
CLIMATE RECORD PERIOD 1885 TO 2018


WEATHER ITEM   OBSERVED TIME   RECORD YEAR NORMAL DEPARTURE LAST
                VALUE   (LST)  VALUE       VALUE  FROM      YEAR
                                                  NORMAL
..................................................................
TEMPERATURE (F)
 YESTERDAY
  MAXIMUM         38    210 AM  64    2002  39     -1       46
  MINIMUM         27   1159 PM -12    1888  19      8       27
                                      1886
  AVERAGE         33                        29      4       37

PRECIPITATION (IN)
  YESTERDAY        0.05          0.60 1982   0.03   0.02     0.00
  MONTH TO DATE    0.42                      0.37   0.05     1.75
  SINCE DEC 1      0.55                      1.22  -0.67     2.68
  SINCE JAN 1      0.42                      0.37   0.05     1.75

SNOWFALL (IN)
  YESTERDAY        0.2           2.0  2012   0.2    0.0      0.0
  MONTH TO DATE    3.6                       3.9   -0.3      1.0
  SINCE JAN 1      3.6                       3.9   -0.3      1.0
  SINCE JUL 1      5.4                      10.4   -5.0      3.2
  SNOW DEPTH       T

DEGREE DAYS
 HEATING
  YESTERDAY       32                        36     -4       28
  MONTH TO DATE  861                       806     55      798
  SINCE DEC 1   1897                      1891      6     1902
  SINCE JUL 1   2834                      2983   -149     2599

 COOLING
  YESTERDAY        0                         0      0        0
  MONTH TO DATE    0                         0      0        0
  SINCE DEC 1      0                         0      0        0
  SINCE JAN 1      0                         0      0        0
..................................................................


WIND (MPH)
  HIGHEST WIND SPEED    35   HIGHEST WIND DIRECTION    NW (330)
  HIGHEST GUST SPEED    50   HIGHEST GUST DIRECTION    NW (330)
  AVERAGE WIND SPEED    18.4


SKY COVER
  AVERAGE SKY COVER 0.9


WEATHER CONDITIONS
 THE FOLLOWING WEATHER WAS RECORDED YESTERDAY.
  LIGHT RAIN
  LIGHT SNOW
  FOG
  FOG W/VISIBILITY <= 1/4 MILE


RELATIVE HUMIDITY (PERCENT)
 HIGHEST   100          1200 AM
 LOWEST     69           700 PM
 AVERAGE    85

..........................................................


THE CONCORDIA KS CLIMATE NORMALS FOR TODAY
                         NORMAL    RECORD    YEAR
 MAXIMUM TEMPERATURE (F)   39        67      1934
 MINIMUM TEMPERATURE (F)   19       -11      1963
                                             1886


SUNRISE AND SUNSET
JANUARY 23 2018.......SUNRISE   745 AM CST   SUNSET   540 PM CST
JANUARY 24 2018.......SUNRISE   744 AM CST   SUNSET   541 PM CST


-  INDICATES NEGATIVE NUMBERS.
R  INDICATES RECORD WAS SET OR TIED.
MM INDICATES DATA IS MISSING.
T  INDICATES TRACE AMOUNT.




$$
