000
CDUS43 KICT 230627
CLICNU


CLIMATE REPORT
NATIONAL WEATHER SERVICE WICHITA KS
127 AM CDT WED JUL 23 2014


...................................

...THE CHANUTE KS CLIMATE SUMMARY FOR JULY 22 2014...

CLIMATE NORMAL PERIOD 1981 TO 2010
CLIMATE RECORD PERIOD 1894 TO 2014


WEATHER ITEM   OBSERVED TIME   RECORD YEAR NORMAL DEPARTURE LAST
                VALUE   (LST)  VALUE       VALUE  FROM      YEAR
                                                  NORMAL
..................................................................
TEMPERATURE (F)
 YESTERDAY
  MAXIMUM         97    431 PM 109    1954  90      7       91
  MINIMUM         73    558 AM  51    1970  70      3       73
  AVERAGE         85                        80      5       82

PRECIPITATION (IN)
  YESTERDAY        0.00          3.20 1957   0.13  -0.13     0.03
  MONTH TO DATE    0.86                      3.28  -2.42     0.91
  SINCE JUN 1      8.91                      9.31  -0.40     5.03
  SINCE JAN 1     18.37                     25.71  -7.34    23.59

DEGREE DAYS
 HEATING
  YESTERDAY        0                         0      0        0
  MONTH TO DATE    1                         0      1        0
  SINCE JUN 1      1                         6     -5       10
  SINCE JUL 1      1                         0      1        0

 COOLING
  YESTERDAY       20                        15      5       17
  MONTH TO DATE  213                       317   -104      328
  SINCE JUN 1    511                       609    -98      642
  SINCE JAN 1    703                       742    -39      765
..................................................................


WIND (MPH)
  HIGHEST WIND SPEED    17   HIGHEST WIND DIRECTION    SW (220)
  HIGHEST GUST SPEED    24   HIGHEST GUST DIRECTION     S (180)
  AVERAGE WIND SPEED     8.1


SKY COVER
  POSSIBLE SUNSHINE  MM
  AVERAGE SKY COVER 0.0


WEATHER CONDITIONS
 THE FOLLOWING WEATHER WAS RECORDED YESTERDAY.
  FOG
  HAZE


RELATIVE HUMIDITY (PERCENT)
 HIGHEST    93           500 AM
 LOWEST     48           300 PM
 AVERAGE    71

..........................................................


THE CHANUTE KS CLIMATE NORMALS FOR TODAY
                         NORMAL    RECORD    YEAR
 MAXIMUM TEMPERATURE (F)   90       110      1936
 MINIMUM TEMPERATURE (F)   69        53      1947


SUNRISE AND SUNSET
JULY 23 2014..........SUNRISE   618 AM CDT   SUNSET   838 PM CDT
JULY 24 2014..........SUNRISE   619 AM CDT   SUNSET   837 PM CDT


-  INDICATES NEGATIVE NUMBERS.
R  INDICATES RECORD WAS SET OR TIED.
MM INDICATES DATA IS MISSING.
T  INDICATES TRACE AMOUNT.




$$
