000
CDUS43 KICT 210641
CLICNU


CLIMATE REPORT
NATIONAL WEATHER SERVICE WICHITA KS
1240 AM CST TUE NOV 21 2017


...................................

...THE CHANUTE KS CLIMATE SUMMARY FOR NOVEMBER 20 2017...

CLIMATE NORMAL PERIOD 1981 TO 2010
CLIMATE RECORD PERIOD 1894 TO 2017


WEATHER ITEM   OBSERVED TIME   RECORD YEAR NORMAL DEPARTURE LAST
                VALUE   (LST)  VALUE       VALUE  FROM      YEAR
                                                  NORMAL
..................................................................
TEMPERATURE (F)
 YESTERDAY
  MAXIMUM         63    309 PM  77    2007  54      9       57
  MINIMUM         38    727 AM  12    1937  34      4       25
  AVERAGE         51                        44      7       41

PRECIPITATION (IN)
  YESTERDAY        0.00          4.07 1979   0.07  -0.07     0.00
  MONTH TO DATE    0.48                      1.73  -1.25     0.30
  SINCE SEP 1      9.10                      9.06   0.04    10.72
  SINCE JAN 1     45.74                     39.55   6.19    35.95

DEGREE DAYS
 HEATING
  YESTERDAY       14                        21     -7       24
  MONTH TO DATE  323                       326     -3      205
  SINCE SEP 1    551                       613    -62      303
  SINCE JUL 1    551                       614    -63      303

 COOLING
  YESTERDAY        0                         0      0        0
  MONTH TO DATE    3                         0      3       20
  SINCE SEP 1    312                       225     87      365
  SINCE JAN 1   1619                      1529     90     1846
..................................................................


WIND (MPH)
  HIGHEST WIND SPEED    30   HIGHEST WIND DIRECTION     S (200)
  HIGHEST GUST SPEED    40   HIGHEST GUST DIRECTION    SW (210)
  AVERAGE WIND SPEED    16.0


SKY COVER
  POSSIBLE SUNSHINE  MM
  AVERAGE SKY COVER 0.0


WEATHER CONDITIONS
 THE FOLLOWING WEATHER WAS RECORDED YESTERDAY.
  NO SIGNIFICANT WEATHER WAS OBSERVED.


RELATIVE HUMIDITY (PERCENT)
 HIGHEST    64           200 AM
 LOWEST     25           300 PM
 AVERAGE    45

..........................................................


THE CHANUTE KS CLIMATE NORMALS FOR TODAY
                         NORMAL    RECORD    YEAR
 MAXIMUM TEMPERATURE (F)   54        75      1966
 MINIMUM TEMPERATURE (F)   33        10      1937


SUNRISE AND SUNSET
NOVEMBER 21 2017......SUNRISE   709 AM CST   SUNSET   507 PM CST
NOVEMBER 22 2017......SUNRISE   710 AM CST   SUNSET   506 PM CST


-  INDICATES NEGATIVE NUMBERS.
R  INDICATES RECORD WAS SET OR TIED.
MM INDICATES DATA IS MISSING.
T  INDICATES TRACE AMOUNT.




$$
