000
CDUS43 KICT 280624
CLICNU


CLIMATE REPORT
NATIONAL WEATHER SERVICE WICHITA KS
124 AM CDT TUE MAR 28 2017


...................................

...THE CHANUTE KS CLIMATE SUMMARY FOR MARCH 27 2017...

CLIMATE NORMAL PERIOD 1981 TO 2010
CLIMATE RECORD PERIOD 1894 TO 2017


WEATHER ITEM   OBSERVED TIME   RECORD YEAR NORMAL DEPARTURE LAST
                VALUE   (LST)  VALUE       VALUE  FROM      YEAR
                                                  NORMAL
..................................................................
TEMPERATURE (F)
 YESTERDAY
  MAXIMUM         56    429 PM  86    1910  62     -6       54
  MINIMUM         48    836 AM  17    1955  39      9       34
  AVERAGE         52                        51      1       44

PRECIPITATION (IN)
  YESTERDAY        0.03          0.97 1975   0.11  -0.08     0.67
  MONTH TO DATE    0.82                      2.59  -1.77     1.31
  SINCE MAR 1      0.82                      2.59  -1.77     1.31
  SINCE JAN 1      2.97                      5.75  -2.78     2.39

DEGREE DAYS
 HEATING
  YESTERDAY       13                        15     -2       21
  MONTH TO DATE  368                       504   -136      355
  SINCE MAR 1    368                       504   -136      355
  SINCE JUL 1   3136                      4076   -940     3320

 COOLING
  YESTERDAY        0                         0      0        0
  MONTH TO DATE   17                         0     17        0
  SINCE MAR 1     17                         0     17        0
  SINCE JAN 1     20                         0     20        0
..................................................................


WIND (MPH)
  HIGHEST WIND SPEED    23   HIGHEST WIND DIRECTION     E (80)
  HIGHEST GUST SPEED    31   HIGHEST GUST DIRECTION     E (80)
  AVERAGE WIND SPEED     8.5


SKY COVER
  POSSIBLE SUNSHINE  MM
  AVERAGE SKY COVER 1.0


WEATHER CONDITIONS
 THE FOLLOWING WEATHER WAS RECORDED YESTERDAY.
  THUNDERSTORM
  RAIN
  LIGHT RAIN
  FOG


RELATIVE HUMIDITY (PERCENT)
 HIGHEST    93           400 AM
 LOWEST     72           300 PM
 AVERAGE    83

..........................................................


THE CHANUTE KS CLIMATE NORMALS FOR TODAY
                         NORMAL    RECORD    YEAR
 MAXIMUM TEMPERATURE (F)   62        86      1963
 MINIMUM TEMPERATURE (F)   40        11      1899


SUNRISE AND SUNSET
MARCH 28 2017.........SUNRISE   713 AM CDT   SUNSET   741 PM CDT
MARCH 29 2017.........SUNRISE   711 AM CDT   SUNSET   742 PM CDT


-  INDICATES NEGATIVE NUMBERS.
R  INDICATES RECORD WAS SET OR TIED.
MM INDICATES DATA IS MISSING.
T  INDICATES TRACE AMOUNT.




$$
