000
CDUS45 KGJT 240729
CLICNY


CLIMATE REPORT
NATIONAL WEATHER SERVICE GRAND JUNCTION CO
124 AM MDT SUN SEP 24 2017


...................................

...THE CANYONLANDS AIRPORT UT CLIMATE SUMMARY FOR SEPTEMBER 23 2017...

CLIMATE NORMAL PERIOD 1981 TO 2010
CLIMATE RECORD PERIOD 9999 TO 9999


WEATHER ITEM   OBSERVED TIME   RECORD YEAR NORMAL DEPARTURE LAST
                VALUE   (LST)  VALUE       VALUE  FROM      YEAR
                                                  NORMAL
..................................................................
TEMPERATURE (F)
 YESTERDAY
  MAXIMUM         70    305 PM  MM      MM  79     -9       64
  MINIMUM         45    745 AM  MM      MM  49     -4       49
  AVERAGE         58                        64     -6       57

PRECIPITATION (IN)
  YESTERDAY        T            MM      MM   0.03  -0.03     0.07
  MONTH TO DATE    0.41                      0.74  -0.33     0.92
  SINCE SEP 1      0.41                      0.74  -0.33     0.92
  SINCE JAN 1      3.24                      6.12  -2.88     5.11

SNOWFALL (IN)
  YESTERDAY       MM            MM      MM  MM     MM       MM
  MONTH TO DATE   MM                        MM     MM       MM
  SINCE SEP 1     MM                        MM     MM       MM
  SINCE JUL 1     MM                        MM     MM       MM
  SNOW DEPTH      MM

DEGREE DAYS
 HEATING
  YESTERDAY        7                         3      4        8
  MONTH TO DATE   17                        28    -11       14
  SINCE SEP 1     17                        28    -11       14
  SINCE JUL 1     17                        29    -12       14

 COOLING
  YESTERDAY        0                         2     -2        0
  MONTH TO DATE  202                       109     93      132
  SINCE SEP 1    202                       109     93      132
  SINCE JAN 1   1729                      1275    454     1608
..................................................................


WIND (MPH)
  HIGHEST WIND SPEED    26   HIGHEST WIND DIRECTION     E (70)
  HIGHEST GUST SPEED    32   HIGHEST GUST DIRECTION    NE (60)
  AVERAGE WIND SPEED    10.1


SKY COVER
  POSSIBLE SUNSHINE  MM
  AVERAGE SKY COVER 0.3


WEATHER CONDITIONS
 THE FOLLOWING WEATHER WAS RECORDED YESTERDAY.
  LIGHT RAIN


RELATIVE HUMIDITY (PERCENT)
 HIGHEST    61          1000 PM
 LOWEST     33          1000 AM
 AVERAGE    47

..........................................................


THE CANYONLANDS AIRPORT UT CLIMATE NORMALS FOR TODAY
                         NORMAL    RECORD    YEAR
 MAXIMUM TEMPERATURE (F)   79        MM        MM
 MINIMUM TEMPERATURE (F)   49        MM        MM


SUNRISE AND SUNSET
SEPTEMBER 24 2017.....SUNRISE   709 AM MDT   SUNSET   712 PM MDT
SEPTEMBER 25 2017.....SUNRISE   710 AM MDT   SUNSET   711 PM MDT


-  INDICATES NEGATIVE NUMBERS.
R  INDICATES RECORD WAS SET OR TIED.
MM INDICATES DATA IS MISSING.
T  INDICATES TRACE AMOUNT.




$$
